000
CDUS42 KILM 240846
CLIFLO


CLIMATE REPORT
NATIONAL WEATHER SERVICE WILMINGTON NC
446 AM EDT SUN JUL 24 2016


...................................

...THE FLORENCE SC CLIMATE SUMMARY FOR JULY 23 2016...

CLIMATE NORMAL PERIOD 1981 TO 2010
CLIMATE RECORD PERIOD 1948 TO 2016


WEATHER ITEM   OBSERVED TIME   RECORD YEAR NORMAL DEPARTURE LAST
                VALUE   (LST)  VALUE       VALUE  FROM      YEAR
                                                  NORMAL
..................................................................
TEMPERATURE (F)
 YESTERDAY
  MAXIMUM         96    408 PM 104    1952  91      5       99
  MINIMUM         77    618 AM  59    2007  72      5       76
                                      1966
  AVERAGE         87                        81      6       88

PRECIPITATION (IN)
  YESTERDAY        0.00          2.52 1996   0.19  -0.19     0.55
  MONTH TO DATE    5.87                      3.82   2.05     3.39
  SINCE JUN 1      9.83                      8.44   1.39     6.89
  SINCE JAN 1     30.92                     23.80   7.12    21.91

DEGREE DAYS
 HEATING
  YESTERDAY        0                         0      0        0
  MONTH TO DATE    0                         0      0        0
  SINCE JUN 1      0                         1     -1        0
  SINCE JUL 1      0                         0      0        0

 COOLING
  YESTERDAY       22                        16      6       23
  MONTH TO DATE  452                       368     84      444
  SINCE JUN 1    939                       765    174      985
  SINCE JAN 1   1286                      1072    214     1370
..................................................................


WIND (MPH)
  HIGHEST WIND SPEED    14   HIGHEST WIND DIRECTION    SE (150)
  HIGHEST GUST SPEED    18   HIGHEST GUST DIRECTION    SE (140)
  AVERAGE WIND SPEED     6.6


SKY COVER
  POSSIBLE SUNSHINE  MM
  AVERAGE SKY COVER 0.1


WEATHER CONDITIONS
 THE FOLLOWING WEATHER WAS RECORDED YESTERDAY.
  THUNDERSTORM


RELATIVE HUMIDITY (PERCENT)
 HIGHEST    88           300 AM
 LOWEST     49           100 PM
 AVERAGE    69

..........................................................


THE FLORENCE SC CLIMATE NORMALS FOR TODAY
                         NORMAL    RECORD    YEAR
 MAXIMUM TEMPERATURE (F)   91       104      1952
 MINIMUM TEMPERATURE (F)   72        62      2007


SUNRISE AND SUNSET
JULY 24 2016..........SUNRISE   625 AM EDT   SUNSET   826 PM EDT
JULY 25 2016..........SUNRISE   625 AM EDT   SUNSET   825 PM EDT


-  INDICATES NEGATIVE NUMBERS.
R  INDICATES RECORD WAS SET OR TIED.
MM INDICATES DATA IS MISSING.
T  INDICATES TRACE AMOUNT.




$$
