000
CDUS42 KILM 220948
CLIFLO


CLIMATE REPORT
NATIONAL WEATHER SERVICE WILMINGTON NC
441 AM EST SUN JAN 22 2017


...................................

...THE FLORENCE SC CLIMATE SUMMARY FOR JANUARY 21 2017...

CLIMATE NORMAL PERIOD 1981 TO 2010
CLIMATE RECORD PERIOD 1948 TO 2017


WEATHER ITEM   OBSERVED TIME   RECORD YEAR NORMAL DEPARTURE LAST
                VALUE   (LST)  VALUE       VALUE  FROM      YEAR
                                                  NORMAL
..................................................................
TEMPERATURE (F)
 YESTERDAY
  MAXIMUM         69   1143 AM  79    1974  56     13       52
  MINIMUM         54    707 AM   0    1985  35     19       31
  AVERAGE         62                        45     17       42

PRECIPITATION (IN)
  YESTERDAY        0.34          0.72 2010   0.10   0.24      T
  MONTH TO DATE    2.47                      2.21   0.26     0.81
  SINCE DEC 1      7.04                      5.22   1.82     7.90
  SINCE JAN 1      2.47                      2.21   0.26     0.81

SNOWFALL (IN)
  YESTERDAY       MM
  MONTH TO DATE   MM
  SINCE DEC 1     MM
  SINCE JUL 1     MM
  SNOW DEPTH      MM

DEGREE DAYS
 HEATING
  YESTERDAY        3                        20    -17       23
  MONTH TO DATE  255                       427   -172      463
  SINCE DEC 1    750                       984   -234      684
  SINCE JUL 1   1063                      1406   -343      948

 COOLING
  YESTERDAY        0                         0      0        0
  MONTH TO DATE    0                         0      0        0
  SINCE DEC 1      4                         4      0       57
  SINCE JAN 1      0                         0      0        0
..................................................................


WIND (MPH)
  HIGHEST WIND SPEED    31   HIGHEST WIND DIRECTION    SE (150)
  HIGHEST GUST SPEED    37   HIGHEST GUST DIRECTION    SE (150)
  AVERAGE WIND SPEED     6.9


SKY COVER
  POSSIBLE SUNSHINE  MM
  AVERAGE SKY COVER 0.6


WEATHER CONDITIONS
 THE FOLLOWING WEATHER WAS RECORDED YESTERDAY.
  HEAVY RAIN
  RAIN
  LIGHT RAIN
  FOG
  FOG W/VISIBILITY <= 1/4 MILE


RELATIVE HUMIDITY (PERCENT)
 HIGHEST   100           200 AM
 LOWEST     81          1200 PM
 AVERAGE    91

..........................................................


THE FLORENCE SC CLIMATE NORMALS FOR TODAY
                         NORMAL    RECORD    YEAR
 MAXIMUM TEMPERATURE (F)   56        81      1999
 MINIMUM TEMPERATURE (F)   35        14      1961


SUNRISE AND SUNSET
JANUARY 22 2017.......SUNRISE   722 AM EST   SUNSET   539 PM EST
JANUARY 23 2017.......SUNRISE   721 AM EST   SUNSET   540 PM EST


-  INDICATES NEGATIVE NUMBERS.
R  INDICATES RECORD WAS SET OR TIED.
MM INDICATES DATA IS MISSING.
T  INDICATES TRACE AMOUNT.




$$
