000
CDUS42 KILM 230844
CLIFLO


CLIMATE REPORT
NATIONAL WEATHER SERVICE WILMINGTON NC
443 AM EDT WED APR 23 2014


...................................

...THE FLORENCE SC CLIMATE SUMMARY FOR APRIL 22 2014...

CLIMATE NORMAL PERIOD 1981 TO 2010
CLIMATE RECORD PERIOD 1948 TO 2014


WEATHER ITEM   OBSERVED TIME   RECORD YEAR NORMAL DEPARTURE LAST
                VALUE   (LST)  VALUE       VALUE  FROM      YEAR
                                                  NORMAL
..................................................................
TEMPERATURE (F)
 YESTERDAY
  MAXIMUM         85    344 PM  93    1963  77      8       67
  MINIMUM         49    416 AM  37    1983  52     -3       44
  AVERAGE         67                        65      2       56

PRECIPITATION (IN)
  YESTERDAY        T             3.84 1949   0.09  -0.09     0.00
  MONTH TO DATE    3.82                      1.91   1.91     2.59
  SINCE MAR 1      8.37                      5.24   3.13     5.08
  SINCE JAN 1     14.09                     11.39   2.70    11.60

SNOWFALL (IN)
  YESTERDAY       MM
  MONTH TO DATE   MM
  SINCE MAR 1     MM
  SINCE JUL 1     MM
  SNOW DEPTH      MM

DEGREE DAYS
 HEATING
  YESTERDAY        0                         3     -3        9
  MONTH TO DATE   86                       104    -18       93
  SINCE MAR 1    529                       414    115      557
  SINCE JUL 1   2658                      2480    178     2304

 COOLING
  YESTERDAY        2                         3     -1        0
  MONTH TO DATE   38                        44     -6       59
  SINCE MAR 1     42                        62    -20       67
  SINCE JAN 1     48                        68    -20       88
..................................................................


WIND (MPH)
  HIGHEST WIND SPEED    22   HIGHEST WIND DIRECTION    NW (300)
  HIGHEST GUST SPEED    30   HIGHEST GUST DIRECTION    NW (300)
  AVERAGE WIND SPEED     7.1


SKY COVER
  POSSIBLE SUNSHINE  MM
  AVERAGE SKY COVER 0.2


WEATHER CONDITIONS
 THE FOLLOWING WEATHER WAS RECORDED YESTERDAY.
  LIGHT RAIN
  HAZE


RELATIVE HUMIDITY (PERCENT)
 HIGHEST    87          1000 PM
 LOWEST     31           300 PM
 AVERAGE    59

..........................................................


THE FLORENCE SC CLIMATE NORMALS FOR TODAY
                         NORMAL    RECORD    YEAR
 MAXIMUM TEMPERATURE (F)   78        93      1980
 MINIMUM TEMPERATURE (F)   53        35      1986


SUNRISE AND SUNSET
APRIL 23 2014.........SUNRISE   638 AM EDT   SUNSET   757 PM EDT
APRIL 24 2014.........SUNRISE   637 AM EDT   SUNSET   757 PM EDT


-  INDICATES NEGATIVE NUMBERS.
R  INDICATES RECORD WAS SET OR TIED.
MM INDICATES DATA IS MISSING.
T  INDICATES TRACE AMOUNT.




$$
