000
CDUS42 KILM 181006
CLIFLO


CLIMATE REPORT
NATIONAL WEATHER SERVICE WILMINGTON NC
506 AM EST THU DEC 18 2014


...................................

...THE FLORENCE SC CLIMATE SUMMARY FOR DECEMBER 17 2014...

CLIMATE NORMAL PERIOD 1981 TO 2010
CLIMATE RECORD PERIOD 1948 TO 2014


WEATHER ITEM   OBSERVED TIME   RECORD YEAR NORMAL DEPARTURE LAST
                VALUE   (LST)  VALUE       VALUE  FROM      YEAR
                                                  NORMAL
..................................................................
TEMPERATURE (F)
 YESTERDAY
  MAXIMUM         63    246 PM  80    1956  57      6       68
  MINIMUM         38    741 AM  11    1955  36      2       36
  AVERAGE         51                        47      4       52

PRECIPITATION (IN)
  YESTERDAY        0.00          1.74 1975   0.09  -0.09     0.00
  MONTH TO DATE    0.14                      1.58  -1.44     2.66
  SINCE DEC 1      0.14                      1.58  -1.44     2.66
  SINCE JAN 1     41.43                     41.48  -0.05    53.00

SNOWFALL (IN)
  YESTERDAY       MM
  MONTH TO DATE   MM
  SINCE DEC 1     MM
  SINCE JUL 1     MM
  SNOW DEPTH      MM

DEGREE DAYS
 HEATING
  YESTERDAY       14                        18     -4       13
  MONTH TO DATE  247                       282    -35      238
  SINCE DEC 1    247                       282    -35      238
  SINCE JUL 1    747                       704     43      708

 COOLING
  YESTERDAY        0                         0      0        0
  MONTH TO DATE    0                         0      0        8
  SINCE DEC 1      0                         0      0        8
  SINCE JAN 1   2282                      2059    223     2054
..................................................................


WIND (MPH)
  HIGHEST WIND SPEED    13   HIGHEST WIND DIRECTION     W (250)
  HIGHEST GUST SPEED    19   HIGHEST GUST DIRECTION     W (270)
  AVERAGE WIND SPEED     4.2


SKY COVER
  POSSIBLE SUNSHINE  MM
  AVERAGE SKY COVER 0.0


WEATHER CONDITIONS
 THE FOLLOWING WEATHER WAS RECORDED YESTERDAY.
  FOG
  HAZE


RELATIVE HUMIDITY (PERCENT)
 HIGHEST    89          1000 PM
 LOWEST     39           300 PM
 AVERAGE    64

..........................................................


THE FLORENCE SC CLIMATE NORMALS FOR TODAY
                         NORMAL    RECORD    YEAR
 MAXIMUM TEMPERATURE (F)   57        77      1990
 MINIMUM TEMPERATURE (F)   36        16      1953


SUNRISE AND SUNSET
DECEMBER 18 2014......SUNRISE   719 AM EST   SUNSET   512 PM EST
DECEMBER 19 2014......SUNRISE   720 AM EST   SUNSET   512 PM EST


-  INDICATES NEGATIVE NUMBERS.
R  INDICATES RECORD WAS SET OR TIED.
MM INDICATES DATA IS MISSING.
T  INDICATES TRACE AMOUNT.




$$
