000
CDUS42 KILM 170843
CLIFLO


CLIMATE REPORT
NATIONAL WEATHER SERVICE WILMINGTON NC
442 AM EDT TUE OCT 17 2017


...................................

...THE FLORENCE SC CLIMATE SUMMARY FOR OCTOBER 16 2017...

CLIMATE NORMAL PERIOD 1981 TO 2010
CLIMATE RECORD PERIOD 1948 TO 2017


WEATHER ITEM   OBSERVED TIME   RECORD YEAR NORMAL DEPARTURE LAST
                VALUE   (LST)  VALUE       VALUE  FROM      YEAR
                                                  NORMAL
..................................................................
TEMPERATURE (F)
 YESTERDAY
  MAXIMUM         78    946 AM  87    1989  75      3       80
  MINIMUM         53   1159 PM  36    1978  53      0       56
  AVERAGE         66                        64      2       68

PRECIPITATION (IN)
  YESTERDAY        0.11          0.96 1964   0.10   0.01     0.00
  MONTH TO DATE    0.63                      1.75  -1.12    12.77
  SINCE SEP 1      4.75                      5.42  -0.67    22.59
  SINCE JAN 1     36.33                     35.90   0.43    55.47

DEGREE DAYS
 HEATING
  YESTERDAY        0                         3     -3        0
  MONTH TO DATE    3                        34    -31        5
  SINCE SEP 1      3                        43    -40        5
  SINCE JUL 1      3                        43    -40        5

 COOLING
  YESTERDAY        1                         2     -1        3
  MONTH TO DATE  135                        60     75       63
  SINCE SEP 1    442                       346     96      467
  SINCE JAN 1   2224                      2016    208     2504
..................................................................


WIND (MPH)
  HIGHEST WIND SPEED    24   HIGHEST WIND DIRECTION     N (10)
  HIGHEST GUST SPEED    29   HIGHEST GUST DIRECTION    NE (30)
  AVERAGE WIND SPEED     8.5


SKY COVER
  POSSIBLE SUNSHINE  MM
  AVERAGE SKY COVER 0.5


WEATHER CONDITIONS
 THE FOLLOWING WEATHER WAS RECORDED YESTERDAY.
  RAIN
  LIGHT RAIN
  FOG
  HAZE


RELATIVE HUMIDITY (PERCENT)
 HIGHEST   100          1200 AM
 LOWEST     78           300 PM
 AVERAGE    89

..........................................................


THE FLORENCE SC CLIMATE NORMALS FOR TODAY
                         NORMAL    RECORD    YEAR
 MAXIMUM TEMPERATURE (F)   75        87      2011
                                             2007
                                             1953
 MINIMUM TEMPERATURE (F)   53        39      1982


SUNRISE AND SUNSET
OCTOBER 17 2017.......SUNRISE   726 AM EDT   SUNSET   642 PM EDT
OCTOBER 18 2017.......SUNRISE   727 AM EDT   SUNSET   641 PM EDT


-  INDICATES NEGATIVE NUMBERS.
R  INDICATES RECORD WAS SET OR TIED.
MM INDICATES DATA IS MISSING.
T  INDICATES TRACE AMOUNT.




$$
