380
CDUS42 KILM 162142
CLIFLO


CLIMATE REPORT
NATIONAL WEATHER SERVICE WILMINGTON NC
441 PM EST SAT DEC 16 2017


...................................

...THE FLORENCE SC CLIMATE SUMMARY FOR DECEMBER 16 2017...
VALID TODAY AS OF 0400 PM LOCAL TIME.

CLIMATE NORMAL PERIOD 1981 TO 2010
CLIMATE RECORD PERIOD 1948 TO 2017


WEATHER ITEM   OBSERVED TIME   RECORD YEAR NORMAL DEPARTURE LAST
                VALUE   (LST)  VALUE       VALUE  FROM      YEAR
                                                  NORMAL
..................................................................
TEMPERATURE (F)
 TODAY
  MAXIMUM         51    359 PM  78    1971  57     -6       38
  MINIMUM         28    728 AM  16    1958  36     -8       25
  AVERAGE         40                        47     -7       32

PRECIPITATION (IN)
  TODAY            0.00          2.22 1970   0.10  -0.10     0.00
  MONTH TO DATE    3.30                      1.49   1.81     2.86
  SINCE DEC 1      3.30                      1.49   1.81     2.86
  SINCE JAN 1     41.27                     41.39  -0.12    59.26

SNOWFALL (IN)
  TODAY           MM
  MONTH TO DATE   MM
  SINCE DEC 1     MM
  SINCE JUL 1     MM
  SNOW DEPTH      MM

DEGREE DAYS
 HEATING
  TODAY           25                        18      7       33
  MONTH TO DATE  272                       264      8      294
  SINCE DEC 1    272                       264      8      294
  SINCE JUL 1    677                       686     -9      607

 COOLING
  TODAY            0                         0      0        0
  MONTH TO DATE    0                         0      0        0
  SINCE DEC 1      0                         0      0        0
  SINCE JAN 1   2248                      2059    189     2582
..................................................................


WIND (MPH)
  HIGHEST WIND SPEED    10   HIGHEST WIND DIRECTION    SW (230)
  HIGHEST GUST SPEED    15   HIGHEST GUST DIRECTION    SW (220)
  AVERAGE WIND SPEED     2.8


SKY COVER
  POSSIBLE SUNSHINE  MM
  AVERAGE SKY COVER 0.0


WEATHER CONDITIONS
 THE FOLLOWING WEATHER WAS RECORDED TODAY.
  FOG
  HAZE


RELATIVE HUMIDITY (PERCENT)
 HIGHEST    92           700 AM
 LOWEST     35           300 PM
 AVERAGE    64

..........................................................


THE FLORENCE SC CLIMATE NORMALS FOR TOMORROW
                         NORMAL    RECORD    YEAR
 MAXIMUM TEMPERATURE (F)   57        80      1956
 MINIMUM TEMPERATURE (F)   36        11      1955


SUNRISE AND SUNSET
DECEMBER 16 2017......SUNRISE   718 AM EST   SUNSET   511 PM EST
DECEMBER 17 2017......SUNRISE   719 AM EST   SUNSET   512 PM EST


-  INDICATES NEGATIVE NUMBERS.
R  INDICATES RECORD WAS SET OR TIED.
MM INDICATES DATA IS MISSING.
T  INDICATES TRACE AMOUNT.




$$
