000
CDUS42 KILM 250842
CLIFLO


CLIMATE REPORT
NATIONAL WEATHER SERVICE WILMINGTON NC
442 AM EDT WED MAY 25 2016


...................................

...THE FLORENCE SC CLIMATE SUMMARY FOR MAY 24 2016...

CLIMATE NORMAL PERIOD 1981 TO 2010
CLIMATE RECORD PERIOD 1948 TO 2016


WEATHER ITEM   OBSERVED TIME   RECORD YEAR NORMAL DEPARTURE LAST
                VALUE   (LST)  VALUE       VALUE  FROM      YEAR
                                                  NORMAL
..................................................................
TEMPERATURE (F)
 YESTERDAY
  MAXIMUM         83    506 PM  97    1994  84     -1       85
  MINIMUM         51    525 AM  47    1963  62    -11       57
  AVERAGE         67                        73     -6       71

PRECIPITATION (IN)
  YESTERDAY        0.00          0.94 1996   0.12  -0.12     0.00
  MONTH TO DATE    6.27                      2.37   3.90     1.09
  SINCE MAR 1     13.24                      8.32   4.92     7.89
  SINCE JAN 1     20.70                     14.47   6.23    14.82

DEGREE DAYS
 HEATING
  YESTERDAY        0                         0      0        0
  MONTH TO DATE   10                        22    -12        1
  SINCE MAR 1    288                       456   -168      306
  SINCE JUL 1   1948                      2522   -574     2544

 COOLING
  YESTERDAY        2                         8     -6        6
  MONTH TO DATE  134                       144    -10      184
  SINCE MAR 1    265                       234     31      298
  SINCE JAN 1    266                       240     26      301
..................................................................


WIND (MPH)
  HIGHEST WIND SPEED    14   HIGHEST WIND DIRECTION     W (250)
  HIGHEST GUST SPEED    17   HIGHEST GUST DIRECTION    SW (240)
  AVERAGE WIND SPEED     4.2


SKY COVER
  POSSIBLE SUNSHINE  MM
  AVERAGE SKY COVER 0.1


WEATHER CONDITIONS
 THE FOLLOWING WEATHER WAS RECORDED YESTERDAY.
  NO SIGNIFICANT WEATHER WAS OBSERVED.


RELATIVE HUMIDITY (PERCENT)
 HIGHEST    93          1200 AM
 LOWEST     34           500 PM
 AVERAGE    64

..........................................................


THE FLORENCE SC CLIMATE NORMALS FOR TODAY
                         NORMAL    RECORD    YEAR
 MAXIMUM TEMPERATURE (F)   85       100      1953
 MINIMUM TEMPERATURE (F)   62        44      2013


SUNRISE AND SUNSET
MAY 25 2016...........SUNRISE   611 AM EDT   SUNSET   821 PM EDT
MAY 26 2016...........SUNRISE   610 AM EDT   SUNSET   822 PM EDT


-  INDICATES NEGATIVE NUMBERS.
R  INDICATES RECORD WAS SET OR TIED.
MM INDICATES DATA IS MISSING.
T  INDICATES TRACE AMOUNT.




$$
