000
CDUS42 KTBW 290832
CLIFMY


CLIMATE REPORT
NATIONAL WEATHER SERVICE TAMPA BAY FL
428 AM EDT SAT APR 29 2017


...................................

...THE FORT MYERS CLIMATE SUMMARY FOR APRIL 28 2017...

CLIMATE NORMAL PERIOD 1981 TO 2010
CLIMATE RECORD PERIOD 1902 TO 2017


WEATHER ITEM   OBSERVED TIME   RECORD YEAR NORMAL DEPARTURE LAST
                VALUE   (LST)  VALUE       VALUE  FROM      YEAR
                                                  NORMAL
..................................................................
TEMPERATURE (F)
 YESTERDAY
  MAXIMUM         96R   135 PM  93    1996  87      9       89
                                      1986
                                      1944
  MINIMUM         71    330 AM  51    1977  65      6       71
                                      1913
  AVERAGE         84                        76      8       80

PRECIPITATION (IN)
  YESTERDAY        0.00          1.49 1995   0.07  -0.07     0.01
  MONTH TO DATE    2.62                      2.04   0.58     1.16
  SINCE MAR 1      2.78                      4.92  -2.14     2.22
  SINCE JAN 1      5.03                      9.01  -3.98    17.33

DEGREE DAYS
 HEATING
  YESTERDAY        0                         0      0        0
  MONTH TO DATE    0                         0      0        0
  SINCE MAR 1     11                        24    -13        9
  SINCE JUL 1     76                       284   -208      204

 COOLING
  YESTERDAY       19                        11      8       15
  MONTH TO DATE  167                       246    -79      274
  SINCE MAR 1    410                       422    -12      519
  SINCE JAN 1    752                       607    145      630
..................................................................


WIND (MPH)
  RESULTANT WIND SPEED   6   RESULTANT WIND DIRECTION  SE (130)
  HIGHEST WIND SPEED    15   HIGHEST WIND DIRECTION     E (110)
  HIGHEST GUST SPEED    22   HIGHEST GUST DIRECTION    SE (120)
  AVERAGE WIND SPEED     8.2


SKY COVER
  POSSIBLE SUNSHINE  MM
  AVERAGE SKY COVER 0.3


WEATHER CONDITIONS
 THE FOLLOWING WEATHER WAS RECORDED YESTERDAY.
  FOG


RELATIVE HUMIDITY (PERCENT)
 HIGHEST   100           300 AM
 LOWEST     44           100 PM

..........................................................


THE FORT MYERS CLIMATE NORMALS FOR TODAY
                         NORMAL    RECORD    YEAR
 MAXIMUM TEMPERATURE (F)   87        94      1986
 MINIMUM TEMPERATURE (F)   65        46      1928


SUNRISE AND SUNSET
APRIL 29 2017.........SUNRISE   651 AM EDT   SUNSET   759 PM EDT
APRIL 30 2017.........SUNRISE   650 AM EDT   SUNSET   759 PM EDT


-  INDICATES NEGATIVE NUMBERS.
R  INDICATES RECORD WAS SET OR TIED.
MM INDICATES DATA IS MISSING.
T  INDICATES TRACE AMOUNT.




$$


&&
------------------------------------------------------------------
******************** SUPPLEMENTAL DATA ***************************

...GULF WATER TEMPERATURE AT FORT MYERS BEACH 81 DEGREES
