000
CDUS42 KTBW 010841
CLIFMY


CLIMATE REPORT
NATIONAL WEATHER SERVICE TAMPA BAY FL
438 AM EDT SAT NOV 1 2014


...................................

...THE FORT MYERS CLIMATE SUMMARY FOR OCTOBER 31 2014...

CLIMATE NORMAL PERIOD 1981 TO 2010
CLIMATE RECORD PERIOD 1902 TO 2014


WEATHER ITEM   OBSERVED TIME   RECORD YEAR NORMAL DEPARTURE LAST
                VALUE   (LST)  VALUE       VALUE  FROM      YEAR
                                                  NORMAL
..................................................................
TEMPERATURE (F)
 YESTERDAY
  MAXIMUM         82   1220 PM  91    1992  84     -2       89
                                      1919
  MINIMUM         64   1159 PM  49    1953  65     -1       67
  AVERAGE         73                        75     -2       78

PRECIPITATION (IN)
  YESTERDAY        0.08          1.68 1911   0.06   0.02     0.00
  MONTH TO DATE    1.32                      2.88  -1.56     1.34
  SINCE SEP 1      8.56                     11.19  -2.63    12.26
  SINCE JAN 1     37.80                     52.26 -14.46    51.86

DEGREE DAYS
 HEATING
  YESTERDAY        0                         0      0        0
  MONTH TO DATE    0                         0      0        0
  SINCE SEP 1      0                         2     -2        0
  SINCE JUL 1      0                         2     -2        0

 COOLING
  YESTERDAY        8                        10     -2       13
  MONTH TO DATE  380                       402    -22      418
  SINCE SEP 1    880                       924    -44      905
  SINCE JAN 1   3791                      3648    143     3623
..................................................................


WIND (MPH)
  RESULTANT WIND SPEED   6   RESULTANT WIND DIRECTION  NW (320)
  HIGHEST WIND SPEED    20   HIGHEST WIND DIRECTION    NW (300)
  HIGHEST GUST SPEED    24   HIGHEST GUST DIRECTION    NW (310)
  AVERAGE WIND SPEED     6.7


SKY COVER
  POSSIBLE SUNSHINE  MM
  AVERAGE SKY COVER 0.2


WEATHER CONDITIONS
 THE FOLLOWING WEATHER WAS RECORDED YESTERDAY.
  LIGHT RAIN
  FOG


RELATIVE HUMIDITY (PERCENT)
 HIGHEST    97           600 AM
 LOWEST     51           200 PM

..........................................................


THE FORT MYERS CLIMATE NORMALS FOR TODAY
                         NORMAL    RECORD    YEAR
 MAXIMUM TEMPERATURE (F)   84        91      1979
 MINIMUM TEMPERATURE (F)   65        44      1993


SUNRISE AND SUNSET
NOVEMBER  1 2014......SUNRISE   737 AM EDT   SUNSET   645 PM EDT
NOVEMBER  2 2014......SUNRISE   638 AM EST   SUNSET   544 PM EST


-  INDICATES NEGATIVE NUMBERS.
R  INDICATES RECORD WAS SET OR TIED.
MM INDICATES DATA IS MISSING.
T  INDICATES TRACE AMOUNT.




$$


&&
------------------------------------------------------------------
******************** SUPPLEMENTAL DATA ***************************

...GULF WATER TEMPERATURE AT FORT MYERS BEACH 78
