000
CDUS42 KTBW 282116
CLIFMY


CLIMATE REPORT
NATIONAL WEATHER SERVICE TAMPA BAY FL
512 PM EDT MON JUL 28 2014


...................................

...THE FORT MYERS CLIMATE SUMMARY FOR JULY 28 2014...
VALID TODAY AS OF 0500 PM LOCAL TIME.

CLIMATE NORMAL PERIOD 1981 TO 2010
CLIMATE RECORD PERIOD 1902 TO 2014


WEATHER ITEM   OBSERVED TIME   RECORD YEAR NORMAL DEPARTURE LAST
                VALUE   (LST)  VALUE       VALUE  FROM      YEAR
                                                  NORMAL
..................................................................
TEMPERATURE (F)
 TODAY
  MAXIMUM         90    359 PM  97    1979  92     -2       91
  MINIMUM         78    903 AM  70    1956  75      3       76
                                      1938
                                      1929
  AVERAGE         84                        83      1       84

PRECIPITATION (IN)
  TODAY            0.30          2.52 1920   0.29   0.01     0.00
  MONTH TO DATE    7.94                      8.15  -0.21     9.60
  SINCE JUN 1     10.42                     18.24  -7.82    19.93
  SINCE JAN 1     21.76                     30.04  -8.28    30.09

DEGREE DAYS
 HEATING
  TODAY            0                         0      0        0
  MONTH TO DATE    0                         0      0        0
  SINCE JUN 1      0                         0      0        0
  SINCE JUL 1      0                         0      0        0

 COOLING
  TODAY           19                        18      1       19
  MONTH TO DATE  522                       504     18      466
  SINCE JUN 1   1052                      1029     23      971
  SINCE JAN 1   2243                      2095    148     2109
..................................................................


WIND (MPH)
  RESULTANT WIND SPEED   3   RESULTANT WIND DIRECTION  SW (240)
  HIGHEST WIND SPEED    28   HIGHEST WIND DIRECTION    NW (300)
  HIGHEST GUST SPEED    33   HIGHEST GUST DIRECTION    NW (310)
  AVERAGE WIND SPEED     4.2


SKY COVER
  POSSIBLE SUNSHINE  MM
  AVERAGE SKY COVER 0.2


WEATHER CONDITIONS
 THE FOLLOWING WEATHER WAS RECORDED TODAY.
  THUNDERSTORM
  HEAVY RAIN
  LIGHT RAIN
  FOG


RELATIVE HUMIDITY (PERCENT)
 HIGHEST    91           300 AM
 LOWEST     64           400 PM

..........................................................


THE FORT MYERS CLIMATE NORMALS FOR TOMORROW
                         NORMAL    RECORD    YEAR
 MAXIMUM TEMPERATURE (F)   92        98      1942
 MINIMUM TEMPERATURE (F)   75        68      1956
                                             1911


SUNRISE AND SUNSET
JULY 28 2014..........SUNRISE   650 AM EDT   SUNSET   817 PM EDT
JULY 29 2014..........SUNRISE   651 AM EDT   SUNSET   817 PM EDT


-  INDICATES NEGATIVE NUMBERS.
R  INDICATES RECORD WAS SET OR TIED.
MM INDICATES DATA IS MISSING.
T  INDICATES TRACE AMOUNT.




$$


&&
------------------------------------------------------------------
******************** SUPPLEMENTAL DATA ***************************

...GULF WATER TEMPERATURE AT FORT MYERS BEACH 89
