000
CDUS42 KTBW 262114
CLIFMY


CLIMATE REPORT
NATIONAL WEATHER SERVICE TAMPA BAY FL
513 PM EDT MON JUN 26 2017


...................................

...THE FORT MYERS CLIMATE SUMMARY FOR JUNE 26 2017...
VALID TODAY AS OF 0500 PM LOCAL TIME.

CLIMATE NORMAL PERIOD 1981 TO 2010
CLIMATE RECORD PERIOD 1902 TO 2017


WEATHER ITEM   OBSERVED TIME   RECORD YEAR NORMAL DEPARTURE LAST
                VALUE   (LST)  VALUE       VALUE  FROM      YEAR
                                                  NORMAL
..................................................................
TEMPERATURE (F)
 TODAY
  MAXIMUM         93    211 PM  97    2014  92      1       94
                                      1994
                                      1952
  MINIMUM         76    600 AM  67    1971  74      2       73
  AVERAGE         85                        83      2       84

PRECIPITATION (IN)
  TODAY            0.00          3.37 1943   0.36  -0.36     0.32
  MONTH TO DATE   10.03                      8.61   1.42    10.74
  SINCE JUN 1     10.03                      8.61   1.42    10.74
  SINCE JAN 1     16.21                     20.41  -4.20    31.61

DEGREE DAYS
 HEATING
  TODAY            0                         0      0        0
  MONTH TO DATE    0                         0      0        0
  SINCE JUN 1      0                         0      0        0
  SINCE JUL 1     76                       287   -211      204

 COOLING
  TODAY           20                        18      2       19
  MONTH TO DATE  421                       456    -35      472
  SINCE JUN 1    421                       456    -35      472
  SINCE JAN 1   1703                      1522    181     1570
..................................................................


WIND (MPH)
  RESULTANT WIND SPEED   1   RESULTANT WIND DIRECTION   S (160)
  HIGHEST WIND SPEED    14   HIGHEST WIND DIRECTION     W (290)
  HIGHEST GUST SPEED    17   HIGHEST GUST DIRECTION     W (250)
  AVERAGE WIND SPEED     4.5


SKY COVER
  POSSIBLE SUNSHINE  MM
  AVERAGE SKY COVER 0.2


WEATHER CONDITIONS
 THE FOLLOWING WEATHER WAS RECORDED TODAY.
  NO SIGNIFICANT WEATHER WAS OBSERVED.


RELATIVE HUMIDITY (PERCENT)
 HIGHEST   100           100 AM
 LOWEST     49           200 PM

..........................................................


THE FORT MYERS CLIMATE NORMALS FOR TOMORROW
                         NORMAL    RECORD    YEAR
 MAXIMUM TEMPERATURE (F)   92        98      1982
 MINIMUM TEMPERATURE (F)   74        67      1943


SUNRISE AND SUNSET
JUNE 26 2017..........SUNRISE   636 AM EDT   SUNSET   824 PM EDT
JUNE 27 2017..........SUNRISE   637 AM EDT   SUNSET   825 PM EDT


-  INDICATES NEGATIVE NUMBERS.
R  INDICATES RECORD WAS SET OR TIED.
MM INDICATES DATA IS MISSING.
T  INDICATES TRACE AMOUNT.




$$


&&
------------------------------------------------------------------
******************** SUPPLEMENTAL DATA ***************************

...GULF WATER TEMPERATURE AT FORT MYERS BEACH 89 DEGREES
