014
CDUS43 KDTX 300539
CLIFNT


CLIMATE REPORT
NATIONAL WEATHER SERVICE DETROIT/PONTIAC MI
139 AM EDT SUN APR 30 2017


...................................

...THE FLINT MI CLIMATE SUMMARY FOR APRIL 29 2017...

CLIMATE NORMAL PERIOD 1981 TO 2010
CLIMATE RECORD PERIOD 1921 TO 2017


WEATHER ITEM   OBSERVED TIME   RECORD YEAR NORMAL DEPARTURE LAST
                VALUE   (LST)  VALUE       VALUE  FROM      YEAR
                                                  NORMAL
..................................................................
TEMPERATURE (F)
 YESTERDAY
  MAXIMUM         56    111 AM  82    1942  63     -7       54
  MINIMUM         42   1137 PM  22    2012  40      2       39
  AVERAGE         49                        51     -2       47

PRECIPITATION (IN)
  YESTERDAY        0.01          0.98 1956   0.10  -0.09     0.01
  MONTH TO DATE    4.08                      2.79   1.29     1.97
  SINCE MAR 1      7.29                      4.70   2.59     6.30
  SINCE JAN 1     12.84                      7.81   5.03    10.15

SNOWFALL (IN)
  YESTERDAY        0.0           T      MM   0.0    0.0      0.0
  MONTH TO DATE    1.5                       2.3   -0.8      6.8
  SINCE MAR 1      6.9                       8.8   -1.9     18.4
  SINCE JUL 1     39.4                      47.4   -8.0     69.0
  SNOW DEPTH       0

DEGREE DAYS
 HEATING
  YESTERDAY       16                        14      2       18
  MONTH TO DATE  384                       549   -165      549
  SINCE MAR 1   1342                      1506   -164     1263
  SINCE JUL 1   5491                      6594  -1103     5133

 COOLING
  YESTERDAY        0                         0      0        0
  MONTH TO DATE    3                         0      3        0
  SINCE MAR 1      3                         0      3        1
  SINCE JAN 1      3                         0      3        1
..................................................................


WIND (MPH)
  HIGHEST WIND SPEED    22   HIGHEST WIND DIRECTION     E (70)
  HIGHEST GUST SPEED    31   HIGHEST GUST DIRECTION     E (90)
  AVERAGE WIND SPEED    12.1


SKY COVER
  POSSIBLE SUNSHINE  MM
  AVERAGE SKY COVER 0.8


WEATHER CONDITIONS
 THE FOLLOWING WEATHER WAS RECORDED YESTERDAY.
  NO SIGNIFICANT WEATHER WAS OBSERVED.


RELATIVE HUMIDITY (PERCENT)
 HIGHEST    77          1200 AM
 LOWEST     50           400 PM
 AVERAGE    64

..........................................................


THE FLINT MI CLIMATE NORMALS FOR TODAY
                         NORMAL    RECORD    YEAR
 MAXIMUM TEMPERATURE (F)   63        86      1942
 MINIMUM TEMPERATURE (F)   40        20      1939


SUNRISE AND SUNSET
APRIL 30 2017.........SUNRISE   630 AM EDT   SUNSET   835 PM EDT
MAY  1 2017...........SUNRISE   629 AM EDT   SUNSET   836 PM EDT


-  INDICATES NEGATIVE NUMBERS.
R  INDICATES RECORD WAS SET OR TIED.
MM INDICATES DATA IS MISSING.
T  INDICATES TRACE AMOUNT.




$$
