000
CDUS43 KDTX 240535
CLIFNT


CLIMATE REPORT
NATIONAL WEATHER SERVICE DETROIT/PONTIAC MI
135 AM EDT TUE OCT 24 2017


...................................

...THE FLINT MI CLIMATE SUMMARY FOR OCTOBER 23 2017...

CLIMATE NORMAL PERIOD 1981 TO 2010
CLIMATE RECORD PERIOD 1921 TO 2017


WEATHER ITEM   OBSERVED TIME   RECORD YEAR NORMAL DEPARTURE LAST
                VALUE   (LST)  VALUE       VALUE  FROM      YEAR
                                                  NORMAL
..................................................................
TEMPERATURE (F)
 YESTERDAY
  MAXIMUM         68   1201 AM  83    1963  57     11       65
  MINIMUM         49   1159 PM  23    1969  38     11       39
  AVERAGE         59                        47     12       52

PRECIPITATION (IN)
  YESTERDAY        0.38          1.85 1951   0.07   0.31      T
  MONTH TO DATE    3.73                      1.87   1.86     2.36
  SINCE SEP 1      4.57                      5.62  -1.05     6.77
  SINCE JAN 1     30.26                     26.18   4.08    26.32

SNOWFALL (IN)
  YESTERDAY        0.0           0.8  1962   0.1   -0.1      0.0
  MONTH TO DATE    0.0                       0.3   -0.3      0.0
  SINCE SEP 1      0.0                       0.3   -0.3      0.0
  SINCE JUL 1      0.0                       0.3   -0.3      0.0
  SNOW DEPTH       0

DEGREE DAYS
 HEATING
  YESTERDAY        6                        18    -12       13
  MONTH TO DATE  142                       332   -190      206
  SINCE SEP 1    265                       498   -233      276
  SINCE JUL 1    297                       542   -245      276

 COOLING
  YESTERDAY        0                         0      0        0
  MONTH TO DATE   15                         2     13       11
  SINCE SEP 1    110                        51     59       83
  SINCE JAN 1    567                       528     39     1022
..................................................................


WIND (MPH)
  HIGHEST WIND SPEED    28   HIGHEST WIND DIRECTION     W (270)
  HIGHEST GUST SPEED    40   HIGHEST GUST DIRECTION     W (280)
  AVERAGE WIND SPEED    10.8


SKY COVER
  POSSIBLE SUNSHINE  MM
  AVERAGE SKY COVER 0.8


WEATHER CONDITIONS
 THE FOLLOWING WEATHER WAS RECORDED YESTERDAY.
  RAIN
  LIGHT RAIN
  FOG


RELATIVE HUMIDITY (PERCENT)
 HIGHEST   100           400 PM
 LOWEST     49          1200 AM
 AVERAGE    75

..........................................................


THE FLINT MI CLIMATE NORMALS FOR TODAY
                         NORMAL    RECORD    YEAR
 MAXIMUM TEMPERATURE (F)   56        81      1963
 MINIMUM TEMPERATURE (F)   37        22      1981


SUNRISE AND SUNSET
OCTOBER 24 2017.......SUNRISE   800 AM EDT   SUNSET   638 PM EDT
OCTOBER 25 2017.......SUNRISE   801 AM EDT   SUNSET   636 PM EDT


-  INDICATES NEGATIVE NUMBERS.
R  INDICATES RECORD WAS SET OR TIED.
MM INDICATES DATA IS MISSING.
T  INDICATES TRACE AMOUNT.




$$
