000
CDUS43 KDTX 170537
CLIFNT


CLIMATE REPORT
NATIONAL WEATHER SERVICE DETROIT/PONTIAC MI
137 AM EDT THU AUG 17 2017


...................................

...THE FLINT MI CLIMATE SUMMARY FOR AUGUST 16 2017...

CLIMATE NORMAL PERIOD 1981 TO 2010
CLIMATE RECORD PERIOD 1921 TO 2017


WEATHER ITEM   OBSERVED TIME   RECORD YEAR NORMAL DEPARTURE LAST
                VALUE   (LST)  VALUE       VALUE  FROM      YEAR
                                                  NORMAL
..................................................................
TEMPERATURE (F)
 YESTERDAY
  MAXIMUM         82    516 PM  95    1922  80      2       86
  MINIMUM         58    536 AM  43    1979  58      0       72
  AVERAGE         70                        69      1       79

PRECIPITATION (IN)
  YESTERDAY        0.00          4.45 1968   0.10  -0.10     2.11
  MONTH TO DATE    2.08                      1.67   0.41     3.01
  SINCE JUN 1      7.46                      8.06  -0.60     5.43
  SINCE JAN 1     23.89                     19.05   4.84    17.66

SNOWFALL (IN)
  YESTERDAY        0.0           0.0    MM   0.0    0.0      0.0
  MONTH TO DATE    0.0                       0.0    0.0      0.0
  SINCE JUN 1      0.0                       0.0    0.0      0.0
  SINCE JUL 1      0.0                       0.0    0.0      0.0
  SNOW DEPTH       0

DEGREE DAYS
 HEATING
  YESTERDAY        0                         1     -1        0
  MONTH TO DATE    2                        15    -13        0
  SINCE JUN 1     42                        96    -54       28
  SINCE JUL 1      3                        30    -27        0

 COOLING
  YESTERDAY        5                         5      0       14
  MONTH TO DATE   58                        85    -27      213
  SINCE JUN 1    392                       384      8      740
  SINCE JAN 1    417                       416      1      819
..................................................................


WIND (MPH)
  HIGHEST WIND SPEED    13   HIGHEST WIND DIRECTION    SE (120)
  HIGHEST GUST SPEED    16   HIGHEST GUST DIRECTION     E (100)
  AVERAGE WIND SPEED     5.8


SKY COVER
  POSSIBLE SUNSHINE  MM
  AVERAGE SKY COVER 0.3


WEATHER CONDITIONS
 THE FOLLOWING WEATHER WAS RECORDED YESTERDAY.
  NO SIGNIFICANT WEATHER WAS OBSERVED.


RELATIVE HUMIDITY (PERCENT)
 HIGHEST    90           100 AM
 LOWEST     47           400 PM
 AVERAGE    69

..........................................................


THE FLINT MI CLIMATE NORMALS FOR TODAY
                         NORMAL    RECORD    YEAR
 MAXIMUM TEMPERATURE (F)   80        96      1988
 MINIMUM TEMPERATURE (F)   58        43      1954


SUNRISE AND SUNSET
AUGUST 17 2017........SUNRISE   643 AM EDT   SUNSET   834 PM EDT
AUGUST 18 2017........SUNRISE   644 AM EDT   SUNSET   832 PM EDT


-  INDICATES NEGATIVE NUMBERS.
R  INDICATES RECORD WAS SET OR TIED.
MM INDICATES DATA IS MISSING.
T  INDICATES TRACE AMOUNT.




$$
