000
CDUS43 KDTX 210606
CLIFNT


CLIMATE REPORT
NATIONAL WEATHER SERVICE DETROIT/PONTIAC MI
106 AM EST SUN JAN 21 2018


...................................

...THE FLINT MI CLIMATE SUMMARY FOR JANUARY 20 2018...

CLIMATE NORMAL PERIOD 1981 TO 2010
CLIMATE RECORD PERIOD 1921 TO 2018


WEATHER ITEM   OBSERVED TIME   RECORD YEAR NORMAL DEPARTURE LAST
                VALUE   (LST)  VALUE       VALUE  FROM      YEAR
                                                  NORMAL
..................................................................
TEMPERATURE (F)
 YESTERDAY
  MAXIMUM         41    443 PM  52    1921  29     12       37
  MINIMUM         32    853 AM -12    1994  15     17       31
                                      1985
  AVERAGE         37                        22     15       34

PRECIPITATION (IN)
  YESTERDAY        0.00          1.09 1974   0.05  -0.05     0.05
  MONTH TO DATE    0.77                      1.11  -0.34     2.61
  SINCE DEC 1      2.15                      3.03  -0.88     4.20
  SINCE JAN 1      0.77                      1.11  -0.34     2.61

SNOWFALL (IN)
  YESTERDAY        0.0           6.8  1959   0.4   -0.4      0.0
  MONTH TO DATE   10.1                       8.5    1.6      5.7
  SINCE DEC 1     33.4                      20.3   13.1     25.9
  SINCE JUL 1     33.8                      23.2   10.6     25.9
  SNOW DEPTH       3

DEGREE DAYS
 HEATING
  YESTERDAY       28                        43    -15       31
  MONTH TO DATE  945                       849     96      763
  SINCE DEC 1   2253                      2013    240     1911
  SINCE JUL 1   3551                      3494     57     2952

 COOLING
  YESTERDAY        0                         0      0        0
  MONTH TO DATE    0                         0      0        0
  SINCE DEC 1      0                         0      0        0
  SINCE JAN 1      0                         0      0        0
..................................................................


WIND (MPH)
  HIGHEST WIND SPEED    22   HIGHEST WIND DIRECTION    SW (240)
  HIGHEST GUST SPEED    31   HIGHEST GUST DIRECTION    SW (220)
  AVERAGE WIND SPEED     9.9


SKY COVER
  POSSIBLE SUNSHINE  MM
  AVERAGE SKY COVER 0.0


WEATHER CONDITIONS
 THE FOLLOWING WEATHER WAS RECORDED YESTERDAY.
  NO SIGNIFICANT WEATHER WAS OBSERVED.


RELATIVE HUMIDITY (PERCENT)
 HIGHEST    82          1100 PM
 LOWEST     54          1200 AM
 AVERAGE    68

..........................................................


THE FLINT MI CLIMATE NORMALS FOR TODAY
                         NORMAL    RECORD    YEAR
 MAXIMUM TEMPERATURE (F)   29        55      1934
 MINIMUM TEMPERATURE (F)   15       -16      1984


SUNRISE AND SUNSET
JANUARY 21 2018.......SUNRISE   800 AM EST   SUNSET   533 PM EST
JANUARY 22 2018.......SUNRISE   759 AM EST   SUNSET   535 PM EST


-  INDICATES NEGATIVE NUMBERS.
R  INDICATES RECORD WAS SET OR TIED.
MM INDICATES DATA IS MISSING.
T  INDICATES TRACE AMOUNT.




$$
