000
CDUS43 KFSD 020648
CLIFSD


CLIMATE REPORT
NATIONAL WEATHER SERVICE SIOUX FALLS SD
147 AM CDT THU JUL 2 2015


...................................

...THE SIOUX FALLS SD CLIMATE SUMMARY FOR JULY 1 2015...

CLIMATE NORMAL PERIOD 1981 TO 2010
CLIMATE RECORD PERIOD 1893 TO 2015


WEATHER ITEM   OBSERVED TIME   RECORD YEAR NORMAL DEPARTURE LAST
                VALUE   (LST)  VALUE       VALUE  FROM      YEAR
                                                  NORMAL
..................................................................
TEMPERATURE (F)
 YESTERDAY
  MAXIMUM         75    313 PM  97    1948  83     -8       68
  MINIMUM         61   1159 PM  44    1904  61      0       55
  AVERAGE         68                        72     -4       62

PRECIPITATION (IN)
  YESTERDAY        0.19          3.35 1992   0.11   0.08     0.01
  MONTH TO DATE    0.19                      0.11   0.08     0.01
  SINCE JUN 1      4.48                      4.03   0.45    13.71
  SINCE JAN 1     11.03                     13.36  -2.33    18.69

SNOWFALL (IN)
  YESTERDAY        0.0           0.0    MM   0.0    0.0      0.0
  MONTH TO DATE    0.0                       0.0    0.0      0.0
  SINCE JUN 1      0.0                       0.0    0.0       T
  SINCE JUL 1      0.0                       0.0    0.0      0.0
  SNOW DEPTH       0

DEGREE DAYS
 HEATING
  YESTERDAY        0                         0      0        3
  MONTH TO DATE    0                         0      0        3
  SINCE JUN 1      9                        51    -42       35
  SINCE JUL 1      0                         0      0        3

 COOLING
  YESTERDAY        3                         7     -4        0
  MONTH TO DATE    3                         7     -4        0
  SINCE JUN 1    142                       142      0      136
  SINCE JAN 1    164                       178    -14      189
..................................................................


WIND (MPH)
  HIGHEST WIND SPEED    16   HIGHEST WIND DIRECTION    SE (150)
  HIGHEST GUST SPEED    24   HIGHEST GUST DIRECTION     E (100)
  AVERAGE WIND SPEED     9.3


SKY COVER
  POSSIBLE SUNSHINE  MM
  AVERAGE SKY COVER 0.7


WEATHER CONDITIONS
 THE FOLLOWING WEATHER WAS RECORDED YESTERDAY.
  THUNDERSTORM
  RAIN
  LIGHT RAIN
  FOG


RELATIVE HUMIDITY (PERCENT)
 HIGHEST    93           100 AM
 LOWEST     58           900 PM
 AVERAGE    76

..........................................................


THE SIOUX FALLS SD CLIMATE NORMALS FOR TODAY
                         NORMAL    RECORD    YEAR
 MAXIMUM TEMPERATURE (F)   84       101      1911
 MINIMUM TEMPERATURE (F)   61        44      1904


SUNRISE AND SUNSET
JULY  2 2015..........SUNRISE   550 AM CDT   SUNSET   912 PM CDT
JULY  3 2015..........SUNRISE   551 AM CDT   SUNSET   911 PM CDT


-  INDICATES NEGATIVE NUMBERS.
R  INDICATES RECORD WAS SET OR TIED.
MM INDICATES DATA IS MISSING.
T  INDICATES TRACE AMOUNT.




$$
