000
CDUS43 KFSD 010633
CLIFSD


CLIMATE REPORT
NATIONAL WEATHER SERVICE SIOUX FALLS SD
1233 AM CST WED MAR 1 2017


...................................

...THE SIOUX FALLS SD CLIMATE SUMMARY FOR FEBRUARY 28 2017...

CLIMATE NORMAL PERIOD 1981 TO 2010
CLIMATE RECORD PERIOD 1893 TO 2017


WEATHER ITEM   OBSERVED TIME   RECORD YEAR NORMAL DEPARTURE LAST
                VALUE   (LST)  VALUE       VALUE  FROM      YEAR
                                                  NORMAL
..................................................................
TEMPERATURE (F)
 YESTERDAY
  MAXIMUM         41    245 PM  66    2000  36      5       44
  MINIMUM         32   1159 PM -31    1962  17     15       29
  AVERAGE         37                        26     11       37

PRECIPITATION (IN)
  YESTERDAY        T             1.41 2012   0.03  -0.03     0.07
  MONTH TO DATE    0.49                      0.60  -0.11     0.84
  SINCE DEC 1      3.03                      1.85   1.18     2.63
  SINCE JAN 1      1.11                      1.16  -0.05     1.32

SNOWFALL (IN)
  YESTERDAY        T             9.4  1951   0.3   -0.3      0.0
  MONTH TO DATE    5.1                       6.9   -1.8      8.5
  SINCE DEC 1     25.4                      22.8    2.6     34.5
  SINCE JUL 1     31.4                      31.5   -0.1     51.8
  SNOW DEPTH       0

DEGREE DAYS
 HEATING
  YESTERDAY       28                        39    -11       28
  MONTH TO DATE  925                      1219   -294     1064
  SINCE DEC 1   3671                      4138   -467     3726
  SINCE JUL 1   4806                      5850  -1044     5000

 COOLING
  YESTERDAY        0                         0      0        0
  MONTH TO DATE    0                         0      0        0
  SINCE DEC 1      0                         0      0        0
  SINCE JAN 1      0                         0      0        0
..................................................................


WIND (MPH)
  HIGHEST WIND SPEED    21   HIGHEST WIND DIRECTION    NE (50)
  HIGHEST GUST SPEED    23   HIGHEST GUST DIRECTION    NE (50)
  AVERAGE WIND SPEED    10.6


SKY COVER
  POSSIBLE SUNSHINE  MM
  AVERAGE SKY COVER 0.9


WEATHER CONDITIONS
 THE FOLLOWING WEATHER WAS RECORDED YESTERDAY.
  LIGHT SNOW
  FOG


RELATIVE HUMIDITY (PERCENT)
 HIGHEST    92           700 AM
 LOWEST     79           100 PM
 AVERAGE    86

..........................................................


THE SIOUX FALLS SD CLIMATE NORMALS FOR TODAY
                         NORMAL    RECORD    YEAR
 MAXIMUM TEMPERATURE (F)   36        68      1992
                                             1923
 MINIMUM TEMPERATURE (F)   17       -16      1962


SUNRISE AND SUNSET
MARCH  1 2017.........SUNRISE   703 AM CST   SUNSET   616 PM CST
MARCH  2 2017.........SUNRISE   701 AM CST   SUNSET   617 PM CST


-  INDICATES NEGATIVE NUMBERS.
R  INDICATES RECORD WAS SET OR TIED.
MM INDICATES DATA IS MISSING.
T  INDICATES TRACE AMOUNT.




$$
