000
CDUS44 KTSA 240912
CLIFSM

CLIMATE REPORT
NATIONAL WEATHER SERVICE TULSA OK
312 AM CST MON NOV 24 2014


...................................

...THE FORT SMITH ARKANSAS CLIMATE SUMMARY FOR NOVEMBER 23 2014...

CLIMATE NORMAL PERIOD 1981 TO 2010
CLIMATE RECORD PERIOD 1882 TO 2014


WEATHER ITEM   OBSERVED TIME   RECORD YEAR NORMAL DEPARTURE LAST
                VALUE   (LST)  VALUE       VALUE  FROM      YEAR
                                                  NORMAL
..................................................................
TEMPERATURE (F)
 YESTERDAY
  MAXIMUM         71    337 PM  79    1900  59     12       47
  MINIMUM         48   1159 PM  19    1975  37     11       33
                                      1948
  AVERAGE         60                        48     12       40

PRECIPITATION (IN)
  YESTERDAY        T             1.81 1973   0.15  -0.15      T
  MONTH TO DATE    1.58                      3.45  -1.87     2.36
  SINCE SEP 1     16.38                     11.82   4.56     8.04
  SINCE JAN 1     39.83                     41.18  -1.35    42.91

SNOWFALL (IN)
  YESTERDAY       MM                                         0.0
  MONTH TO DATE    T                                         0.0
  SINCE SEP 1      T                                         0.0
  SINCE JUL 1      T                                         0.0

DEGREE DAYS
 HEATING
  YESTERDAY        5                        17    -12       25
  MONTH TO DATE  433                       283    150      267
  SINCE SEP 1    508                       437     71      402
  SINCE JUL 1    508                       437     71      402
..................................................................


WIND (MPH)
  HIGHEST WIND SPEED    31   HIGHEST WIND DIRECTION     W (250)
  HIGHEST GUST SPEED    39   HIGHEST GUST DIRECTION     W (280)
  AVERAGE WIND SPEED    10.6


SKY COVER
  POSSIBLE SUNSHINE  MM
  AVERAGE SKY COVER 0.8


WEATHER CONDITIONS
 THE FOLLOWING WEATHER WAS RECORDED YESTERDAY.
  FOG


RELATIVE HUMIDITY (PERCENT)
 HIGHEST    93          1200 AM
 LOWEST     57           400 PM
 AVERAGE    75

..........................................................


THE FORT SMITH ARKANSAS CLIMATE NORMALS FOR TODAY
                         NORMAL    RECORD    YEAR
 MAXIMUM TEMPERATURE (F)   59        80      2010
                                             1965
 MINIMUM TEMPERATURE (F)   37        15      1970


SUNRISE AND SUNSET
NOVEMBER 24 2014......SUNRISE   701 AM CST   SUNSET   507 PM CST
NOVEMBER 25 2014......SUNRISE   702 AM CST   SUNSET   506 PM CST


-  INDICATES NEGATIVE NUMBERS.
R  INDICATES RECORD WAS SET OR TIED.
MM INDICATES DATA IS MISSING.
T  INDICATES TRACE AMOUNT.




$$

&&
...........................................................

THE ARKANSAS RIVER AT VAN BUREN

                   OBSERVED      24 HOUR     24 HOUR
                    VALUE        CHANGE      FORECAST

 STAGE (FEET)
  THIS MORNING       19.5         +0.3

MEAN FLOW (CFS)
  TODAY                                        13900
...........................................................
ALL DATA MEASURED AT THE FORT SMITH REGIONAL AIRPORT
