000
CDUS44 KTSA 200806
CLIFSM

CLIMATE REPORT
NATIONAL WEATHER SERVICE TULSA OK
302 AM CDT MON OCT 20 2014


...................................

...THE FORT SMITH ARKANSAS CLIMATE SUMMARY FOR OCTOBER 19 2014...

CLIMATE NORMAL PERIOD 1981 TO 2010
CLIMATE RECORD PERIOD 1882 TO 2014


WEATHER ITEM   OBSERVED TIME   RECORD YEAR NORMAL DEPARTURE LAST
                VALUE   (LST)  VALUE       VALUE  FROM      YEAR
                                                  NORMAL
..................................................................
TEMPERATURE (F)
 YESTERDAY
  MAXIMUM         72    249 PM  90    2005  74     -2       62
                                      1899
  MINIMUM         48    559 AM  29    1989  50     -2       42
  AVERAGE         60                        62     -2       52

PRECIPITATION (IN)
  YESTERDAY        0.00          2.35 1993   0.15  -0.15     0.01
  MONTH TO DATE    7.56                      2.59   4.97     3.24
  SINCE SEP 1     14.46                      6.64   7.82     4.74
  SINCE JAN 1     37.91                     36.00   1.91    39.61

SNOWFALL (IN)
  YESTERDAY        0.0                                       0.0
  MONTH TO DATE    0.0                                       0.0
  SINCE SEP 1      0.0                                       0.0
  SINCE JUL 1      0.0                                       0.0

DEGREE DAYS
 HEATING
  YESTERDAY        5                         5      0       13
  MONTH TO DATE   38                        60    -22       57
  SINCE SEP 1     42                        77    -35       57
  SINCE JUL 1     42                        77    -35       57

 COOLING
  YESTERDAY        0                         2     -2        0
  MONTH TO DATE   70                        54     16       81
  SINCE SEP 1    366                       337     29      500
  SINCE JAN 1   2029                      2032     -3     2303
..................................................................


WIND (MPH)
  HIGHEST WIND SPEED    12   HIGHEST WIND DIRECTION     E (80)
  HIGHEST GUST SPEED    15   HIGHEST GUST DIRECTION     E (100)
  AVERAGE WIND SPEED     3.7


SKY COVER
  POSSIBLE SUNSHINE  MM
  AVERAGE SKY COVER 0.0


WEATHER CONDITIONS
 THE FOLLOWING WEATHER WAS RECORDED YESTERDAY.
  NO SIGNIFICANT WEATHER WAS OBSERVED.


RELATIVE HUMIDITY (PERCENT)
 HIGHEST    93           500 AM
 LOWEST     44           100 PM
 AVERAGE    69

..........................................................


THE FORT SMITH ARKANSAS CLIMATE NORMALS FOR TODAY
                         NORMAL    RECORD    YEAR
 MAXIMUM TEMPERATURE (F)   74        88      2003
                                             1963
 MINIMUM TEMPERATURE (F)   49        26      1989


SUNRISE AND SUNSET
OCTOBER 20 2014.......SUNRISE   728 AM CDT   SUNSET   636 PM CDT
OCTOBER 21 2014.......SUNRISE   729 AM CDT   SUNSET   635 PM CDT


-  INDICATES NEGATIVE NUMBERS.
R  INDICATES RECORD WAS SET OR TIED.
MM INDICATES DATA IS MISSING.
T  INDICATES TRACE AMOUNT.




$$

&&
...........................................................

THE ARKANSAS RIVER AT VAN BUREN

                   OBSERVED      24 HOUR     24 HOUR
                    VALUE        CHANGE      FORECAST

 STAGE (FEET)
  THIS MORNING       19.7         -0.2

MEAN FLOW (CFS)
  TODAY                                        29600
...........................................................
ALL DATA MEASURED AT THE FORT SMITH REGIONAL AIRPORT
