000
CDUS44 KTSA 230901
CLIFSM

CLIMATE REPORT
NATIONAL WEATHER SERVICE TULSA OK
305 AM CST MON JAN 23 2017


...................................

...THE FORT SMITH ARKANSAS CLIMATE SUMMARY FOR JANUARY 22 2017...

CLIMATE NORMAL PERIOD 1981 TO 2010
CLIMATE RECORD PERIOD 1882 TO 2017


WEATHER ITEM   OBSERVED TIME   RECORD YEAR NORMAL DEPARTURE LAST
                VALUE   (LST)  VALUE       VALUE  FROM      YEAR
                                                  NORMAL
..................................................................
TEMPERATURE (F)
 YESTERDAY
  MAXIMUM         58    109 PM  78    1969  50      8       44
                                      1943
  MINIMUM         41   1159 PM  -9    1930  29     12       28
  AVERAGE         50                        40     10       36

PRECIPITATION (IN)
  YESTERDAY        0.57          1.30 1920   0.09   0.48     0.00
  MONTH TO DATE    2.34                      1.96   0.38     0.39
  SINCE DEC 1      3.11                      5.25  -2.14    11.20
  SINCE JAN 1      2.34                      1.96   0.38     0.39

SNOWFALL (IN)
  YESTERDAY        0.0                                       0.0
  MONTH TO DATE    2.0                                        T
  SINCE DEC 1      2.0                                        T
  SINCE JUL 1      2.0                                        T

DEGREE DAYS
 HEATING
  YESTERDAY       15                        25    -10       29
  MONTH TO DATE  461                       570   -109      596
  SINCE DEC 1   1154                      1304   -150     1073
  SINCE JUL 1   1440                      1869   -429     1430
..................................................................


WIND (MPH)
  HIGHEST WIND SPEED    30   HIGHEST WIND DIRECTION     N (360)
  HIGHEST GUST SPEED    40   HIGHEST GUST DIRECTION     N (10)
  AVERAGE WIND SPEED    10.6


SKY COVER
  POSSIBLE SUNSHINE  MM
  AVERAGE SKY COVER 0.8


WEATHER CONDITIONS
 THE FOLLOWING WEATHER WAS RECORDED YESTERDAY.
  THUNDERSTORM
  RAIN
  LIGHT RAIN
  FOG


RELATIVE HUMIDITY (PERCENT)
 HIGHEST    96          1000 AM
 LOWEST     63           800 PM
 AVERAGE    80

..........................................................


THE FORT SMITH ARKANSAS CLIMATE NORMALS FOR TODAY
                         NORMAL    RECORD    YEAR
 MAXIMUM TEMPERATURE (F)   50        78      1967
 MINIMUM TEMPERATURE (F)   29        -3      1930


SUNRISE AND SUNSET
JANUARY 23 2017.......SUNRISE   722 AM CST   SUNSET   537 PM CST
JANUARY 24 2017.......SUNRISE   722 AM CST   SUNSET   538 PM CST


-  INDICATES NEGATIVE NUMBERS.
R  INDICATES RECORD WAS SET OR TIED.
MM INDICATES DATA IS MISSING.
T  INDICATES TRACE AMOUNT.




$$

&&
...........................................................

THE ARKANSAS RIVER AT VAN BUREN

                   OBSERVED      24 HOUR     24 HOUR
                    VALUE        CHANGE      FORECAST

 STAGE (FEET)
  THIS MORNING       19.6         +0.2

MEAN FLOW (CFS)
  TODAY                                        -99
...........................................................
ALL DATA MEASURED AT THE FORT SMITH REGIONAL AIRPORT
