000
CDUS44 KTSA 302134
CLIFSM

CLIMATE REPORT
NATIONAL WEATHER SERVICE TULSA OK
418 PM CDT THU MAR 30 2017


...................................

...THE FORT SMITH ARKANSAS CLIMATE SUMMARY FOR MARCH 30 2017...
VALID TODAY AS OF 0400 PM LOCAL TIME.

CLIMATE NORMAL PERIOD 1981 TO 2010
CLIMATE RECORD PERIOD 1882 TO 2017


WEATHER ITEM   OBSERVED TIME   RECORD YEAR NORMAL DEPARTURE LAST
                VALUE   (LST)  VALUE       VALUE  FROM      YEAR
                                                  NORMAL
..................................................................
TEMPERATURE (F)
 TODAY
  MAXIMUM         57   1221 AM  92    1946  69    -12       67
  MINIMUM         50    410 AM  25    1975  45      5       59
  AVERAGE         54                        57     -3       63

PRECIPITATION (IN)
  TODAY            0.00          1.91 1985   0.14  -0.14     0.61
  MONTH TO DATE    3.75                      3.71   0.04     5.26
  SINCE MAR 1      3.75                      3.71   0.04     5.26
  SINCE JAN 1      8.57                      9.28  -0.71     7.41

SNOWFALL (IN)
  TODAY            0.0                                       0.0
  MONTH TO DATE    0.0                                       0.0
  SINCE MAR 1      0.0                                       0.0
  SINCE JUL 1      2.0                                        T

DEGREE DAYS
 HEATING
  TODAY           11                         9      2        2
  MONTH TO DATE  252                       378   -126      262
  SINCE MAR 1    252                       378   -126      262
  SINCE JUL 1   2161                      3051   -890     2331

 COOLING
  TODAY            0                         1     -1        0
  MONTH TO DATE   34                         8     26        6
  SINCE MAR 1     34                         8     26        6
  SINCE JAN 1     50                         9     41        7
..................................................................


WIND (MPH)
  HIGHEST WIND SPEED    22   HIGHEST WIND DIRECTION     W (250)
  HIGHEST GUST SPEED    27   HIGHEST GUST DIRECTION     W (250)
  AVERAGE WIND SPEED    13.2


SKY COVER
  POSSIBLE SUNSHINE  MM
  AVERAGE SKY COVER 0.8


WEATHER CONDITIONS
 THE FOLLOWING WEATHER WAS RECORDED TODAY.
  NO SIGNIFICANT WEATHER WAS OBSERVED.


RELATIVE HUMIDITY (PERCENT)
 HIGHEST    74           300 AM
 LOWEST     61           300 PM
 AVERAGE    68

..........................................................


THE FORT SMITH ARKANSAS CLIMATE NORMALS FOR TOMORROW
                         NORMAL    RECORD    YEAR
 MAXIMUM TEMPERATURE (F)   69        94      1974
 MINIMUM TEMPERATURE (F)   45        24      1987


SUNRISE AND SUNSET
MARCH 30 2017.........SUNRISE   707 AM CDT   SUNSET   738 PM CDT
MARCH 31 2017.........SUNRISE   705 AM CDT   SUNSET   738 PM CDT


-  INDICATES NEGATIVE NUMBERS.
R  INDICATES RECORD WAS SET OR TIED.
MM INDICATES DATA IS MISSING.
T  INDICATES TRACE AMOUNT.




$$

&&
...........................................................

THE ARKANSAS RIVER AT VAN BUREN

                   OBSERVED      24 HOUR     24 HOUR
                    VALUE        CHANGE      FORECAST

 STAGE (FEET)
  THIS AFTERNOON     19.4         -0.5

MEAN FLOW (CFS)
  TODAY                                        -99
...........................................................
ALL DATA MEASURED AT THE FORT SMITH REGIONAL AIRPORT
