000
CDUS44 KTSA 310810
CLIFSM

CLIMATE REPORT
NATIONAL WEATHER SERVICE TULSA OK
147 AM CDT FRI JUL 31 2015


...................................

...THE FORT SMITH ARKANSAS CLIMATE SUMMARY FOR JULY 30 2015...

CLIMATE NORMAL PERIOD 1981 TO 2010
CLIMATE RECORD PERIOD 1882 TO 2015


WEATHER ITEM   OBSERVED TIME   RECORD YEAR NORMAL DEPARTURE LAST
                VALUE   (LST)  VALUE       VALUE  FROM      YEAR
                                                  NORMAL
..................................................................
TEMPERATURE (F)
 YESTERDAY
  MAXIMUM         94    238 PM 109    1986  94      0       74
  MINIMUM         77   1133 PM  58    1965  72      5       69
  AVERAGE         86                        83      3       72

PRECIPITATION (IN)
  YESTERDAY        T             3.26 1996   0.11  -0.11     0.77
  MONTH TO DATE    8.79                      3.20   5.59     2.49
  SINCE JUN 1     11.92                      7.48   4.44     6.94
  SINCE JAN 1     45.17                     26.67  18.50    21.68

DEGREE DAYS
 COOLING
  YESTERDAY       21                        18      3        7
  MONTH TO DATE  596                       520     76      414
  SINCE JUN 1   1079                       905    174      852
  SINCE JAN 1   1319                      1149    170     1130
..................................................................


WIND (MPH)
  HIGHEST WIND SPEED    16   HIGHEST WIND DIRECTION    NE (30)
  HIGHEST GUST SPEED    19   HIGHEST GUST DIRECTION     N (10)
  AVERAGE WIND SPEED     7.4


SKY COVER
  POSSIBLE SUNSHINE  MM
  AVERAGE SKY COVER 0.1


WEATHER CONDITIONS
 THE FOLLOWING WEATHER WAS RECORDED YESTERDAY.
  NO SIGNIFICANT WEATHER WAS OBSERVED.


RELATIVE HUMIDITY (PERCENT)
 HIGHEST    85           500 AM
 LOWEST     49           400 PM
 AVERAGE    67

..........................................................


THE FORT SMITH ARKANSAS CLIMATE NORMALS FOR TODAY
                         NORMAL    RECORD    YEAR
 MAXIMUM TEMPERATURE (F)   94       109      1986
 MINIMUM TEMPERATURE (F)   72        53      1971


SUNRISE AND SUNSET
JULY 31 2015..........SUNRISE   625 AM CDT   SUNSET   822 PM CDT
AUGUST  1 2015........SUNRISE   626 AM CDT   SUNSET   821 PM CDT


-  INDICATES NEGATIVE NUMBERS.
R  INDICATES RECORD WAS SET OR TIED.
MM INDICATES DATA IS MISSING.
T  INDICATES TRACE AMOUNT.




$$

&&
...........................................................

THE ARKANSAS RIVER AT VAN BUREN

                   OBSERVED      24 HOUR     24 HOUR
                    VALUE        CHANGE      FORECAST

 STAGE (FEET)
  THIS MORNING       19.7         -0.0

MEAN FLOW (CFS)
  TODAY                                        58200
...........................................................
ALL DATA MEASURED AT THE FORT SMITH REGIONAL AIRPORT
