000
CDUS44 KTSA 252223
CLIFSM

CLIMATE REPORT
NATIONAL WEATHER SERVICE TULSA OK
418 PM CST SUN JAN 25 2015


...................................

...THE FORT SMITH ARKANSAS CLIMATE SUMMARY FOR JANUARY 25 2015...
VALID TODAY AS OF 0400 PM LOCAL TIME.

CLIMATE NORMAL PERIOD 1981 TO 2010
CLIMATE RECORD PERIOD 1882 TO 2015


WEATHER ITEM   OBSERVED TIME   RECORD YEAR NORMAL DEPARTURE LAST
                VALUE   (LST)  VALUE       VALUE  FROM      YEAR
                                                  NORMAL
..................................................................
TEMPERATURE (F)
 TODAY
  MAXIMUM         56   1049 AM  80    1950  51      5       64
  MINIMUM         35   1230 AM   2    1905  29      6       24
  AVERAGE         46                        40      6       44

PRECIPITATION (IN)
  TODAY            T             2.99 2012   0.09  -0.09     0.00
  MONTH TO DATE    2.16                      2.24  -0.08     0.79
  SINCE DEC 1      4.47                      5.53  -1.06     4.89
  SINCE JAN 1      2.16                      2.24  -0.08     0.79

SNOWFALL (IN)
  TODAY            0.0                                       0.0
  MONTH TO DATE    T                                          T
  SINCE DEC 1      T                                         5.0
  SINCE JUL 1      T                                         5.0

DEGREE DAYS
 HEATING
  TODAY           19                        25     -6       21
  MONTH TO DATE  677                       645     32      689
  SINCE DEC 1   1336                      1379    -43     1486
  SINCE JUL 1   1955                      1944     11     2076
..................................................................


WIND (MPH)
  HIGHEST WIND SPEED    30   HIGHEST WIND DIRECTION     W (290)
  HIGHEST GUST SPEED    39   HIGHEST GUST DIRECTION    NW (310)
  AVERAGE WIND SPEED    11.3


SKY COVER
  POSSIBLE SUNSHINE  MM
  AVERAGE SKY COVER 0.5


WEATHER CONDITIONS
 THE FOLLOWING WEATHER WAS RECORDED TODAY.
  LIGHT RAIN


RELATIVE HUMIDITY (PERCENT)
 HIGHEST    83           600 AM
 LOWEST     43          1100 AM
 AVERAGE    63

..........................................................


THE FORT SMITH ARKANSAS CLIMATE NORMALS FOR TOMORROW
                         NORMAL    RECORD    YEAR
 MAXIMUM TEMPERATURE (F)   51        80      1952
                                             1890
 MINIMUM TEMPERATURE (F)   29         3      1904


SUNRISE AND SUNSET
JANUARY 25 2015.......SUNRISE   722 AM CST   SUNSET   538 PM CST
JANUARY 26 2015.......SUNRISE   721 AM CST   SUNSET   539 PM CST


-  INDICATES NEGATIVE NUMBERS.
R  INDICATES RECORD WAS SET OR TIED.
MM INDICATES DATA IS MISSING.
T  INDICATES TRACE AMOUNT.




$$

&&
...........................................................

THE ARKANSAS RIVER AT VAN BUREN

                   OBSERVED      24 HOUR     24 HOUR
                    VALUE        CHANGE      FORECAST

 STAGE (FEET)
  THIS AFTERNOON     19.8         +1.0

MEAN FLOW (CFS)
  TODAY                                        5000
...........................................................
ALL DATA MEASURED AT THE FORT SMITH REGIONAL AIRPORT
