000
CDUS44 KTSA 310859
CLIFSM

CLIMATE REPORT
NATIONAL WEATHER SERVICE TULSA OK
358 AM CDT TUE MAY 31 2016


...................................

...THE FORT SMITH ARKANSAS CLIMATE SUMMARY FOR MAY 30 2016...

CLIMATE NORMAL PERIOD 1981 TO 2010
CLIMATE RECORD PERIOD 1882 TO 2016


WEATHER ITEM   OBSERVED TIME   RECORD YEAR NORMAL DEPARTURE LAST
                VALUE   (LST)  VALUE       VALUE  FROM      YEAR
                                                  NORMAL
..................................................................
TEMPERATURE (F)
 YESTERDAY
  MAXIMUM         76    434 PM  97    2003  84     -8       76
  MINIMUM         66    449 AM  45    1947  63      3       66
  AVERAGE         71                        74     -3       71

PRECIPITATION (IN)
  YESTERDAY        0.01          1.92 2001   0.16  -0.15      T
  MONTH TO DATE    3.69                      5.30  -1.61    19.85
  SINCE MAR 1     15.05                     13.45   1.60    28.64
  SINCE JAN 1     17.20                     19.02  -1.82    33.25

DEGREE DAYS
 COOLING
  YESTERDAY        6                         9     -3        6
  MONTH TO DATE  128                       168    -40      168
  SINCE MAR 1    176                       233    -57      236
  SINCE JAN 1    177                       234    -57      236
..................................................................


WIND (MPH)
  HIGHEST WIND SPEED    14   HIGHEST WIND DIRECTION    NE (60)
  HIGHEST GUST SPEED    17   HIGHEST GUST DIRECTION    NE (60)
  AVERAGE WIND SPEED     4.8


SKY COVER
  POSSIBLE SUNSHINE  MM
  AVERAGE SKY COVER 0.6


WEATHER CONDITIONS
 THE FOLLOWING WEATHER WAS RECORDED YESTERDAY.
  THUNDERSTORM
  FOG


RELATIVE HUMIDITY (PERCENT)
 HIGHEST    93           300 AM
 LOWEST     68          1200 PM
 AVERAGE    81

..........................................................


THE FORT SMITH ARKANSAS CLIMATE NORMALS FOR TODAY
                         NORMAL    RECORD    YEAR
 MAXIMUM TEMPERATURE (F)   84        99      1934
 MINIMUM TEMPERATURE (F)   64        42      1889


SUNRISE AND SUNSET
MAY 31 2016...........SUNRISE   604 AM CDT   SUNSET   827 PM CDT
JUNE  1 2016..........SUNRISE   604 AM CDT   SUNSET   827 PM CDT


-  INDICATES NEGATIVE NUMBERS.
R  INDICATES RECORD WAS SET OR TIED.
MM INDICATES DATA IS MISSING.
T  INDICATES TRACE AMOUNT.




$$

&&
...........................................................

THE ARKANSAS RIVER AT VAN BUREN

                   OBSERVED      24 HOUR     24 HOUR
                    VALUE        CHANGE      FORECAST

 STAGE (FEET)
  THIS MORNING       19.2         -0.8

MEAN FLOW (CFS)
  TODAY                                        -99
...........................................................
ALL DATA MEASURED AT THE FORT SMITH REGIONAL AIRPORT
