415
CDUS44 KTSA 160912
CLIFSM

CLIMATE REPORT
NATIONAL WEATHER SERVICE TULSA OK
1247 AM CST TUE JAN 16 2018


...................................

...THE FORT SMITH ARKANSAS CLIMATE SUMMARY FOR JANUARY 15 2018...

CLIMATE NORMAL PERIOD 1981 TO 2010
CLIMATE RECORD PERIOD 1882 TO 2018


WEATHER ITEM   OBSERVED TIME   RECORD YEAR NORMAL DEPARTURE LAST
                VALUE   (LST)  VALUE       VALUE  FROM      YEAR
                                                  NORMAL
..................................................................
TEMPERATURE (F)
 YESTERDAY
  MAXIMUM         46   1222 PM  72    1990  50     -4       50
                                      1928
                                      1901
  MINIMUM         18   1159 PM   1    1888  29    -11       43
  AVERAGE         32                        39     -7       47

PRECIPITATION (IN)
  YESTERDAY        0.00          1.11 1954   0.09  -0.09     0.11
  MONTH TO DATE    0.54                      1.31  -0.77     0.91
  SINCE DEC 1      2.82                      4.60  -1.78     1.68
  SINCE JAN 1      0.54                      1.31  -0.77     0.91

SNOWFALL (IN)
  YESTERDAY        0.0                                       0.0
  MONTH TO DATE    T                                         2.0
  SINCE DEC 1      T                                         2.0
  SINCE JUL 1      T                                         2.0

DEGREE DAYS
 HEATING
  YESTERDAY       33                        26      7       18
  MONTH TO DATE  458                       390     68      359
  SINCE DEC 1   1135                      1124     11     1052
  SINCE JUL 1   1571                      1689   -118     1338
..................................................................


WIND (MPH)
  HIGHEST WIND SPEED    22   HIGHEST WIND DIRECTION     N (350)
  HIGHEST GUST SPEED    27   HIGHEST GUST DIRECTION     N (350)
  AVERAGE WIND SPEED     9.9


SKY COVER
  POSSIBLE SUNSHINE  MM
  AVERAGE SKY COVER 0.6


WEATHER CONDITIONS
 THE FOLLOWING WEATHER WAS RECORDED YESTERDAY.
  NO SIGNIFICANT WEATHER WAS OBSERVED.


RELATIVE HUMIDITY (PERCENT)
 HIGHEST    81           600 AM
 LOWEST     45          1100 AM
 AVERAGE    63

..........................................................


THE FORT SMITH ARKANSAS CLIMATE NORMALS FOR TODAY
                         NORMAL    RECORD    YEAR
 MAXIMUM TEMPERATURE (F)   50        77      1894
 MINIMUM TEMPERATURE (F)   29         6      1982


SUNRISE AND SUNSET
JANUARY 16 2018.......SUNRISE   725 AM CST   SUNSET   529 PM CST
JANUARY 17 2018.......SUNRISE   725 AM CST   SUNSET   530 PM CST


-  INDICATES NEGATIVE NUMBERS.
R  INDICATES RECORD WAS SET OR TIED.
MM INDICATES DATA IS MISSING.
T  INDICATES TRACE AMOUNT.




$$

&&
...........................................................

THE ARKANSAS RIVER AT VAN BUREN

                   OBSERVED      24 HOUR     24 HOUR
                    VALUE        CHANGE      FORECAST

 STAGE (FEET)
  THIS MORNING       19.5         -0.1

 MEAN FLOW (CFS)
  TODAY                                        416
...........................................................
ALL DATA MEASURED AT THE FORT SMITH REGIONAL AIRPORT
