000
CDUS44 KTSA 090958
CLIFSM

CLIMATE REPORT
NATIONAL WEATHER SERVICE TULSA OK
358 AM CST FRI DEC 9 2016


...................................

...THE FORT SMITH ARKANSAS CLIMATE SUMMARY FOR DECEMBER 8 2016...

CLIMATE NORMAL PERIOD 1981 TO 2010
CLIMATE RECORD PERIOD 1882 TO 2016


WEATHER ITEM   OBSERVED TIME   RECORD YEAR NORMAL DEPARTURE LAST
                VALUE   (LST)  VALUE       VALUE  FROM      YEAR
                                                  NORMAL
..................................................................
TEMPERATURE (F)
 YESTERDAY
  MAXIMUM         39    324 PM  80    1991  53    -14       72
  MINIMUM         25   1159 PM   3    1917  33     -8       35
  AVERAGE         32                        43    -11       54

PRECIPITATION (IN)
  YESTERDAY        0.00          2.08 1994   0.12  -0.12     0.00
  MONTH TO DATE    0.66                      0.99  -0.33     0.00
  SINCE DEC 1      0.66                      0.99  -0.33     0.00
  SINCE JAN 1     31.07                     43.16 -12.09    63.12

SNOWFALL (IN)
  YESTERDAY        0.0                                       0.0
  MONTH TO DATE    0.0                                       0.0
  SINCE DEC 1      0.0                                       0.0
  SINCE JUL 1      0.0                                       0.0

DEGREE DAYS
 HEATING
  YESTERDAY       33                        22     11       11
  MONTH TO DATE  172                       169      3      148
  SINCE DEC 1    172                       169      3      148
  SINCE JUL 1    458                       734   -276      505
..................................................................


WIND (MPH)
  HIGHEST WIND SPEED    18   HIGHEST WIND DIRECTION     N (20)
  HIGHEST GUST SPEED    23   HIGHEST GUST DIRECTION     N (20)
  AVERAGE WIND SPEED     9.2


SKY COVER
  POSSIBLE SUNSHINE  MM
  AVERAGE SKY COVER 0.1


WEATHER CONDITIONS
 THE FOLLOWING WEATHER WAS RECORDED YESTERDAY.
  NO SIGNIFICANT WEATHER WAS OBSERVED.


RELATIVE HUMIDITY (PERCENT)
 HIGHEST    75           100 AM
 LOWEST     25           300 PM
 AVERAGE    50

..........................................................


THE FORT SMITH ARKANSAS CLIMATE NORMALS FOR TODAY
                         NORMAL    RECORD    YEAR
 MAXIMUM TEMPERATURE (F)   53        75      1940
 MINIMUM TEMPERATURE (F)   32         2      1917


SUNRISE AND SUNSET
DECEMBER  9 2016......SUNRISE   715 AM CST   SUNSET   505 PM CST
DECEMBER 10 2016......SUNRISE   716 AM CST   SUNSET   505 PM CST


-  INDICATES NEGATIVE NUMBERS.
R  INDICATES RECORD WAS SET OR TIED.
MM INDICATES DATA IS MISSING.
T  INDICATES TRACE AMOUNT.




$$

&&
...........................................................

THE ARKANSAS RIVER AT VAN BUREN

                   OBSERVED      24 HOUR     24 HOUR
                    VALUE        CHANGE      FORECAST

 STAGE (FEET)
  THIS MORNING       20.0         +0.4

MEAN FLOW (CFS)
  TODAY                                        -99
...........................................................
ALL DATA MEASURED AT THE FORT SMITH REGIONAL AIRPORT
