000
CDUS42 KFFC 310824
CLIFTY


CLIMATE REPORT
NATIONAL WEATHER SERVICE PEACHTREE CITY GA
423 AM EDT SUN AUG 31 2014


...................................

...THE FULTON COUNTY AIRPORT CLIMATE SUMMARY FOR AUGUST 30 2014...

CLIMATE NORMAL PERIOD 1981 TO 2010
CLIMATE RECORD PERIOD 9999 TO 9999


WEATHER ITEM   OBSERVED TIME   RECORD YEAR NORMAL DEPARTURE LAST
                VALUE   (LST)  VALUE       VALUE  FROM      YEAR
                                                  NORMAL
..................................................................
TEMPERATURE (F)
 YESTERDAY
  MAXIMUM         89    150 PM  MM      MM  87      2       87
  MINIMUM         67    613 AM  MM      MM  67      0       73
  AVERAGE         78                        77      1       80

PRECIPITATION (IN)
  YESTERDAY        0.41         MM      MM   0.11   0.30     0.00
  MONTH TO DATE    3.71                      4.62  -0.91     3.20
  SINCE JUN 1     11.90                     13.81  -1.91    22.93
  SINCE JAN 1     30.70                     35.30  -4.60    33.18

DEGREE DAYS
 COOLING
  YESTERDAY       13                        12      1       15
  MONTH TO DATE  397                       416    -19      370
  SINCE JUN 1   1164                      1225    -61     1142
  SINCE JAN 1   1380                      1425    -45     1305
..................................................................


WIND (MPH)
  RESULTANT WIND SPEED   2   RESULTANT WIND DIRECTION  SE (120)
  HIGHEST WIND SPEED    24   HIGHEST WIND DIRECTION     S (160)
  HIGHEST GUST SPEED    31   HIGHEST GUST DIRECTION    SE (140)
  AVERAGE WIND SPEED     4.1


SKY COVER
  AVERAGE SKY COVER 0.4


WEATHER CONDITIONS
 THE FOLLOWING WEATHER WAS RECORDED YESTERDAY.
  THUNDERSTORM
  HEAVY RAIN
  LIGHT RAIN
  FOG
  HAZE


RELATIVE HUMIDITY (PERCENT)
 HIGHEST    93           600 AM
 LOWEST     56           100 PM
 AVERAGE    75

..........................................................


THE FULTON COUNTY AIRPORT CLIMATE NORMALS FOR TODAY
                         NORMAL    RECORD    YEAR
 MAXIMUM TEMPERATURE (F)   87        MM        MM
 MINIMUM TEMPERATURE (F)   67        MM        MM


SUNRISE AND SUNSET
AUGUST 31 2014........SUNRISE   711 AM EDT   SUNSET   805 PM EDT
SEPTEMBER  1 2014.....SUNRISE   712 AM EDT   SUNSET   804 PM EDT


-  INDICATES NEGATIVE NUMBERS.
R  INDICATES RECORD WAS SET OR TIED.
MM INDICATES DATA IS MISSING.
T  INDICATES TRACE AMOUNT.




$$
