000
CDUS42 KFFC 020023
CLIFTY


CLIMATE REPORT
NATIONAL WEATHER SERVICE PEACHTREE CITY GA
822 PM EDT FRI AUG 1 2014


...................................

...THE FULTON COUNTY AIRPORT CLIMATE SUMMARY FOR AUGUST 1 2014...
VALID AS OF 0800 PM LOCAL TIME.

CLIMATE NORMAL PERIOD 1981 TO 2010
CLIMATE RECORD PERIOD 9999 TO 9999


WEATHER ITEM   OBSERVED TIME   RECORD YEAR NORMAL DEPARTURE LAST
                VALUE   (LST)  VALUE       VALUE  FROM      YEAR
                                                  NORMAL
..................................................................
TEMPERATURE (F)
 TODAY
  MAXIMUM         83    459 PM  MM      MM  89     -6       88
  MINIMUM         67    718 AM  MM      MM  71     -4       71
  AVERAGE         75                        80     -5       80

PRECIPITATION (IN)
  TODAY            0.03         MM      MM   0.18  -0.15     0.14
  MONTH TO DATE    0.03                      0.18  -0.15     0.14
  SINCE JUN 1      8.22                      9.37  -1.15    19.87

SNOWFALL (IN)
  TODAY           MM            MM      MM  MM     MM       MM
  MONTH TO DATE   MM                        MM     MM        0.0
  SINCE JUN 1      0.0                      MM     MM        0.0
  SINCE JUL 1      0.0                      MM     MM        0.0
  SNOW DEPTH      MM

DEGREE DAYS
 HEATING
  TODAY            0                         0      0        0
  MONTH TO DATE    0                         0      0        0
  SINCE JUN 1      0                         0      0        0
  SINCE JUL 1      0                         0      0        0

 COOLING
  TODAY           10                        15     -5       15
  MONTH TO DATE   10                        15     -5       15
  SINCE JUN 1    777                       824    -47      787
  SINCE JAN 1    993                      1024    -31      950
..................................................................


WIND (MPH)
  RESULTANT WIND SPEED   6   RESULTANT WIND DIRECTION  NE (60)
  HIGHEST WIND SPEED    12   HIGHEST WIND DIRECTION     E (70)
  HIGHEST GUST SPEED    16   HIGHEST GUST DIRECTION    NE (60)
  AVERAGE WIND SPEED     6.2


SKY COVER
  AVERAGE SKY COVER 0.8


WEATHER CONDITIONS
 THE FOLLOWING WEATHER WAS RECORDED TODAY.
  LIGHT RAIN


RELATIVE HUMIDITY (PERCENT)
 HIGHEST    93          1200 AM
 LOWEST     58           500 PM
 AVERAGE    76

..........................................................


THE FULTON COUNTY AIRPORT CLIMATE NORMALS FOR TOMORROW
                         NORMAL    RECORD    YEAR
 MAXIMUM TEMPERATURE (F)   89        MM        MM
 MINIMUM TEMPERATURE (F)   71        MM        MM


SUNRISE AND SUNSET
AUGUST  1 2014........SUNRISE   650 AM EDT   SUNSET   838 PM EDT
AUGUST  2 2014........SUNRISE   651 AM EDT   SUNSET   838 PM EDT


-  INDICATES NEGATIVE NUMBERS.
R  INDICATES RECORD WAS SET OR TIED.
MM INDICATES DATA IS MISSING.
T  INDICATES TRACE AMOUNT.




$$
