000
CDUS46 KSGX 281417
CLIFUL


CLIMATE REPORT
NATIONAL WEATHER SERVICE SAN DIEGO, CA
617 AM PST SUN DEC 28 2014


...................................

...THE FULLERTON AIRPORT CA CLIMATE SUMMARY FOR DECEMBER 27 2014...

CLIMATE NORMAL PERIOD 1981 TO 2010
CLIMATE RECORD PERIOD 1998 TO 2014


WEATHER ITEM   OBSERVED TIME   RECORD YEAR NORMAL DEPARTURE LAST
                VALUE   (LST)  VALUE       VALUE  FROM      YEAR
                                                  NORMAL
..................................................................
TEMPERATURE (F)
 YESTERDAY
  MAXIMUM         64    238 PM  85    2013  67     -3       85
  MINIMUM         45   1105 PM  34    2008  44      1       45
  AVERAGE         55                        56     -1       65

PRECIPITATION (IN)
  YESTERDAY        0.00          0.19 2006   0.12  -0.12     0.00
  MONTH TO DATE    3.09                      1.50   1.59     0.53
  SINCE JUL 1      3.87                      3.68   0.19     1.31
  SINCE JAN 1      7.33                     13.33  -6.00     3.84

SNOWFALL (IN)
  YESTERDAY        0.0
  MONTH TO DATE    0.0
  SINCE JAN 1      0.0
  SINCE JUL 1      0.0
  SNOW DEPTH       0

DEGREE DAYS
 HEATING
  YESTERDAY       10                         9      1        0
  MONTH TO DATE  117                       237   -120      184
  SINCE DEC 1    117                       237   -120      184
  SINCE JUL 1    141                       401   -260      260

 COOLING
  YESTERDAY        0                         0      0        0
  MONTH TO DATE    4                         0      4        6
  SINCE DEC 1      4                         0      4        6
  SINCE JAN 1   2113                      1251    862     1902
..................................................................


WIND (MPH)
  RESULTANT WIND SPEED   4   RESULTANT WIND DIRECTION   E (70)
  HIGHEST WIND SPEED    21   HIGHEST WIND DIRECTION     E (80)
  HIGHEST GUST SPEED    27   HIGHEST GUST DIRECTION     E (80)
  AVERAGE WIND SPEED     5.3


SKY COVER
  POSSIBLE SUNSHINE  MM
  AVERAGE SKY COVER 0.0


WEATHER CONDITIONS
 THE FOLLOWING WEATHER WAS RECORDED YESTERDAY.
  NO SIGNIFICANT WEATHER WAS OBSERVED.


RELATIVE HUMIDITY (PERCENT)
 HIGHEST    60          1100 PM
 LOWEST     14           400 PM
 AVERAGE    37

..........................................................


THE FULLERTON AIRPORT CA CLIMATE NORMALS FOR TODAY
                         NORMAL    RECORD    YEAR
 MAXIMUM TEMPERATURE (F)   67        80      2011
 MINIMUM TEMPERATURE (F)   44        33      2003


SUNRISE AND SUNSET
DECEMBER 28 2014......SUNRISE   656 AM PST   SUNSET   451 PM PST
DECEMBER 29 2014......SUNRISE   656 AM PST   SUNSET   452 PM PST


-  INDICATES NEGATIVE NUMBERS.
R  INDICATES RECORD WAS SET OR TIED.
MM INDICATES DATA IS MISSING.
T  INDICATES TRACE AMOUNT.




$$
