889
CDUS46 KSGX 261435
CLIFUL


CLIMATE REPORT
NATIONAL WEATHER SERVICE SAN DIEGO, CA
735 AM PDT WED APR 26 2017


...................................

...THE FULLERTON AIRPORT CA CLIMATE SUMMARY FOR APRIL 25 2017...

CLIMATE NORMAL PERIOD 1981 TO 2010
CLIMATE RECORD PERIOD 1998 TO 2017


WEATHER ITEM   OBSERVED TIME   RECORD YEAR NORMAL DEPARTURE LAST
                VALUE   (LST)  VALUE       VALUE  FROM      YEAR
                                                  NORMAL
..................................................................
TEMPERATURE (F)
 YESTERDAY
  MAXIMUM         79   1213 PM  93    2004  74      5       70
  MINIMUM         60    556 AM  50    2009  54      6       55
  AVERAGE         70                        64      6       63

PRECIPITATION (IN)
  YESTERDAY        0.00          0.20 2014   0.03  -0.03      T
  MONTH TO DATE    0.03                      0.74  -0.71     0.10
  SINCE OCT 1     16.37                     13.08   3.29     5.20
  SINCE JAN 1     10.46                      9.18   1.28     4.15

DEGREE DAYS
 HEATING
  YESTERDAY        0                         3     -3        2
  MONTH TO DATE   15                        92    -77       10
  SINCE MAR 1     72                       262   -190       73
  SINCE JUL 1    769                      1184   -415      752

 COOLING
  YESTERDAY        5                         2      3        0
  MONTH TO DATE   63                        23     40       84
  SINCE MAR 1    101                        36     65      105
  SINCE JAN 1    104                        45     59      177
..................................................................


WIND (MPH)
  RESULTANT WIND SPEED   3   RESULTANT WIND DIRECTION  SE (150)
  HIGHEST WIND SPEED    15   HIGHEST WIND DIRECTION    SW (220)
  HIGHEST GUST SPEED    24   HIGHEST GUST DIRECTION    SW (240)
  AVERAGE WIND SPEED     5.2


SKY COVER
  POSSIBLE SUNSHINE  MM
  AVERAGE SKY COVER 0.3


WEATHER CONDITIONS
 THE FOLLOWING WEATHER WAS RECORDED YESTERDAY.
  NO SIGNIFICANT WEATHER WAS OBSERVED.


RELATIVE HUMIDITY (PERCENT)
 HIGHEST    84          1200 AM
 LOWEST     20          1200 PM
 AVERAGE    52

..........................................................


THE FULLERTON AIRPORT CA CLIMATE NORMALS FOR TODAY
                         NORMAL    RECORD    YEAR
 MAXIMUM TEMPERATURE (F)   74       101      2004
 MINIMUM TEMPERATURE (F)   54        49      2009


SUNRISE AND SUNSET
APRIL 26 2017.........SUNRISE   608 AM PDT   SUNSET   732 PM PDT
APRIL 27 2017.........SUNRISE   607 AM PDT   SUNSET   733 PM PDT


-  INDICATES NEGATIVE NUMBERS.
R  INDICATES RECORD WAS SET OR TIED.
MM INDICATES DATA IS MISSING.
T  INDICATES TRACE AMOUNT.




$$
