000
CDUS46 KSGX 021420
CLIFUL


CLIMATE REPORT
NATIONAL WEATHER SERVICE SAN DIEGO, CA
620 AM PST MON MAR 2 2015


...................................

...THE FULLERTON AIRPORT CA CLIMATE SUMMARY FOR MARCH 1 2015...

CLIMATE NORMAL PERIOD 1981 TO 2010
CLIMATE RECORD PERIOD 1998 TO 2015


WEATHER ITEM   OBSERVED TIME   RECORD YEAR NORMAL DEPARTURE LAST
                VALUE   (LST)  VALUE       VALUE  FROM      YEAR
                                                  NORMAL
..................................................................
TEMPERATURE (F)
 YESTERDAY
  MAXIMUM         62    347 PM  92    2013  69     -7       64
  MINIMUM         50    640 AM  38    2007  50      0       54
  AVERAGE         56                        59     -3       59

PRECIPITATION (IN)
  YESTERDAY        0.06          0.64 2014   0.16  -0.10     0.64
  MONTH TO DATE    0.06                      0.16  -0.10     0.64
  SINCE OCT 1      5.00                     10.34  -5.34     4.28
  SINCE JAN 1      1.18                      6.44  -5.26     2.97

SNOWFALL (IN)
  YESTERDAY        0.0
  MONTH TO DATE    0.0
  SINCE JAN 1      0.0
  SINCE JUL 1      0.0
  SNOW DEPTH       0

DEGREE DAYS
 HEATING
  YESTERDAY        9                         6      3        6
  MONTH TO DATE    9                         6      3        6
  SINCE MAR 1      9                         6      3        6
  SINCE JUL 1    372                       928   -556      504

 COOLING
  YESTERDAY        0                         0      0        0
  MONTH TO DATE    0                         0      0        0
  SINCE MAR 1      0                         0      0        0
  SINCE JAN 1     51                         9     42       20
..................................................................


WIND (MPH)
  RESULTANT WIND SPEED   4   RESULTANT WIND DIRECTION  SE (130)
  HIGHEST WIND SPEED    12   HIGHEST WIND DIRECTION     S (180)
  HIGHEST GUST SPEED    17   HIGHEST GUST DIRECTION     S (180)
  AVERAGE WIND SPEED     5.5


SKY COVER
  POSSIBLE SUNSHINE  MM
  AVERAGE SKY COVER 0.6


WEATHER CONDITIONS
 THE FOLLOWING WEATHER WAS RECORDED YESTERDAY.
  RAIN
  LIGHT RAIN
  FOG


RELATIVE HUMIDITY (PERCENT)
 HIGHEST    89           400 AM
 LOWEST     52           300 PM
 AVERAGE    71

..........................................................


THE FULLERTON AIRPORT CA CLIMATE NORMALS FOR TODAY
                         NORMAL    RECORD    YEAR
 MAXIMUM TEMPERATURE (F)   69        87      2013
 MINIMUM TEMPERATURE (F)   50        40      2007


SUNRISE AND SUNSET
MARCH  2 2015.........SUNRISE   619 AM PST   SUNSET   549 PM PST
MARCH  3 2015.........SUNRISE   618 AM PST   SUNSET   550 PM PST


-  INDICATES NEGATIVE NUMBERS.
R  INDICATES RECORD WAS SET OR TIED.
MM INDICATES DATA IS MISSING.
T  INDICATES TRACE AMOUNT.




$$
