000
CDUS46 KSGX 231519
CLIFUL


CLIMATE REPORT
NATIONAL WEATHER SERVICE SAN DIEGO, CA
719 AM PST THU FEB 23 2017


...................................

...THE FULLERTON AIRPORT CA CLIMATE SUMMARY FOR FEBRUARY 22 2017...

CLIMATE NORMAL PERIOD 1981 TO 2010
CLIMATE RECORD PERIOD 1998 TO 2017


WEATHER ITEM   OBSERVED TIME   RECORD YEAR NORMAL DEPARTURE LAST
                VALUE   (LST)  VALUE       VALUE  FROM      YEAR
                                                  NORMAL
..................................................................
TEMPERATURE (F)
 YESTERDAY
  MAXIMUM         66    134 PM  92    2002  68     -2       85
  MINIMUM         51   1153 PM  38    2006  49      2       49
  AVERAGE         59                        59      0       67

PRECIPITATION (IN)
  YESTERDAY        0.00          0.97 2005   0.13  -0.13     0.00
  MONTH TO DATE    2.89                      2.59   0.30     0.47
  SINCE OCT 1     15.93                      9.52   6.41     4.18
  SINCE JAN 1     10.02                      5.62   4.40     3.13

DEGREE DAYS
 HEATING
  YESTERDAY        6                         7     -1        0
  MONTH TO DATE  102                       166    -64       68
  SINCE DEC 1    564                       719   -155      574
  SINCE JUL 1    628                       883   -255      679

 COOLING
  YESTERDAY        0                         0      0        2
  MONTH TO DATE    3                         0      3       55
  SINCE DEC 1      3                         5     -2       56
  SINCE JAN 1      3                         4     -1       55
..................................................................


WIND (MPH)
  RESULTANT WIND SPEED   1   RESULTANT WIND DIRECTION  SW (240)
  HIGHEST WIND SPEED    14   HIGHEST WIND DIRECTION    SW (210)
  HIGHEST GUST SPEED    18   HIGHEST GUST DIRECTION     S (200)
  AVERAGE WIND SPEED     3.5


SKY COVER
  POSSIBLE SUNSHINE  MM
  AVERAGE SKY COVER 0.5


WEATHER CONDITIONS
 THE FOLLOWING WEATHER WAS RECORDED YESTERDAY.
  FOG


RELATIVE HUMIDITY (PERCENT)
 HIGHEST    93          1200 AM
 LOWEST     43           200 PM
 AVERAGE    68

..........................................................


THE FULLERTON AIRPORT CA CLIMATE NORMALS FOR TODAY
                         NORMAL    RECORD    YEAR
 MAXIMUM TEMPERATURE (F)   69        84      2016
 MINIMUM TEMPERATURE (F)   49        39      2006


SUNRISE AND SUNSET
FEBRUARY 23 2017......SUNRISE   627 AM PST   SUNSET   544 PM PST
FEBRUARY 24 2017......SUNRISE   626 AM PST   SUNSET   544 PM PST


-  INDICATES NEGATIVE NUMBERS.
R  INDICATES RECORD WAS SET OR TIED.
MM INDICATES DATA IS MISSING.
T  INDICATES TRACE AMOUNT.




$$
