000
CDUS46 KSGX 150018
CLIFUL


CLIMATE REPORT
NATIONAL WEATHER SERVICE SAN DIEGO, CA
418 PM PST THU DEC 14 2017


...................................

...THE FULLERTON AIRPORT CA CLIMATE SUMMARY FOR DECEMBER 14 2017...
VALID TODAY AS OF 0400 PM LOCAL TIME.

CLIMATE NORMAL PERIOD 1981 TO 2010
CLIMATE RECORD PERIOD 1998 TO 2017


WEATHER ITEM   OBSERVED TIME   RECORD YEAR NORMAL DEPARTURE LAST
                VALUE   (LST)  VALUE       VALUE  FROM      YEAR
                                                  NORMAL
..................................................................
TEMPERATURE (F)
 TODAY
  MAXIMUM         77    133 PM  81    2004  67     10       72
  MINIMUM         43    638 AM  38    2008  45     -2       50
  AVERAGE         60                        56      4       61

PRECIPITATION (IN)
  TODAY            0.00          0.12 2003   0.05  -0.05     0.00
  MONTH TO DATE    0.00                      0.60  -0.60      T
  SINCE OCT 1      0.05                      2.45  -2.40     1.40
  SINCE JAN 1     11.23                     12.43  -1.20     5.61

DEGREE DAYS
 HEATING
  TODAY            5                         9     -4        4
  MONTH TO DATE   21                       120    -99       82
  SINCE DEC 1     21                       120    -99       82
  SINCE JUL 1     43                       284   -241      146

 COOLING
  TODAY            0                         0      0        0
  MONTH TO DATE   11                         0     11        0
  SINCE DEC 1     11                         0     11        0
  SINCE JAN 1   1873                      1251    622     1891
..................................................................


WIND (MPH)
  RESULTANT WIND SPEED   0   RESULTANT WIND DIRECTION  SW (230)
  HIGHEST WIND SPEED     7   HIGHEST WIND DIRECTION    SW (220)
  HIGHEST GUST SPEED    10   HIGHEST GUST DIRECTION    SW (230)
  AVERAGE WIND SPEED     1.7


SKY COVER
  POSSIBLE SUNSHINE  MM
  AVERAGE SKY COVER 0.0


WEATHER CONDITIONS
 THE FOLLOWING WEATHER WAS RECORDED TODAY.
  HAZE


RELATIVE HUMIDITY (PERCENT)
 HIGHEST    70           400 AM
 LOWEST     25          1200 PM
 AVERAGE    48

..........................................................


THE FULLERTON AIRPORT CA CLIMATE NORMALS FOR TOMORROW
                         NORMAL    RECORD    YEAR
 MAXIMUM TEMPERATURE (F)   67        83      2013
 MINIMUM TEMPERATURE (F)   45        37      2015
                                             2001


SUNRISE AND SUNSET
DECEMBER 14 2017......SUNRISE   649 AM PST   SUNSET   444 PM PST
DECEMBER 15 2017......SUNRISE   650 AM PST   SUNSET   445 PM PST


-  INDICATES NEGATIVE NUMBERS.
R  INDICATES RECORD WAS SET OR TIED.
MM INDICATES DATA IS MISSING.
T  INDICATES TRACE AMOUNT.




$$
