000
CDUS41 KCAR 220630
CLIFVE


CLIMATE REPORT
NATIONAL WEATHER SERVICE CARIBOU, ME
228 AM EDT WED OCT 22 2014


...................................

...THE FRENCHVILLE ME CLIMATE SUMMARY FOR OCTOBER 21 2014...

CLIMATE NORMAL PERIOD 1981 TO 2010
CLIMATE RECORD PERIOD 9999 TO 9999


WEATHER ITEM   OBSERVED TIME   RECORD YEAR NORMAL DEPARTURE LAST
                VALUE   (LST)  VALUE       VALUE  FROM      YEAR
                                                  NORMAL
..................................................................
TEMPERATURE (F)
 YESTERDAY
  MAXIMUM         45    245 PM              47     -2
  MINIMUM         26    524 AM              33     -7
  AVERAGE         36                        40     -4

PRECIPITATION (IN)
  YESTERDAY        0.00         MM      MM   0.08  -0.08     0.02
  MONTH TO DATE    4.23                      1.76   2.47     1.29
  SINCE SEP 1      7.13                      5.28   1.85     5.19
  SINCE JAN 1     29.92                     27.34   2.58    29.70

SNOWFALL (IN)
  YESTERDAY       MM            MM      MM  MM     MM       MM
  MONTH TO DATE   MM                        MM     MM       MM
  SINCE SEP 1     MM                        MM     MM       MM
  SINCE JUL 1     MM                        MM     MM       MM
  SNOW DEPTH      MM

DEGREE DAYS
 HEATING
  YESTERDAY       29                                4
  MONTH TO DATE  384                              -64
  SINCE JUL 1    877                             -115

 COOLING
  YESTERDAY        0                                0
  MONTH TO DATE    0                                0
  SINCE JAN 1    139                                5
..................................................................


WIND (MPH)
  HIGHEST WIND SPEED    12   HIGHEST WIND DIRECTION     N (10)
  HIGHEST GUST SPEED    17   HIGHEST GUST DIRECTION     N (20)
  AVERAGE WIND SPEED     3.6




..........................................................


THE FRENCHVILLE ME CLIMATE NORMALS FOR TODAY
                         NORMAL
 MAXIMUM TEMPERATURE (F)   47
 MINIMUM TEMPERATURE (F)   33


SUNRISE AND SUNSET
OCTOBER 22 2014.......SUNRISE   702 AM EDT   SUNSET   533 PM EDT
OCTOBER 23 2014.......SUNRISE   703 AM EDT   SUNSET   531 PM EDT


-  INDICATES NEGATIVE NUMBERS.
R  INDICATES RECORD WAS SET OR TIED.
MM INDICATES DATA IS MISSING.
T  INDICATES TRACE AMOUNT.




$$
