000
CDUS41 KCAR 282027
CLIFVE


CLIMATE REPORT
NATIONAL WEATHER SERVICE CARIBOU, ME
427 PM EDT TUE MAR 28 2017


...................................

...THE FRENCHVILLE ME CLIMATE SUMMARY FOR MARCH 28 2017...
VALID TODAY AS OF 0400 PM LOCAL TIME.

CLIMATE NORMAL PERIOD 1981 TO 2010
CLIMATE RECORD PERIOD 9999 TO 9999


WEATHER ITEM   OBSERVED TIME   RECORD YEAR NORMAL DEPARTURE LAST
                VALUE   (LST)  VALUE       VALUE  FROM      YEAR
                                                  NORMAL
..................................................................
TEMPERATURE (F)
 TODAY
  MAXIMUM         29    259 PM              36     -7
  MINIMUM         22    549 AM              20      2
  AVERAGE         26                        28     -2

PRECIPITATION (IN)
  TODAY            0.07         MM      MM   0.07   0.00     0.45
  MONTH TO DATE    1.44                      1.26   0.18     2.10
  SINCE MAR 1      1.44                      1.26   0.18     2.10
  SINCE JAN 1      4.06                      3.83   0.23     5.58

SNOWFALL (IN)
  TODAY           MM            MM      MM  MM     MM       MM
  MONTH TO DATE   MM                        MM     MM       MM
  SINCE MAR 1     MM                        MM     MM       MM
  SINCE JUL 1     MM                        MM     MM       MM
  SNOW DEPTH      MM

DEGREE DAYS
 HEATING
  TODAY           39                                2
  MONTH TO DATE 1317                              134
  SINCE JUL 1   7501                             -682

 COOLING
  TODAY            0                                0
  MONTH TO DATE    0                                0
  SINCE JAN 1      0                                0
..................................................................


WIND (MPH)
  HIGHEST WIND SPEED    13   HIGHEST WIND DIRECTION    SE (130)
  HIGHEST GUST SPEED    16   HIGHEST GUST DIRECTION    SE (120)
  AVERAGE WIND SPEED     9.1




..........................................................


THE FRENCHVILLE ME CLIMATE NORMALS FOR TOMORROW
                         NORMAL
 MAXIMUM TEMPERATURE (F)   36
 MINIMUM TEMPERATURE (F)   20


SUNRISE AND SUNSET
MARCH 28 2017.........SUNRISE   620 AM EDT   SUNSET   658 PM EDT
MARCH 29 2017.........SUNRISE   618 AM EDT   SUNSET   659 PM EDT


-  INDICATES NEGATIVE NUMBERS.
R  INDICATES RECORD WAS SET OR TIED.
MM INDICATES DATA IS MISSING.
T  INDICATES TRACE AMOUNT.




$$
