000
CDUS41 KCAR 310529
CLIFVE


CLIMATE REPORT
NATIONAL WEATHER SERVICE CARIBOU, ME
128 AM EDT WED AUG 31 2016


...................................

...THE FRENCHVILLE ME CLIMATE SUMMARY FOR AUGUST 30 2016...

CLIMATE NORMAL PERIOD 1981 TO 2010
CLIMATE RECORD PERIOD 9999 TO 9999


WEATHER ITEM   OBSERVED TIME   RECORD YEAR NORMAL DEPARTURE LAST
                VALUE   (LST)  VALUE       VALUE  FROM      YEAR
                                                  NORMAL
..................................................................
TEMPERATURE (F)
 YESTERDAY
  MAXIMUM         74    228 PM              69      5
  MINIMUM         53    602 AM              50      3
  AVERAGE         64                        60      4

PRECIPITATION (IN)
  YESTERDAY        0.02         MM      MM   0.15  -0.13      T
  MONTH TO DATE    2.72                      3.85  -1.13     4.20
  SINCE JUN 1     12.55                     12.01   0.54    12.15
  SINCE JAN 1     22.64                     21.91   0.73    17.69

SNOWFALL (IN)
  YESTERDAY       MM            MM      MM  MM     MM       MM
  MONTH TO DATE   MM                        MM     MM       MM
  SINCE JUN 1     MM                        MM     MM       MM
  SINCE JUL 1     MM                        MM     MM       MM
  SNOW DEPTH      MM

DEGREE DAYS
 HEATING
  YESTERDAY        1                               -5
  MONTH TO DATE   44                              -70
  SINCE JUL 1    107                              -77

 COOLING
  YESTERDAY        0                               -1
  MONTH TO DATE   68                               24
  SINCE JAN 1    198                               72
..................................................................


WIND (MPH)
  HIGHEST WIND SPEED    16   HIGHEST WIND DIRECTION     W (260)
  HIGHEST GUST SPEED    20   HIGHEST GUST DIRECTION     W (260)
  AVERAGE WIND SPEED     6.1




..........................................................


THE FRENCHVILLE ME CLIMATE NORMALS FOR TODAY
                         NORMAL
 MAXIMUM TEMPERATURE (F)   69
 MINIMUM TEMPERATURE (F)   50


SUNRISE AND SUNSET
AUGUST 31 2016........SUNRISE   552 AM EDT   SUNSET   714 PM EDT
SEPTEMBER  1 2016.....SUNRISE   553 AM EDT   SUNSET   712 PM EDT


-  INDICATES NEGATIVE NUMBERS.
R  INDICATES RECORD WAS SET OR TIED.
MM INDICATES DATA IS MISSING.
T  INDICATES TRACE AMOUNT.




$$
