000
CDUS41 KCAR 310526
CLIFVE


CLIMATE REPORT
NATIONAL WEATHER SERVICE CARIBOU, ME
126 AM EDT MON AUG 31 2015


...................................

...THE FRENCHVILLE ME CLIMATE SUMMARY FOR AUGUST 30 2015...

CLIMATE NORMAL PERIOD 1981 TO 2010
CLIMATE RECORD PERIOD 9999 TO 9999


WEATHER ITEM   OBSERVED TIME   RECORD YEAR NORMAL DEPARTURE LAST
                VALUE   (LST)  VALUE       VALUE  FROM      YEAR
                                                  NORMAL
..................................................................
TEMPERATURE (F)
 YESTERDAY
  MAXIMUM         78    235 PM              69      9
  MINIMUM         58    529 AM              50      8
  AVERAGE         68                        60      8

PRECIPITATION (IN)
  YESTERDAY        T            MM      MM   0.15  -0.15      T
  MONTH TO DATE    4.20                      3.85   0.35     1.84
  SINCE JUN 1     12.15                     12.01   0.14    12.30
  SINCE JAN 1     17.69                     21.91  -4.22    22.67

SNOWFALL (IN)
  YESTERDAY       MM            MM      MM  MM     MM       MM
  MONTH TO DATE    0.0                      MM     MM       MM
  SINCE JUN 1      0.0                      MM     MM       MM
  SINCE JUL 1      0.0                      MM     MM       MM
  SNOW DEPTH      MM

DEGREE DAYS
 HEATING
  YESTERDAY        0                               -6
  MONTH TO DATE   53                              -61
  SINCE JUL 1    162                              -22

 COOLING
  YESTERDAY        3                                2
  MONTH TO DATE   79                               35
  SINCE JAN 1    118                               -8
..................................................................


WIND (MPH)
  HIGHEST WIND SPEED    16   HIGHEST WIND DIRECTION     W (250)
  HIGHEST GUST SPEED    20   HIGHEST GUST DIRECTION     W (260)
  AVERAGE WIND SPEED     7.0




..........................................................


THE FRENCHVILLE ME CLIMATE NORMALS FOR TODAY
                         NORMAL
 MAXIMUM TEMPERATURE (F)   69
 MINIMUM TEMPERATURE (F)   50


SUNRISE AND SUNSET
AUGUST 31 2015........SUNRISE   551 AM EDT   SUNSET   716 PM EDT
SEPTEMBER  1 2015.....SUNRISE   552 AM EDT   SUNSET   714 PM EDT


-  INDICATES NEGATIVE NUMBERS.
R  INDICATES RECORD WAS SET OR TIED.
MM INDICATES DATA IS MISSING.
T  INDICATES TRACE AMOUNT.




$$
