000
CDUS41 KCAR 222026
CLIFVE


CLIMATE REPORT
NATIONAL WEATHER SERVICE CARIBOU, ME
426 PM EDT SAT JUL 22 2017


...................................

...THE FRENCHVILLE ME CLIMATE SUMMARY FOR JULY 22 2017...
VALID TODAY AS OF 0400 PM LOCAL TIME.

CLIMATE NORMAL PERIOD 1981 TO 2010
CLIMATE RECORD PERIOD 9999 TO 9999


WEATHER ITEM   OBSERVED TIME   RECORD YEAR NORMAL DEPARTURE LAST
                VALUE   (LST)  VALUE       VALUE  FROM      YEAR
                                                  NORMAL
..................................................................
TEMPERATURE (F)
 TODAY
  MAXIMUM         64    206 PM              75    -11
  MINIMUM         51    523 AM              56     -5
  AVERAGE         58                        65     -7

PRECIPITATION (IN)
  TODAY            0.00         MM      MM   0.14  -0.14     0.78
  MONTH TO DATE    1.89                      3.26  -1.37     4.75
  SINCE JUN 1      7.73                      7.11   0.62     9.50
  SINCE JAN 1     19.42                     17.01   2.41    19.59

SNOWFALL (IN)
  TODAY           MM            MM      MM  MM     MM       MM
  MONTH TO DATE   MM                        MM     MM       MM
  SINCE JUN 1     MM                        MM     MM       MM
  SINCE JUL 1     MM                        MM     MM       MM
  SNOW DEPTH      MM

DEGREE DAYS
 HEATING
  TODAY            7                                5
  MONTH TO DATE   35                              -16
  SINCE JUL 1     35                              -16

 COOLING
  TODAY            0                               -2
  MONTH TO DATE   36                               -7
  SINCE JAN 1     64                               -7
..................................................................


WIND (MPH)
  HIGHEST WIND SPEED    23   HIGHEST WIND DIRECTION     W (280)
  HIGHEST GUST SPEED    28   HIGHEST GUST DIRECTION    NW (320)
  AVERAGE WIND SPEED    12.2




..........................................................


THE FRENCHVILLE ME CLIMATE NORMALS FOR TOMORROW
                         NORMAL
 MAXIMUM TEMPERATURE (F)   75
 MINIMUM TEMPERATURE (F)   56


SUNRISE AND SUNSET
JULY 22 2017..........SUNRISE   500 AM EDT   SUNSET   819 PM EDT
JULY 23 2017..........SUNRISE   501 AM EDT   SUNSET   818 PM EDT


-  INDICATES NEGATIVE NUMBERS.
R  INDICATES RECORD WAS SET OR TIED.
MM INDICATES DATA IS MISSING.
T  INDICATES TRACE AMOUNT.




$$
