000
CDUS43 KIWX 260526
CLIFWA


CLIMATE REPORT
NATIONAL WEATHER SERVICE NORTHERN INDIANA
1226 AM EST FRI DEC 26 2014


...................................

...THE FORT WAYNE CLIMATE SUMMARY FOR DECEMBER 25 2014...

CLIMATE NORMAL PERIOD 1981 TO 2010
CLIMATE RECORD PERIOD 1897 TO 2014


WEATHER ITEM   OBSERVED TIME   RECORD YEAR NORMAL DEPARTURE LAST
                VALUE   (LST)  VALUE       VALUE  FROM      YEAR
                                                  NORMAL
..................................................................
TEMPERATURE (F)
 YESTERDAY
  MAXIMUM         38    458 PM  64    1982  34      4       27
  MINIMUM         33   1159 PM -15    2004  20     13       16
  AVERAGE         36                        27      9       22

PRECIPITATION (IN)
  YESTERDAY        T             1.03 1982   0.09  -0.09      T
  MONTH TO DATE    1.53                      2.26  -0.73     2.80
  SINCE DEC 1      1.53                      2.26  -0.73     2.80
  SINCE JAN 1     42.65                     37.83   4.82    42.15

SNOWFALL (IN)
  YESTERDAY        T             6.1  1915   0.3   -0.3      0.1
  MONTH TO DATE    0.2                       6.5   -6.3      8.6
  SINCE DEC 1      0.2                       6.5   -6.3      8.6
  SINCE JUL 1      4.4                       8.6   -4.2      9.6
  SNOW DEPTH       0

DEGREE DAYS
 HEATING
  YESTERDAY       29                        38     -9       43
  MONTH TO DATE  777                       877   -100      938
  SINCE DEC 1    777                       877   -100      938
  SINCE JUL 1   2223                      2094    129     2239

 COOLING
  YESTERDAY        0                         0      0        0
  MONTH TO DATE    0                         0      0        0
  SINCE DEC 1      0                         0      0        0
  SINCE JAN 1    731                       809    -78      855
..................................................................


WIND (MPH)
  HIGHEST WIND SPEED    24   HIGHEST WIND DIRECTION    SW (240)
  HIGHEST GUST SPEED    29   HIGHEST GUST DIRECTION     W (250)
  AVERAGE WIND SPEED    15.2


SKY COVER
  AVERAGE SKY COVER 0.8


WEATHER CONDITIONS
 THE FOLLOWING WEATHER WAS RECORDED YESTERDAY.
  LIGHT RAIN
  SNOW
  SLEET
  FOG


RELATIVE HUMIDITY (PERCENT)
 HIGHEST    92           100 AM
 LOWEST     76           100 PM
 AVERAGE    84

..........................................................


THE FORT WAYNE CLIMATE NORMALS FOR TODAY
                         NORMAL    RECORD    YEAR
 MAXIMUM TEMPERATURE (F)   34        54      1940
                                             1936
 MINIMUM TEMPERATURE (F)   19        -6      1983


SUNRISE AND SUNSET
DECEMBER 26 2014......SUNRISE   804 AM EST   SUNSET   519 PM EST
DECEMBER 27 2014......SUNRISE   805 AM EST   SUNSET   519 PM EST


-  INDICATES NEGATIVE NUMBERS.
R  INDICATES RECORD WAS SET OR TIED.
MM INDICATES DATA IS MISSING.
T  INDICATES TRACE AMOUNT.




$$
