000
CDUS43 KIWX 270526
CLIFWA


CLIMATE REPORT
NATIONAL WEATHER SERVICE NORTHERN INDIANA
123 AM EDT TUE JUN 27 2017


...................................

...THE FORT WAYNE CLIMATE SUMMARY FOR JUNE 26 2017...

CLIMATE NORMAL PERIOD 1981 TO 2010
CLIMATE RECORD PERIOD 1897 TO 2017


WEATHER ITEM   OBSERVED TIME   RECORD YEAR NORMAL DEPARTURE LAST
                VALUE   (LST)  VALUE       VALUE  FROM      YEAR
                                                  NORMAL
..................................................................
TEMPERATURE (F)
 YESTERDAY
  MAXIMUM         73    314 PM  96    1952  84    -11       89
                                      1910
  MINIMUM         55    527 AM  42    1902  62     -7       68
  AVERAGE         64                        73     -9       79

PRECIPITATION (IN)
  YESTERDAY        0.12          2.99 1938   0.12   0.00     0.34
  MONTH TO DATE    4.20                      3.68   0.52     5.44
  SINCE JUN 1      4.20                      3.68   0.52     5.44
  SINCE JAN 1     27.65                     18.48   9.17    19.63

DEGREE DAYS
 HEATING
  YESTERDAY        1                         0      1        0
  MONTH TO DATE    4                        29    -25       11
  SINCE JUN 1      4                        29    -25       11
  SINCE JUL 1   4983                      6101  -1118     5127

 COOLING
  YESTERDAY        0                         8     -8       14
  MONTH TO DATE  192                       149     43      188
  SINCE JUN 1    192                       149     43      188
  SINCE JAN 1    256                       206     50      262
..................................................................


WIND (MPH)
  HIGHEST WIND SPEED    22   HIGHEST WIND DIRECTION     N (340)
  HIGHEST GUST SPEED    29   HIGHEST GUST DIRECTION     N (360)
  AVERAGE WIND SPEED    10.9


SKY COVER
  AVERAGE SKY COVER 0.6


WEATHER CONDITIONS
 THE FOLLOWING WEATHER WAS RECORDED YESTERDAY.
  THUNDERSTORM
  LIGHT RAIN
  HAZE


RELATIVE HUMIDITY (PERCENT)
 HIGHEST    86           600 PM
 LOWEST     38           200 PM
 AVERAGE    62

..........................................................


THE FORT WAYNE CLIMATE NORMALS FOR TODAY
                         NORMAL    RECORD    YEAR
 MAXIMUM TEMPERATURE (F)   84        99      1944
 MINIMUM TEMPERATURE (F)   62        41      1902


SUNRISE AND SUNSET
JUNE 27 2017..........SUNRISE   611 AM EDT   SUNSET   917 PM EDT
JUNE 28 2017..........SUNRISE   611 AM EDT   SUNSET   917 PM EDT


-  INDICATES NEGATIVE NUMBERS.
R  INDICATES RECORD WAS SET OR TIED.
MM INDICATES DATA IS MISSING.
T  INDICATES TRACE AMOUNT.




$$
