000
CDUS43 KIWX 240540
CLIFWA


CLIMATE REPORT
NATIONAL WEATHER SERVICE NORTHERN INDIANA
1239 AM EST TUE JAN 24 2017


...................................

...THE FORT WAYNE CLIMATE SUMMARY FOR JANUARY 23 2017...

CLIMATE NORMAL PERIOD 1981 TO 2010
CLIMATE RECORD PERIOD 1897 TO 2017


WEATHER ITEM   OBSERVED TIME   RECORD YEAR NORMAL DEPARTURE LAST
                VALUE   (LST)  VALUE       VALUE  FROM      YEAR
                                                  NORMAL
..................................................................
TEMPERATURE (F)
 YESTERDAY
  MAXIMUM         49   1231 AM  65    1909  32     17       33
  MINIMUM         41   1159 PM -18    1963  17     24       16
  AVERAGE         45                        25     20       25

PRECIPITATION (IN)
  YESTERDAY        0.21          0.64 1953   0.07   0.14      T
  MONTH TO DATE    4.66                      1.72   2.94     1.57
  SINCE DEC 1      6.97                      4.49   2.48     5.72
  SINCE JAN 1      4.66                      1.72   2.94     1.57

SNOWFALL (IN)
  YESTERDAY        0.0           2.0  2004   0.3   -0.3       T
  MONTH TO DATE    0.7                       7.4   -6.7      6.8
  SINCE DEC 1     11.6                      15.9   -4.3      7.0
  SINCE JUL 1     12.0                      18.0   -6.0     11.2
  SNOW DEPTH       0

DEGREE DAYS
 HEATING
  YESTERDAY       20                        40    -20       40
  MONTH TO DATE  727                       919   -192      943
  SINCE DEC 1   1893                      2030   -137     1661
  SINCE JUL 1   2738                      3247   -509     2630

 COOLING
  YESTERDAY        0                         0      0        0
  MONTH TO DATE    0                         0      0        0
  SINCE DEC 1      0                         0      0        0
  SINCE JAN 1      0                         0      0        0
..................................................................


WIND (MPH)
  HIGHEST WIND SPEED    17   HIGHEST WIND DIRECTION     N (350)
  HIGHEST GUST SPEED    21   HIGHEST GUST DIRECTION     N (350)
  AVERAGE WIND SPEED     9.9


SKY COVER
  AVERAGE SKY COVER 1.0


WEATHER CONDITIONS
 THE FOLLOWING WEATHER WAS RECORDED YESTERDAY.
  LIGHT RAIN
  FOG


RELATIVE HUMIDITY (PERCENT)
 HIGHEST   100           300 AM
 LOWEST     89           500 PM
 AVERAGE    95

..........................................................


THE FORT WAYNE CLIMATE NORMALS FOR TODAY
                         NORMAL    RECORD    YEAR
 MAXIMUM TEMPERATURE (F)   32        63      1950
 MINIMUM TEMPERATURE (F)   17       -16      1936


SUNRISE AND SUNSET
JANUARY 24 2017.......SUNRISE   758 AM EST   SUNSET   548 PM EST
JANUARY 25 2017.......SUNRISE   757 AM EST   SUNSET   550 PM EST


-  INDICATES NEGATIVE NUMBERS.
R  INDICATES RECORD WAS SET OR TIED.
MM INDICATES DATA IS MISSING.
T  INDICATES TRACE AMOUNT.




$$
