000
CDUS43 KIWX 010527
CLIFWA


CLIMATE REPORT
NATIONAL WEATHER SERVICE NORTHERN INDIANA
126 AM EDT SAT AUG 1 2015


...................................

...THE FORT WAYNE CLIMATE SUMMARY FOR JULY 31 2015...

CLIMATE NORMAL PERIOD 1981 TO 2010
CLIMATE RECORD PERIOD 1897 TO 2015


WEATHER ITEM   OBSERVED TIME   RECORD YEAR NORMAL DEPARTURE LAST
                VALUE   (LST)  VALUE       VALUE  FROM      YEAR
                                                  NORMAL
..................................................................
TEMPERATURE (F)
 YESTERDAY
  MAXIMUM         88    147 PM  98    1999  83      5       81
  MINIMUM         63   1159 PM  46    1899  62      1       56
  AVERAGE         76                        73      3       69

PRECIPITATION (IN)
  YESTERDAY        T             2.05 1945   0.13  -0.13     0.00
  MONTH TO DATE    5.97                      4.24   1.73     2.00
  SINCE JUN 1     17.95                      8.40   9.55     7.81
  SINCE JAN 1     32.08                     23.20   8.88    24.51

SNOWFALL (IN)
  YESTERDAY        0.0           0.0  2002   0.0    0.0      0.0
                                      2001
  MONTH TO DATE    0.0                       0.0    0.0       T
  SINCE JUN 1      0.0                       0.0    0.0       T
  SINCE JUL 1      0.0                       0.0    0.0       T
  SNOW DEPTH       0

DEGREE DAYS
 HEATING
  YESTERDAY        0                         0      0        0
  MONTH TO DATE    0                         0      0       14
  SINCE JUN 1     28                        32     -4       28
  SINCE JUL 1      0                         3     -3       14

 COOLING
  YESTERDAY       11                         8      3        4
  MONTH TO DATE  217                       267    -50      150
  SINCE JUN 1    393                       449    -56      380
  SINCE JAN 1    489                       506    -17      461
..................................................................


WIND (MPH)
  HIGHEST WIND SPEED    26   HIGHEST WIND DIRECTION     W (290)
  HIGHEST GUST SPEED    37   HIGHEST GUST DIRECTION     W (270)
  AVERAGE WIND SPEED     9.2


SKY COVER
  AVERAGE SKY COVER 0.2


WEATHER CONDITIONS
 THE FOLLOWING WEATHER WAS RECORDED YESTERDAY.
  THUNDERSTORM
  LIGHT RAIN
  HAZE


RELATIVE HUMIDITY (PERCENT)
 HIGHEST    93           600 AM
 LOWEST     31           500 PM
 AVERAGE    62

..........................................................


THE FORT WAYNE CLIMATE NORMALS FOR TODAY
                         NORMAL    RECORD    YEAR
 MAXIMUM TEMPERATURE (F)   83        96      1955
                                             1953
 MINIMUM TEMPERATURE (F)   62        49      1992
                                             1952


SUNRISE AND SUNSET
AUGUST  1 2015........SUNRISE   637 AM EDT   SUNSET   857 PM EDT
AUGUST  2 2015........SUNRISE   637 AM EDT   SUNSET   856 PM EDT


-  INDICATES NEGATIVE NUMBERS.
R  INDICATES RECORD WAS SET OR TIED.
MM INDICATES DATA IS MISSING.
T  INDICATES TRACE AMOUNT.




$$
