000
CDUS43 KIWX 170524
CLIFWA


CLIMATE REPORT
NATIONAL WEATHER SERVICE NORTHERN INDIANA
124 AM EDT THU AUG 17 2017


...................................

...THE FORT WAYNE CLIMATE SUMMARY FOR AUGUST 16 2017...

CLIMATE NORMAL PERIOD 1981 TO 2010
CLIMATE RECORD PERIOD 1897 TO 2017


WEATHER ITEM   OBSERVED TIME   RECORD YEAR NORMAL DEPARTURE LAST
                VALUE   (LST)  VALUE       VALUE  FROM      YEAR
                                                  NORMAL
..................................................................
TEMPERATURE (F)
 YESTERDAY
  MAXIMUM         89    512 PM  95    1988  82      7       84
                                      1965
                                      1908
  MINIMUM         64    604 AM  46    2004  61      3       69
  AVERAGE         77                        72      5       77

PRECIPITATION (IN)
  YESTERDAY        0.00          1.50 1920   0.12  -0.12     0.07
  MONTH TO DATE    0.32                      1.94  -1.62     0.83
  SINCE JUN 1     11.99                     10.34   1.65     7.39
  SINCE JAN 1     35.44                     25.14  10.30    21.58

DEGREE DAYS
 HEATING
  YESTERDAY        0                         0      0        0
  MONTH TO DATE    1                         0      1        0
  SINCE JUN 1      7                        32    -25       14
  SINCE JUL 1      1                         3     -2        3

 COOLING
  YESTERDAY       12                         7      5       12
  MONTH TO DATE   77                       117    -40      200
  SINCE JUN 1    565                       566     -1      716
  SINCE JAN 1    629                       623      6      790
..................................................................


WIND (MPH)
  HIGHEST WIND SPEED    10   HIGHEST WIND DIRECTION    SE (140)
  HIGHEST GUST SPEED    15   HIGHEST GUST DIRECTION    SE (120)
  AVERAGE WIND SPEED     4.3


SKY COVER
  AVERAGE SKY COVER 0.4


WEATHER CONDITIONS
 THE FOLLOWING WEATHER WAS RECORDED YESTERDAY.
  FOG


RELATIVE HUMIDITY (PERCENT)
 HIGHEST    93           500 AM
 LOWEST     41           500 PM
 AVERAGE    67

..........................................................


THE FORT WAYNE CLIMATE NORMALS FOR TODAY
                         NORMAL    RECORD    YEAR
 MAXIMUM TEMPERATURE (F)   82        98      1988
 MINIMUM TEMPERATURE (F)   61        44      1902


SUNRISE AND SUNSET
AUGUST 17 2017........SUNRISE   653 AM EDT   SUNSET   836 PM EDT
AUGUST 18 2017........SUNRISE   654 AM EDT   SUNSET   835 PM EDT


-  INDICATES NEGATIVE NUMBERS.
R  INDICATES RECORD WAS SET OR TIED.
MM INDICATES DATA IS MISSING.
T  INDICATES TRACE AMOUNT.




$$
