000
CDUS43 KIWX 230022
CLIFWA


CLIMATE REPORT
NATIONAL WEATHER SERVICE NORTHERN INDIANA
721 PM EST MON JAN 22 2018


...................................

...THE FORT WAYNE CLIMATE SUMMARY FOR JANUARY 22 2018...
VALID AS OF 0700 PM LOCAL TIME.

CLIMATE NORMAL PERIOD 1981 TO 2010
CLIMATE RECORD PERIOD 1897 TO 2018


WEATHER ITEM   OBSERVED TIME   RECORD YEAR NORMAL DEPARTURE LAST
                VALUE   (LST)  VALUE       VALUE  FROM      YEAR
                                                  NORMAL
..................................................................
TEMPERATURE (F)
 TODAY
  MAXIMUM         54    513 PM  63    2017  32     22       63
  MINIMUM         45    519 AM -18    1936  17     28       45
  AVERAGE         50                        25     25       54

PRECIPITATION (IN)
  TODAY            0.16          1.30 1904   0.07   0.09     0.32
  MONTH TO DATE    1.05                      1.65  -0.60     4.45
  SINCE DEC 1      2.06                      4.42  -2.36     6.76
  SINCE JAN 1      1.05                      1.65  -0.60     4.45

SNOWFALL (IN)
  TODAY            0.0           7.2  1915   0.4   -0.4      0.0
  MONTH TO DATE    6.6                       7.1   -0.5      0.7
  SINCE DEC 1     18.0                      15.6    2.4     11.6
  SINCE JUL 1     18.0                      17.7    0.3     12.0
  SNOW DEPTH       0

DEGREE DAYS
 HEATING
  TODAY           15                        40    -25       11
  MONTH TO DATE  954                       879     75      707
  SINCE DEC 1   2123                      1990    133     1873
  SINCE JUL 1   3176                      3207    -31     2718

 COOLING
  TODAY            0                         0      0        0
  MONTH TO DATE    0                         0      0        0
  SINCE DEC 1      0                         0      0        0
  SINCE JAN 1      0                         0      0        0
..................................................................


WIND (MPH)
  RESULTANT WIND SPEED  14   RESULTANT WIND DIRECTION   S (180)
  HIGHEST WIND SPEED    31   HIGHEST WIND DIRECTION     S (190)
  HIGHEST GUST SPEED    42   HIGHEST GUST DIRECTION     S (190)
  AVERAGE WIND SPEED    14.8


SKY COVER
  POSSIBLE SUNSHINE  MM
  AVERAGE SKY COVER 0.9


WEATHER CONDITIONS
 THE FOLLOWING WEATHER WAS RECORDED TODAY.
  LIGHT RAIN
  FOG
  FOG W/VISIBILITY <= 1/4 MILE


RELATIVE HUMIDITY (PERCENT)
 HIGHEST   100           100 AM
 LOWEST     80           900 AM
 AVERAGE    90

..........................................................


THE FORT WAYNE CLIMATE NORMALS FOR TOMORROW
                         NORMAL    RECORD    YEAR
 MAXIMUM TEMPERATURE (F)   32        65      1909
 MINIMUM TEMPERATURE (F)   17       -18      1963


SUNRISE AND SUNSET
JANUARY 22 2018.......SUNRISE   800 AM EST   SUNSET   546 PM EST
JANUARY 23 2018.......SUNRISE   759 AM EST   SUNSET   547 PM EST


-  INDICATES NEGATIVE NUMBERS.
R  INDICATES RECORD WAS SET OR TIED.
MM INDICATES DATA IS MISSING.
T  INDICATES TRACE AMOUNT.




$$
