000
CDUS43 KIWX 110032
CLIFWA


CLIMATE REPORT
NATIONAL WEATHER SERVICE NORTHERN INDIANA
732 PM EST SAT DEC 10 2016


...................................

...THE FORT WAYNE CLIMATE SUMMARY FOR DECEMBER 10 2016...
VALID AS OF 0700 PM LOCAL TIME.

CLIMATE NORMAL PERIOD 1981 TO 2010
CLIMATE RECORD PERIOD 1897 TO 2016


WEATHER ITEM   OBSERVED TIME   RECORD YEAR NORMAL DEPARTURE LAST
                VALUE   (LST)  VALUE       VALUE  FROM      YEAR
                                                  NORMAL
..................................................................
TEMPERATURE (F)
 TODAY
  MAXIMUM         27    405 PM  66    1971  38    -11       56
  MINIMUM         19    502 AM -12    1958  24     -5       39
  AVERAGE         23                        31     -8       48

PRECIPITATION (IN)
  TODAY            T             1.46 1897   0.09  -0.09     0.00
  MONTH TO DATE    0.37                      0.93  -0.56     0.07
  SINCE DEC 1      0.37                      0.93  -0.56     0.07
  SINCE JAN 1     35.43                     36.50  -1.07    42.31

SNOWFALL (IN)
  TODAY            T             6.0  1944   0.3   -0.3      0.0
  MONTH TO DATE    2.8                       2.1    0.7      0.2
  SINCE DEC 1      2.8                       2.1    0.7      0.2
  SINCE JUL 1      3.2                       4.2   -1.0      4.4
  SNOW DEPTH       0

DEGREE DAYS
 HEATING
  TODAY           42                        34      8       17
  MONTH TO DATE  337                       326     11      254
  SINCE DEC 1    337                       326     11      254
  SINCE JUL 1   1182                      1543   -361     1223

 COOLING
  TODAY            0                         0      0        0
  MONTH TO DATE    0                         0      0        0
  SINCE DEC 1      0                         0      0        0
  SINCE JAN 1   1104                       809    295      811
..................................................................


WIND (MPH)
  RESULTANT WIND SPEED   9   RESULTANT WIND DIRECTION   W (260)
  HIGHEST WIND SPEED    14   HIGHEST WIND DIRECTION     W (280)
  HIGHEST GUST SPEED    MM   HIGHEST GUST DIRECTION    MM
  AVERAGE WIND SPEED     9.0


SKY COVER
  POSSIBLE SUNSHINE  MM
  AVERAGE SKY COVER 0.9


WEATHER CONDITIONS
 THE FOLLOWING WEATHER WAS RECORDED TODAY.
  LIGHT SNOW


RELATIVE HUMIDITY (PERCENT)
 HIGHEST    77           800 AM
 LOWEST     55           500 PM
 AVERAGE    66

..........................................................


THE FORT WAYNE CLIMATE NORMALS FOR TOMORROW
                         NORMAL    RECORD    YEAR
 MAXIMUM TEMPERATURE (F)   37        63      1949
                                             1931
 MINIMUM TEMPERATURE (F)   23       -11      1977


SUNRISE AND SUNSET
DECEMBER 10 2016......SUNRISE   755 AM EST   SUNSET   512 PM EST
DECEMBER 11 2016......SUNRISE   756 AM EST   SUNSET   513 PM EST


-  INDICATES NEGATIVE NUMBERS.
R  INDICATES RECORD WAS SET OR TIED.
MM INDICATES DATA IS MISSING.
T  INDICATES TRACE AMOUNT.




$$
