000
CDUS43 KIWX 070522
CLIFWA


CLIMATE REPORT
NATIONAL WEATHER SERVICE NORTHERN INDIANA
1222 AM EST SAT MAR 7 2015


...................................

...THE FORT WAYNE CLIMATE SUMMARY FOR MARCH 6 2015...

CLIMATE NORMAL PERIOD 1981 TO 2010
CLIMATE RECORD PERIOD 1897 TO 2015


WEATHER ITEM   OBSERVED TIME   RECORD YEAR NORMAL DEPARTURE LAST
                VALUE   (LST)  VALUE       VALUE  FROM      YEAR
                                                  NORMAL
..................................................................
TEMPERATURE (F)
 YESTERDAY
  MAXIMUM         24    548 PM  72    1983  44    -20       26
  MINIMUM         -3    701 AM  -4    1960  26    -29       14
  AVERAGE         11                        34    -23       20

PRECIPITATION (IN)
  YESTERDAY        0.00          0.59 1908   0.08  -0.08     0.00
  MONTH TO DATE    0.44                      0.47  -0.03     0.37
  SINCE MAR 1      0.44                      0.47  -0.03     0.37
  SINCE JAN 1      4.21                      4.77  -0.56     6.61

SNOWFALL (IN)
  YESTERDAY        0.0           5.2  1923   0.2   -0.2      0.0
  MONTH TO DATE    3.6                       1.1    2.5      5.1
  SINCE MAR 1      3.6                       1.1    2.5      5.1
  SINCE JUL 1     40.1                      29.5   10.6     66.9
  SNOW DEPTH       3

DEGREE DAYS
 HEATING
  YESTERDAY       54                        31     23       45
  MONTH TO DATE  273                       189     84      295
  SINCE MAR 1    273                       189     84      295
  SINCE JUL 1   5422                      4787    635     5548

 COOLING
  YESTERDAY        0                         0      0        0
  MONTH TO DATE    0                         0      0        0
  SINCE MAR 1      0                         0      0        0
  SINCE JAN 1      0                         0      0        0
..................................................................


WIND (MPH)
  HIGHEST WIND SPEED    21   HIGHEST WIND DIRECTION    SW (220)
  HIGHEST GUST SPEED    25   HIGHEST GUST DIRECTION    SW (220)
  AVERAGE WIND SPEED    10.4


SKY COVER
  AVERAGE SKY COVER 0.3


WEATHER CONDITIONS
 THE FOLLOWING WEATHER WAS RECORDED YESTERDAY.
  NO SIGNIFICANT WEATHER WAS OBSERVED.


RELATIVE HUMIDITY (PERCENT)
 HIGHEST    87           100 AM
 LOWEST     59           400 PM
 AVERAGE    73

..........................................................


THE FORT WAYNE CLIMATE NORMALS FOR TODAY
                         NORMAL    RECORD    YEAR
 MAXIMUM TEMPERATURE (F)   44        74      2000
 MINIMUM TEMPERATURE (F)   26        -3      1943


SUNRISE AND SUNSET
MARCH  7 2015.........SUNRISE   706 AM EST   SUNSET   638 PM EST
MARCH  8 2015.........SUNRISE   804 AM EDT   SUNSET   739 PM EDT


-  INDICATES NEGATIVE NUMBERS.
R  INDICATES RECORD WAS SET OR TIED.
MM INDICATES DATA IS MISSING.
T  INDICATES TRACE AMOUNT.




$$
