000
CDUS43 KIWX 290529
CLIFWA


CLIMATE REPORT
NATIONAL WEATHER SERVICE NORTHERN INDIANA
128 AM EDT SUN MAY 29 2016


...................................

...THE FORT WAYNE CLIMATE SUMMARY FOR MAY 28 2016...

CLIMATE NORMAL PERIOD 1981 TO 2010
CLIMATE RECORD PERIOD 1897 TO 2016


WEATHER ITEM   OBSERVED TIME   RECORD YEAR NORMAL DEPARTURE LAST
                VALUE   (LST)  VALUE       VALUE  FROM      YEAR
                                                  NORMAL
..................................................................
TEMPERATURE (F)
 YESTERDAY
  MAXIMUM         88    356 PM  98    1911  75     13       82
  MINIMUM         69   1159 PM  33    1902  53     16       53
  AVERAGE         79                        64     15       68

PRECIPITATION (IN)
  YESTERDAY        T             0.99 1915   0.16  -0.16     0.00
  MONTH TO DATE    4.13                      3.76   0.37     3.16
  SINCE MAR 1     11.14                      9.99   1.15     8.51
  SINCE JAN 1     14.19                     14.29  -0.10    12.28

SNOWFALL (IN)
  YESTERDAY        0.0                       0.0    0.0      0.0
  MONTH TO DATE    0.0                       0.0    0.0      0.0
  SINCE MAR 1      3.9                       5.1   -1.2      8.6
  SINCE JUL 1     20.1                      33.5  -13.4     45.1
  SNOW DEPTH       0

DEGREE DAYS
 HEATING
  YESTERDAY        0                         3     -3        0
  MONTH TO DATE  198                       182     16      103
  SINCE MAR 1   1289                      1466   -177     1492
  SINCE JUL 1   5116                      6064   -948     6641

 COOLING
  YESTERDAY       14                         3     11        3
  MONTH TO DATE   46                        40      6       83
  SINCE MAR 1     46                        48     -2       83
  SINCE JAN 1     46                        48     -2       83
..................................................................


WIND (MPH)
  HIGHEST WIND SPEED    25   HIGHEST WIND DIRECTION     S (180)
  HIGHEST GUST SPEED    33   HIGHEST GUST DIRECTION     S (200)
  AVERAGE WIND SPEED    12.7


SKY COVER
  AVERAGE SKY COVER 0.8


WEATHER CONDITIONS
 THE FOLLOWING WEATHER WAS RECORDED YESTERDAY.
  LIGHT RAIN


RELATIVE HUMIDITY (PERCENT)
 HIGHEST    79           600 AM
 LOWEST     40           200 PM
 AVERAGE    60

..........................................................


THE FORT WAYNE CLIMATE NORMALS FOR TODAY
                         NORMAL    RECORD    YEAR
 MAXIMUM TEMPERATURE (F)   76        93      1942
 MINIMUM TEMPERATURE (F)   54        33      1902


SUNRISE AND SUNSET
MAY 29 2016...........SUNRISE   612 AM EDT   SUNSET   905 PM EDT
MAY 30 2016...........SUNRISE   612 AM EDT   SUNSET   906 PM EDT


-  INDICATES NEGATIVE NUMBERS.
R  INDICATES RECORD WAS SET OR TIED.
MM INDICATES DATA IS MISSING.
T  INDICATES TRACE AMOUNT.




$$
