000
CDUS44 KTSA 210825
CLIFYV

CLIMATE REPORT
NATIONAL WEATHER SERVICE TULSA OK
302 AM CDT SUN SEP 21 2014


...................................

...THE FAYETTEVILLE ARKANSAS CLIMATE SUMMARY FOR SEPTEMBER 20 2014...

CLIMATE NORMAL PERIOD 1981 TO 2010
CLIMATE RECORD PERIOD 1905 TO 2014


WEATHER ITEM   OBSERVED TIME   RECORD YEAR NORMAL DEPARTURE LAST
                VALUE   (LST)  VALUE       VALUE  FROM      YEAR
                                                  NORMAL
..................................................................
TEMPERATURE (F)
 YESTERDAY
  MAXIMUM         83    344 PM  97    1954  79      4       72
  MINIMUM         60    339 AM  39    1991  55      5       57
  AVERAGE         72                        67      5       65

PRECIPITATION (IN)
  YESTERDAY        0.00                      0.17  -0.17     1.81
  MONTH TO DATE    3.55                      3.07   0.48     2.81
  SINCE SEP 1      3.55                      3.07   0.48     2.81
  SINCE JAN 1     26.68                     34.96  -8.28    33.88

DEGREE DAYS
 HEATING
  YESTERDAY        0                         2     -2        0
  MONTH TO DATE   17                        14      3        0
  SINCE SEP 1     17                        14      3        0
  SINCE JUL 1     21                        15      6        0

 COOLING
  YESTERDAY        7                         4      3        0
  MONTH TO DATE  145                       128     17      197
  SINCE SEP 1    145                       128     17      197
  SINCE JAN 1   1180                      1253    -73     1326
..................................................................


WIND (MPH)
  HIGHEST WIND SPEED    14   HIGHEST WIND DIRECTION     S (190)
  HIGHEST GUST SPEED    17   HIGHEST GUST DIRECTION    SW (210)
  AVERAGE WIND SPEED     4.5


SKY COVER
  POSSIBLE SUNSHINE  MM
  AVERAGE SKY COVER 0.2


WEATHER CONDITIONS
 THE FOLLOWING WEATHER WAS RECORDED YESTERDAY.
  FOG


RELATIVE HUMIDITY (PERCENT)
 HIGHEST   100          1200 AM
 LOWEST     55           400 PM
 AVERAGE    78

..........................................................


THE FAYETTEVILLE ARKANSAS CLIMATE NORMALS FOR TODAY
                         NORMAL    RECORD    YEAR
 MAXIMUM TEMPERATURE (F)   78        94      1955
 MINIMUM TEMPERATURE (F)   54        36      1983


SUNRISE AND SUNSET
SEPTEMBER 21 2014.....SUNRISE   704 AM CDT   SUNSET   715 PM CDT
SEPTEMBER 22 2014.....SUNRISE   705 AM CDT   SUNSET   713 PM CDT


-  INDICATES NEGATIVE NUMBERS.
R  INDICATES RECORD WAS SET OR TIED.
MM INDICATES DATA IS MISSING.
T  INDICATES TRACE AMOUNT.




$$
