000
CDUS44 KTSA 311417 RRA
CLIFYV

CLIMATE REPORT
NATIONAL WEATHER SERVICE TULSA OK
917 AM CDT FRI JUL 31 2015


...................................

...THE FAYETTEVILLE ARKANSAS CLIMATE SUMMARY FOR JULY 31 2015...
VALID AS OF 0900 AM LOCAL TIME.

CLIMATE NORMAL PERIOD 1981 TO 2010
CLIMATE RECORD PERIOD 1905 TO 2015


WEATHER ITEM   OBSERVED RECORD YEAR NORMAL DEPARTURE LAST
                VALUE   VALUE       VALUE  FROM      YEAR
                                           NORMAL
...........................................................
TEMPERATURE (F)
 TODAY
  MAXIMUM         72    104    1980  90
  MINIMUM         65     47    1971  67
  AVERAGE         69

PRECIPITATION (IN)
  TODAY            0.00   1.14 1962   0.09  -0.09     0.16
  MONTH TO DATE    8.05               3.46   4.59     2.43
  SINCE JUN 1     14.82               8.44   6.38     6.53
  SINCE JAN 1     38.28              28.65   9.63    21.05

DEGREE DAYS
 COOLING
  TODAY            4
...........................................................


WIND (MPH)
  RESULTANT WIND SPEED   0   RESULTANT WIND DIRECTION  SE (120)
  HIGHEST WIND SPEED     5   HIGHEST WIND DIRECTION    SE (120)
  HIGHEST GUST SPEED     8   HIGHEST GUST DIRECTION    SE (130)


SKY COVER
  POSSIBLE SUNSHINE  MM
  AVERAGE SKY COVER 0.4


WEATHER CONDITIONS
 THE FOLLOWING WEATHER WAS RECORDED TODAY.
  NO SIGNIFICANT WEATHER WAS OBSERVED.


RELATIVE HUMIDITY (PERCENT)
 HIGHEST   100
 LOWEST     84
 AVERAGE    92

..........................................................


THE FAYETTEVILLE ARKANSAS CLIMATE NORMALS FOR TOMORROW
                         NORMAL    RECORD    YEAR
 MAXIMUM TEMPERATURE (F)   90       105      2011
 MINIMUM TEMPERATURE (F)   67        51      1971


SUNRISE AND SUNSET
JULY 31 2015..........SUNRISE   623 AM CDT   SUNSET   823 PM CDT
AUGUST  1 2015........SUNRISE   624 AM CDT   SUNSET   822 PM CDT


-  INDICATES NEGATIVE NUMBERS.
R  INDICATES RECORD WAS SET OR TIED.
MM INDICATES DATA IS MISSING.
T  INDICATES TRACE AMOUNT.




$$
