000
CDUS44 KTSA 071416
CLIFYV

CLIMATE REPORT
NATIONAL WEATHER SERVICE TULSA OK
912 AM CDT TUE JUL 7 2015


...................................

...THE FAYETTEVILLE ARKANSAS CLIMATE SUMMARY FOR JULY 7 2015...
VALID AS OF 0900 AM LOCAL TIME.

CLIMATE NORMAL PERIOD 1981 TO 2010
CLIMATE RECORD PERIOD 1905 TO 2015


WEATHER ITEM   OBSERVED RECORD YEAR NORMAL DEPARTURE LAST
                VALUE   VALUE       VALUE  FROM      YEAR
                                           NORMAL
...........................................................
TEMPERATURE (F)
 TODAY
  MAXIMUM         77    101    1954  88
  MINIMUM         75     49    1972  66
  AVERAGE         76

PRECIPITATION (IN)
  TODAY            0.00   1.71 2012   0.13  -0.13     0.00
  MONTH TO DATE    0.44               0.94  -0.50      T
  SINCE JUN 1      7.21               5.92   1.29     4.10
  SINCE JAN 1     30.67              26.13   4.54    18.62

DEGREE DAYS
 COOLING
  TODAY           11
...........................................................


WIND (MPH)
  RESULTANT WIND SPEED  11   RESULTANT WIND DIRECTION   S (190)
  HIGHEST WIND SPEED    16   HIGHEST WIND DIRECTION     S (190)
  HIGHEST GUST SPEED    21   HIGHEST GUST DIRECTION     S (190)


SKY COVER
  POSSIBLE SUNSHINE  MM
  AVERAGE SKY COVER 0.8


WEATHER CONDITIONS
 THE FOLLOWING WEATHER WAS RECORDED TODAY.
  HAZE


RELATIVE HUMIDITY (PERCENT)
 HIGHEST    87
 LOWEST     76
 AVERAGE    82

..........................................................


THE FAYETTEVILLE ARKANSAS CLIMATE NORMALS FOR TOMORROW
                         NORMAL    RECORD    YEAR
 MAXIMUM TEMPERATURE (F)   88        98      1962
 MINIMUM TEMPERATURE (F)   67        51      2006


SUNRISE AND SUNSET
JULY  7 2015..........SUNRISE   606 AM CDT   SUNSET   836 PM CDT
JULY  8 2015..........SUNRISE   607 AM CDT   SUNSET   836 PM CDT


-  INDICATES NEGATIVE NUMBERS.
R  INDICATES RECORD WAS SET OR TIED.
MM INDICATES DATA IS MISSING.
T  INDICATES TRACE AMOUNT.




$$
