000
CDUS44 KTSA 282120 RRA
CLIFYV

CLIMATE REPORT
NATIONAL WEATHER SERVICE TULSA OK
420 PM CDT SUN AUG 28 2016


...................................

...THE FAYETTEVILLE ARKANSAS CLIMATE SUMMARY FOR AUGUST 28 2016...
VALID TODAY AS OF 0400 PM LOCAL TIME.

CLIMATE NORMAL PERIOD 1981 TO 2010
CLIMATE RECORD PERIOD 1905 TO 2016


WEATHER ITEM   OBSERVED TIME   RECORD YEAR NORMAL DEPARTURE LAST
                VALUE   (LST)  VALUE       VALUE  FROM      YEAR
                                                  NORMAL
..................................................................
TEMPERATURE (F)
 TODAY
  MAXIMUM         89    136 PM 100    1990  87      2       81
                                      1963
                                      1954
  MINIMUM         65    628 AM  46    1967  63      2       56
  AVERAGE         77                        75      2       69

PRECIPITATION (IN)
  TODAY            T                         0.11  -0.11     0.00
  MONTH TO DATE    1.09                      2.90  -1.81     4.41
  SINCE JUN 1     10.84                     11.34  -0.50    19.23
  SINCE JAN 1     25.10                     31.55  -6.45    42.69

DEGREE DAYS
 COOLING
  TODAY           12                        10      2        4
  MONTH TO DATE  341                       346     -5      247
  SINCE JUN 1   1113                       982    131      994
  SINCE JAN 1   1180                      1095     85     1091
..................................................................


WIND (MPH)
  HIGHEST WIND SPEED    16   HIGHEST WIND DIRECTION     E (80)
  HIGHEST GUST SPEED    22   HIGHEST GUST DIRECTION     E (90)
  AVERAGE WIND SPEED     1.6


SKY COVER
  POSSIBLE SUNSHINE  MM
  AVERAGE SKY COVER 0.4


WEATHER CONDITIONS
 THE FOLLOWING WEATHER WAS RECORDED TODAY.
  THUNDERSTORM
  FOG
  FOG W/VISIBILITY <= 1/4 MILE


RELATIVE HUMIDITY (PERCENT)
 HIGHEST   100          1200 AM
 LOWEST     55           200 PM
 AVERAGE    78

..........................................................


THE FAYETTEVILLE ARKANSAS CLIMATE NORMALS FOR TOMORROW
                         NORMAL    RECORD    YEAR
 MAXIMUM TEMPERATURE (F)   87       104      1984
 MINIMUM TEMPERATURE (F)   63        47      1986


SUNRISE AND SUNSET
AUGUST 28 2016........SUNRISE   646 AM CDT   SUNSET   749 PM CDT
AUGUST 29 2016........SUNRISE   647 AM CDT   SUNSET   748 PM CDT


-  INDICATES NEGATIVE NUMBERS.
R  INDICATES RECORD WAS SET OR TIED.
MM INDICATES DATA IS MISSING.
T  INDICATES TRACE AMOUNT.




$$
