000
CDUS44 KTSA 222119
CLIFYV

CLIMATE REPORT
NATIONAL WEATHER SERVICE TULSA OK
418 PM CDT FRI AUG 22 2014


...................................

...THE FAYETTEVILLE ARKANSAS CLIMATE SUMMARY FOR AUGUST 22 2014...
VALID TODAY AS OF 0400 PM LOCAL TIME.

CLIMATE NORMAL PERIOD 1981 TO 2010
CLIMATE RECORD PERIOD 1905 TO 2014


WEATHER ITEM   OBSERVED TIME   RECORD YEAR NORMAL DEPARTURE LAST
                VALUE   (LST)  VALUE       VALUE  FROM      YEAR
                                                  NORMAL
..................................................................
TEMPERATURE (F)
 TODAY
  MAXIMUM         93    237 PM  99    1983  89      4       91
  MINIMUM         75    544 AM  45    1956  65     10       60
  AVERAGE         84                        77      7       76

PRECIPITATION (IN)
  TODAY            0.00                      0.10  -0.10     0.00
  MONTH TO DATE    1.66                      2.27  -0.61     2.82
  SINCE JUN 1      8.19                     10.71  -2.52     6.97
  SINCE JAN 1     22.71                     30.92  -8.21    31.07

DEGREE DAYS
 COOLING
  TODAY           19                        12      7       11
  MONTH TO DATE  246                       280    -34      219
  SINCE JUN 1    760                       916   -156      864
  SINCE JAN 1    908                      1029   -121     1000
..................................................................


WIND (MPH)
  HIGHEST WIND SPEED    18   HIGHEST WIND DIRECTION    SW (220)
  HIGHEST GUST SPEED    24   HIGHEST GUST DIRECTION    SW (210)
  AVERAGE WIND SPEED    10.3


SKY COVER
  POSSIBLE SUNSHINE  MM
  AVERAGE SKY COVER 0.1


WEATHER CONDITIONS
 THE FOLLOWING WEATHER WAS RECORDED TODAY.
  NO SIGNIFICANT WEATHER WAS OBSERVED.


RELATIVE HUMIDITY (PERCENT)
 HIGHEST    87           200 AM
 LOWEST     52           300 PM
 AVERAGE    70

..........................................................


THE FAYETTEVILLE ARKANSAS CLIMATE NORMALS FOR TOMORROW
                         NORMAL    RECORD    YEAR
 MAXIMUM TEMPERATURE (F)   89        98      2010
                                             1989
                                             1963
 MINIMUM TEMPERATURE (F)   64        48      1949


SUNRISE AND SUNSET
AUGUST 22 2014........SUNRISE   641 AM CDT   SUNSET   758 PM CDT
AUGUST 23 2014........SUNRISE   641 AM CDT   SUNSET   756 PM CDT


-  INDICATES NEGATIVE NUMBERS.
R  INDICATES RECORD WAS SET OR TIED.
MM INDICATES DATA IS MISSING.
T  INDICATES TRACE AMOUNT.




$$
