000
CDUS44 KTSA 012130
CLIFYV

CLIMATE REPORT
NATIONAL WEATHER SERVICE TULSA OK
418 PM CDT MON JUN 1 2015


...................................

...THE FAYETTEVILLE ARKANSAS CLIMATE SUMMARY FOR JUNE 1 2015...
VALID TODAY AS OF 0400 PM LOCAL TIME.

CLIMATE NORMAL PERIOD 1981 TO 2010
CLIMATE RECORD PERIOD 1905 TO 2015


WEATHER ITEM   OBSERVED TIME   RECORD YEAR NORMAL DEPARTURE LAST
                VALUE   (LST)  VALUE       VALUE  FROM      YEAR
                                                  NORMAL
..................................................................
TEMPERATURE (F)
 TODAY
  MAXIMUM         77    248 PM  92    1951  80     -3       82
  MINIMUM         58   1217 AM  42    1983  58      0       62
  AVERAGE         68                        69     -1       72

PRECIPITATION (IN)
  TODAY            0.00                      0.18  -0.18     0.00
  MONTH TO DATE    0.00                      0.18  -0.18     0.00
  SINCE JUN 1      0.00                      0.18  -0.18     0.00
  SINCE JAN 1     23.46                     20.39   3.07    14.52

DEGREE DAYS
 COOLING
  TODAY            3                         5     -2        7
  MONTH TO DATE    3                         5     -2        7
  SINCE JUN 1      3                         5     -2        7
  SINCE JAN 1    100                       118    -18      155
..................................................................


WIND (MPH)
  HIGHEST WIND SPEED     9   HIGHEST WIND DIRECTION     W (280)
  HIGHEST GUST SPEED    24   HIGHEST GUST DIRECTION     W (270)
  AVERAGE WIND SPEED     1.7


SKY COVER
  POSSIBLE SUNSHINE  MM
  AVERAGE SKY COVER 0.8


WEATHER CONDITIONS
 THE FOLLOWING WEATHER WAS RECORDED TODAY.
  NO SIGNIFICANT WEATHER WAS OBSERVED.


RELATIVE HUMIDITY (PERCENT)
 HIGHEST   100           600 AM
 LOWEST     58           100 PM
 AVERAGE    79

..........................................................


THE FAYETTEVILLE ARKANSAS CLIMATE NORMALS FOR TOMORROW
                         NORMAL    RECORD    YEAR
 MAXIMUM TEMPERATURE (F)   80        93      1989
 MINIMUM TEMPERATURE (F)   59        41      1956


SUNRISE AND SUNSET
JUNE  1 2015..........SUNRISE   601 AM CDT   SUNSET   828 PM CDT
JUNE  2 2015..........SUNRISE   601 AM CDT   SUNSET   829 PM CDT


-  INDICATES NEGATIVE NUMBERS.
R  INDICATES RECORD WAS SET OR TIED.
MM INDICATES DATA IS MISSING.
T  INDICATES TRACE AMOUNT.




$$
