000
CDUS43 KUNR 260837
CLIGCC


CLIMATE REPORT
NATIONAL WEATHER SERVICE RAPID CITY SD
233 AM MDT SUN MAR 26 2017


...................................

...THE GILLETTE AIRPORT WY CLIMATE SUMMARY FOR MARCH 25 2017...

CLIMATE NORMAL PERIOD 1981 TO 2010
CLIMATE RECORD PERIOD 9999 TO 9999


WEATHER ITEM   OBSERVED TIME   NORMAL DEPARTURE LAST
                VALUE   (LST)  VALUE  FROM      YEAR
                                      NORMAL
......................................................
TEMPERATURE (F)
 YESTERDAY
  MAXIMUM         59    237 PM  50      9       36
  MINIMUM         41   1159 PM  24     17       24
  AVERAGE         50            37     13       30

PRECIPITATION (IN)
  YESTERDAY        0.00          0.04  -0.04     0.21
  MONTH TO DATE    0.79          0.73   0.06     0.81
  SINCE MAR 1      0.79          0.73   0.06     0.81
  SINCE JAN 1      1.63          1.51   0.12     2.32

DEGREE DAYS
 HEATING
  YESTERDAY       15            28    -13       35
  MONTH TO DATE  589           774   -185      623
  SINCE MAR 1    589           774   -185      623
  SINCE JUL 1   5346          6182   -836     5354

 COOLING
  YESTERDAY        0             0      0        0
  MONTH TO DATE    0             0      0        0
  SINCE MAR 1      0             0      0        0
  SINCE JAN 1      0             0      0        0
......................................................


WIND (MPH)
  HIGHEST WIND SPEED    31   HIGHEST WIND DIRECTION     S (170)
  HIGHEST GUST SPEED    40   HIGHEST GUST DIRECTION     S (160)
  AVERAGE WIND SPEED    12.3


SKY COVER
  AVERAGE SKY COVER 0.3


WEATHER CONDITIONS
 THE FOLLOWING WEATHER WAS RECORDED YESTERDAY.
  NO SIGNIFICANT WEATHER WAS OBSERVED.


RELATIVE HUMIDITY (PERCENT)
 HIGHEST    76          1100 PM
 LOWEST     38           900 AM
 AVERAGE    57

..........................................................




SUNRISE AND SUNSET
MARCH 26 2017.........SUNRISE   654 AM MDT   SUNSET   722 PM MDT
MARCH 27 2017.........SUNRISE   652 AM MDT   SUNSET   724 PM MDT


-  INDICATES NEGATIVE NUMBERS.
R  INDICATES RECORD WAS SET OR TIED.
MM INDICATES DATA IS MISSING.
T  INDICATES TRACE AMOUNT.




$$
