000
CDUS43 KUNR 280830
CLIGCC


CLIMATE REPORT
NATIONAL WEATHER SERVICE RAPID CITY SD
230 AM MDT WED SEP 28 2016


...................................

...THE GILLETTE AIRPORT WY CLIMATE SUMMARY FOR SEPTEMBER 27 2016...

CLIMATE NORMAL PERIOD 1981 TO 2010
CLIMATE RECORD PERIOD 9999 TO 9999


WEATHER ITEM   OBSERVED TIME   NORMAL DEPARTURE LAST
                VALUE   (LST)  VALUE  FROM      YEAR
                                      NORMAL
......................................................
TEMPERATURE (F)
 YESTERDAY
  MAXIMUM         79    344 PM  67     12       78
  MINIMUM         47   1150 PM  39      8       48
  AVERAGE         63            53     10       63

PRECIPITATION (IN)
  YESTERDAY        0.00          0.05  -0.05     0.04
  MONTH TO DATE    2.50          1.06   1.44     0.16
  SINCE SEP 1      2.50          1.06   1.44     0.16
  SINCE JAN 1     11.66         11.54   0.12    13.30

DEGREE DAYS
 HEATING
  YESTERDAY        2            12    -10        2
  MONTH TO DATE  176           198    -22       72
  SINCE SEP 1    176           198    -22       72
  SINCE JUL 1    230           255    -25      137

 COOLING
  YESTERDAY        0             0      0        0
  MONTH TO DATE   25            40    -15       85
  SINCE SEP 1     25            40    -15       85
  SINCE JAN 1    569           500     69      538
......................................................


WIND (MPH)
  HIGHEST WIND SPEED    17   HIGHEST WIND DIRECTION    NW (330)
  HIGHEST GUST SPEED    32   HIGHEST GUST DIRECTION    NW (300)
  AVERAGE WIND SPEED     6.9


SKY COVER
  AVERAGE SKY COVER 0.0


WEATHER CONDITIONS
 THE FOLLOWING WEATHER WAS RECORDED YESTERDAY.
  NO SIGNIFICANT WEATHER WAS OBSERVED.


RELATIVE HUMIDITY (PERCENT)
 HIGHEST    93          1000 PM
 LOWEST     23           400 PM
 AVERAGE    58

..........................................................




SUNRISE AND SUNSET
SEPTEMBER 28 2016.....SUNRISE   657 AM MDT   SUNSET   647 PM MDT
SEPTEMBER 29 2016.....SUNRISE   658 AM MDT   SUNSET   645 PM MDT


-  INDICATES NEGATIVE NUMBERS.
R  INDICATES RECORD WAS SET OR TIED.
MM INDICATES DATA IS MISSING.
T  INDICATES TRACE AMOUNT.




$$
