000
CDUS43 KUNR 060904
CLIGCC


CLIMATE REPORT
NATIONAL WEATHER SERVICE RAPID CITY SD
203 AM MST SAT FEB 6 2016


...................................

...THE GILLETTE AIRPORT WY CLIMATE SUMMARY FOR FEBRUARY 5 2016...

CLIMATE NORMAL PERIOD 1981 TO 2010
CLIMATE RECORD PERIOD 9999 TO 9999


WEATHER ITEM   OBSERVED TIME   NORMAL DEPARTURE LAST
                VALUE   (LST)  VALUE  FROM      YEAR
                                      NORMAL
......................................................
TEMPERATURE (F)
 YESTERDAY
  MAXIMUM         35    143 PM  37     -2       53
  MINIMUM         24    747 AM  15      9       18
  AVERAGE         30            26      4       36

PRECIPITATION (IN)
  YESTERDAY        T             0.02  -0.02     0.00
  MONTH TO DATE    0.37          0.08   0.29     0.04
  SINCE DEC 1      1.25          0.87   0.38     0.72
  SINCE JAN 1      0.77          0.47   0.30     0.32

DEGREE DAYS
 HEATING
  YESTERDAY       35            39     -4       29
  MONTH TO DATE  214           195     19      203
  SINCE DEC 1   2525          2675   -150     2498
  SINCE JUL 1   4085          4550   -465     4281

 COOLING
  YESTERDAY        0             0      0        0
  MONTH TO DATE    0             0      0        0
  SINCE DEC 1      0             0      0        0
  SINCE JAN 1      0             0      0        0
......................................................


WIND (MPH)
  HIGHEST WIND SPEED    25   HIGHEST WIND DIRECTION    NW (300)
  HIGHEST GUST SPEED    34   HIGHEST GUST DIRECTION    NW (310)
  AVERAGE WIND SPEED    14.2


SKY COVER
  AVERAGE SKY COVER 0.3


WEATHER CONDITIONS
 THE FOLLOWING WEATHER WAS RECORDED YESTERDAY.
  FOG


RELATIVE HUMIDITY (PERCENT)
 HIGHEST    85           200 AM
 LOWEST     50           800 PM
 AVERAGE    68

..........................................................




SUNRISE AND SUNSET
FEBRUARY  6 2016......SUNRISE   715 AM MST   SUNSET   518 PM MST
FEBRUARY  7 2016......SUNRISE   714 AM MST   SUNSET   520 PM MST


-  INDICATES NEGATIVE NUMBERS.
R  INDICATES RECORD WAS SET OR TIED.
MM INDICATES DATA IS MISSING.
T  INDICATES TRACE AMOUNT.




$$
