000
CDUS43 KUNR 290832
CLIGCC


CLIMATE REPORT
NATIONAL WEATHER SERVICE RAPID CITY SD
231 AM MDT SAT APR 29 2017


...................................

...THE GILLETTE AIRPORT WY CLIMATE SUMMARY FOR APRIL 28 2017...

CLIMATE NORMAL PERIOD 1981 TO 2010
CLIMATE RECORD PERIOD 9999 TO 9999


WEATHER ITEM   OBSERVED TIME   NORMAL DEPARTURE LAST
                VALUE   (LST)  VALUE  FROM      YEAR
                                      NORMAL
......................................................
TEMPERATURE (F)
 YESTERDAY
  MAXIMUM         39    234 PM  60    -21       38
  MINIMUM         28   1159 PM  34     -6       29
  AVERAGE         34            47    -13       34

PRECIPITATION (IN)
  YESTERDAY        0.69          0.08   0.61     0.02
  MONTH TO DATE    4.31          1.32   2.99     2.49
  SINCE MAR 1      5.10          2.28   2.82     3.60
  SINCE JAN 1      5.94          3.06   2.88     5.11

DEGREE DAYS
 HEATING
  YESTERDAY       31            18     13       31
  MONTH TO DATE  586           633    -47      556
  SINCE MAR 1   1291          1572   -281     1344
  SINCE JUL 1   6048          6980   -932     6075

 COOLING
  YESTERDAY        0             0      0        0
  MONTH TO DATE    0             0      0        0
  SINCE MAR 1      0             0      0        0
  SINCE JAN 1      0             0      0        0
......................................................


WIND (MPH)
  HIGHEST WIND SPEED    21   HIGHEST WIND DIRECTION    NE (30)
  HIGHEST GUST SPEED    26   HIGHEST GUST DIRECTION    NE (40)
  AVERAGE WIND SPEED     9.5


SKY COVER
  AVERAGE SKY COVER 0.9


WEATHER CONDITIONS
 THE FOLLOWING WEATHER WAS RECORDED YESTERDAY.
  HEAVY SNOW
  SNOW
  LIGHT SNOW


RELATIVE HUMIDITY (PERCENT)
 HIGHEST   100          1200 AM
 LOWEST     70           200 PM
 AVERAGE    85

..........................................................




SUNRISE AND SUNSET
APRIL 29 2017.........SUNRISE   555 AM MDT   SUNSET   804 PM MDT
APRIL 30 2017.........SUNRISE   554 AM MDT   SUNSET   805 PM MDT


-  INDICATES NEGATIVE NUMBERS.
R  INDICATES RECORD WAS SET OR TIED.
MM INDICATES DATA IS MISSING.
T  INDICATES TRACE AMOUNT.




$$
