000
CDUS43 KUNR 300830
CLIGCC


CLIMATE REPORT
NATIONAL WEATHER SERVICE RAPID CITY SD
230 AM MDT SUN AUG 30 2015


...................................

...THE GILLETTE AIRPORT WY CLIMATE SUMMARY FOR AUGUST 29 2015...

CLIMATE NORMAL PERIOD 1981 TO 2010
CLIMATE RECORD PERIOD 9999 TO 9999


WEATHER ITEM   OBSERVED TIME   NORMAL DEPARTURE LAST
                VALUE   (LST)  VALUE  FROM      YEAR
                                      NORMAL
......................................................
TEMPERATURE (F)
 YESTERDAY
  MAXIMUM         96    255 PM  83     13       76
  MINIMUM         56    537 AM  50      6       55
  AVERAGE         76            66     10       66

PRECIPITATION (IN)
  YESTERDAY        0.00          0.03  -0.03      T
  MONTH TO DATE    1.87          0.89   0.98     1.95
  SINCE JUN 1      6.02          4.76   1.26     5.46
  SINCE JAN 1     13.14         10.42   2.72    15.06

DEGREE DAYS
 HEATING
  YESTERDAY        0             3     -3        0
  MONTH TO DATE   43            33     10       29
  SINCE JUN 1    104           194    -90      234
  SINCE JUL 1     65            52     13       42

 COOLING
  YESTERDAY       11             4      7        1
  MONTH TO DATE  194           172     22      148
  SINCE JUN 1    432           446    -14      342
  SINCE JAN 1    432           454    -22      350
......................................................


WIND (MPH)
  HIGHEST WIND SPEED    21   HIGHEST WIND DIRECTION     S (170)
  HIGHEST GUST SPEED    40   HIGHEST GUST DIRECTION     S (190)
  AVERAGE WIND SPEED    11.8


SKY COVER
  AVERAGE SKY COVER 0.0


WEATHER CONDITIONS
 THE FOLLOWING WEATHER WAS RECORDED YESTERDAY.
  NO SIGNIFICANT WEATHER WAS OBSERVED.


RELATIVE HUMIDITY (PERCENT)
 HIGHEST    62          1200 AM
 LOWEST     11           400 PM
 AVERAGE    37

..........................................................




SUNRISE AND SUNSET
AUGUST 30 2015........SUNRISE   622 AM MDT   SUNSET   742 PM MDT
AUGUST 31 2015........SUNRISE   624 AM MDT   SUNSET   740 PM MDT


-  INDICATES NEGATIVE NUMBERS.
R  INDICATES RECORD WAS SET OR TIED.
MM INDICATES DATA IS MISSING.
T  INDICATES TRACE AMOUNT.




$$
