000
CDUS43 KUNR 270831
CLIGCC


CLIMATE REPORT
NATIONAL WEATHER SERVICE RAPID CITY SD
131 AM MST SAT DEC 27 2014


...................................

...THE GILLETTE AIRPORT WY CLIMATE SUMMARY FOR DECEMBER 26 2014...

CLIMATE NORMAL PERIOD 1981 TO 2010
CLIMATE RECORD PERIOD 9999 TO 9999


WEATHER ITEM   OBSERVED TIME   NORMAL DEPARTURE LAST
                VALUE   (LST)  VALUE  FROM      YEAR
                                      NORMAL
......................................................
TEMPERATURE (F)
 YESTERDAY
  MAXIMUM         20    231 PM  36    -16       42
  MINIMUM         -4    554 PM  13    -17       21
  AVERAGE          8            24    -16       32

PRECIPITATION (IN)
  YESTERDAY        T             0.01  -0.01     0.00
  MONTH TO DATE    0.28          0.34  -0.06     0.57
  SINCE DEC 1      0.28          0.34  -0.06     0.57
  SINCE JAN 1     18.22         13.83   4.39    19.17

DEGREE DAYS
 HEATING
  YESTERDAY       57            41     16       33
  MONTH TO DATE  857          1063   -206     1220
  SINCE DEC 1    857          1063   -206     1220
  SINCE JUL 1   2640          2938   -298     2932

 COOLING
  YESTERDAY        0             0      0        0
  MONTH TO DATE    0             0      0        0
  SINCE DEC 1      0             0      0        0
  SINCE JAN 1    412           502    -90      615
......................................................


WIND (MPH)
  HIGHEST WIND SPEED    12   HIGHEST WIND DIRECTION     N (340)
  HIGHEST GUST SPEED    14   HIGHEST GUST DIRECTION     N (350)
  AVERAGE WIND SPEED     4.8


SKY COVER
  AVERAGE SKY COVER 0.7


WEATHER CONDITIONS
 THE FOLLOWING WEATHER WAS RECORDED YESTERDAY.
  SNOW
  LIGHT SNOW
  FOG


RELATIVE HUMIDITY (PERCENT)
 HIGHEST    96           700 PM
 LOWEST     73          1200 PM
 AVERAGE    85

..........................................................




SUNRISE AND SUNSET
DECEMBER 27 2014......SUNRISE   737 AM MST   SUNSET   429 PM MST
DECEMBER 28 2014......SUNRISE   737 AM MST   SUNSET   430 PM MST


-  INDICATES NEGATIVE NUMBERS.
R  INDICATES RECORD WAS SET OR TIED.
MM INDICATES DATA IS MISSING.
T  INDICATES TRACE AMOUNT.




$$
