000
CDUS43 KDDC 042327
CLIGCK


CLIMATE REPORT
NATIONAL WEATHER SERVICE DODGE CITY KS
626 PM CDT FRI SEP 4 2015


...................................

...THE GARDEN CITY REGIONAL ARPT KS CLIMATE SUMMARY FOR SEPTEMBER 4 2015...
VALID TODAY AS OF 0500 PM LOCAL TIME.

CLIMATE NORMAL PERIOD 1981 TO 2010
CLIMATE RECORD PERIOD 1948 TO 2015


WEATHER ITEM   OBSERVED TIME   RECORD YEAR NORMAL DEPARTURE LAST
                VALUE   (LST)  VALUE       VALUE  FROM      YEAR
                                                  NORMAL
..................................................................
TEMPERATURE (F)
 TODAY
  MAXIMUM         96    321 PM 100    1983  86     10       97
  MINIMUM         65    607 AM  40    1961  59      6       71
  AVERAGE         81                        73      8       84

PRECIPITATION (IN)
  TODAY            0.00          0.23 1973   0.06  -0.06     0.00
  MONTH TO DATE    0.00                      0.22  -0.22     0.01
  SINCE SEP 1      0.00                      0.22  -0.22     0.01
  SINCE JAN 1     19.79                     15.87   3.92    17.66

DEGREE DAYS
 HEATING
  TODAY            0                         1     -1        0
  MONTH TO DATE    0                         1     -1        0
  SINCE SEP 1      0                         1     -1        0
  SINCE JUL 1      0                         5     -5       10

 COOLING
  TODAY           16                         8      8       19
  MONTH TO DATE   62                        35     27       53
  SINCE SEP 1     62                        35     27       53
  SINCE JAN 1   1197                      1151     46     1213
..................................................................


WIND (MPH)
  HIGHEST WIND SPEED    28   HIGHEST WIND DIRECTION     S (180)
  HIGHEST GUST SPEED    34   HIGHEST GUST DIRECTION     S (190)
  AVERAGE WIND SPEED    13.2



WEATHER CONDITIONS
 THE FOLLOWING WEATHER WAS RECORDED TODAY.
  NO SIGNIFICANT WEATHER WAS OBSERVED.


RELATIVE HUMIDITY (PERCENT)
 HIGHEST    73           500 AM
 LOWEST     24           300 PM
 AVERAGE    49

..........................................................


THE GARDEN CITY REGIONAL ARPT KS CLIMATE NORMALS FOR TOMORROW
                         NORMAL    RECORD    YEAR
 MAXIMUM TEMPERATURE (F)   86       104      2010
 MINIMUM TEMPERATURE (F)   59        43      1962


SUNRISE AND SUNSET
SEPTEMBER  4 2015.....SUNRISE   715 AM CDT   SUNSET   808 PM CDT
SEPTEMBER  5 2015.....SUNRISE   716 AM CDT   SUNSET   807 PM CDT


-  INDICATES NEGATIVE NUMBERS.
R  INDICATES RECORD WAS SET OR TIED.
MM INDICATES DATA IS MISSING.
T  INDICATES TRACE AMOUNT.




$$
