000
CDUS43 KDDC 232328
CLIGCK


CLIMATE REPORT
NATIONAL WEATHER SERVICE DODGE CITY KS
525 PM CST THU NOV 23 2017


...................................

...THE GARDEN CITY REGIONAL ARPT KS CLIMATE SUMMARY FOR NOVEMBER 23 2017...
VALID TODAY AS OF 0500 PM LOCAL TIME.

CLIMATE NORMAL PERIOD 1981 TO 2010
CLIMATE RECORD PERIOD 1948 TO 2017


WEATHER ITEM   OBSERVED TIME   RECORD YEAR NORMAL DEPARTURE LAST
                VALUE   (LST)  VALUE       VALUE  FROM      YEAR
                                                  NORMAL
..................................................................
TEMPERATURE (F)
 TODAY
  MAXIMUM         73R   322 PM  72    2005  52     21       56
  MINIMUM         38    716 AM   7    2003  24     14       30
  AVERAGE         56                        38     18       43

PRECIPITATION (IN)
  TODAY            0.00          0.08 2001   0.01  -0.01     0.00
  MONTH TO DATE    0.01                      0.43  -0.42     0.07
  SINCE SEP 1      5.75                      3.18   2.57     0.26
  SINCE JAN 1     20.57                     18.83   1.74    20.09

DEGREE DAYS
 HEATING
  TODAY            9                        27    -18       22
  MONTH TO DATE  482                       500    -18      360
  SINCE SEP 1    830                       886    -56      527
  SINCE JUL 1    830                       890    -60      527

 COOLING
  TODAY            0                         0      0        0
  MONTH TO DATE    0                         0      0        0
  SINCE SEP 1    226                       182     44      277
  SINCE JAN 1   1373                      1298     75     1433
..................................................................


WIND (MPH)
  HIGHEST WIND SPEED    13   HIGHEST WIND DIRECTION    NW (330)
  HIGHEST GUST SPEED    16   HIGHEST GUST DIRECTION    NW (330)
  AVERAGE WIND SPEED     8.8



WEATHER CONDITIONS
 THE FOLLOWING WEATHER WAS RECORDED TODAY.
  NO SIGNIFICANT WEATHER WAS OBSERVED.


RELATIVE HUMIDITY (PERCENT)
 HIGHEST    79           700 AM
 LOWEST     27           300 PM
 AVERAGE    53

..........................................................


THE GARDEN CITY REGIONAL ARPT KS CLIMATE NORMALS FOR TOMORROW
                         NORMAL    RECORD    YEAR
 MAXIMUM TEMPERATURE (F)   51        81      1990
 MINIMUM TEMPERATURE (F)   24         2      1982


SUNRISE AND SUNSET
NOVEMBER 23 2017......SUNRISE   732 AM CST   SUNSET   526 PM CST
NOVEMBER 24 2017......SUNRISE   733 AM CST   SUNSET   526 PM CST


-  INDICATES NEGATIVE NUMBERS.
R  INDICATES RECORD WAS SET OR TIED.
MM INDICATES DATA IS MISSING.
T  INDICATES TRACE AMOUNT.




$$
