000
CDUS43 KDDC 272328
CLIGCK


CLIMATE REPORT
NATIONAL WEATHER SERVICE DODGE CITY KS
627 PM CDT SAT AUG 27 2016


...................................

...THE GARDEN CITY REGIONAL ARPT KS CLIMATE SUMMARY FOR AUGUST 27 2016...
VALID TODAY AS OF 0500 PM LOCAL TIME.

CLIMATE NORMAL PERIOD 1981 TO 2010
CLIMATE RECORD PERIOD 1948 TO 2016


WEATHER ITEM   OBSERVED TIME   RECORD YEAR NORMAL DEPARTURE LAST
                VALUE   (LST)  VALUE       VALUE  FROM      YEAR
                                                  NORMAL
..................................................................
TEMPERATURE (F)
 TODAY
  MAXIMUM         87    359 PM 104    1994  88     -1       95
  MINIMUM         59    634 AM  48    1992  62     -3       68
  AVERAGE         73                        75     -2       82

PRECIPITATION (IN)
  TODAY            0.00          4.19 1979   0.06  -0.06     0.02
  MONTH TO DATE    1.59                      2.20  -0.61     1.89
  SINCE JUN 1     14.24                      8.46   5.78    10.97
  SINCE JAN 1     19.70                     15.40   4.30    19.79

DEGREE DAYS
 HEATING
  TODAY            0                         0      0        0
  MONTH TO DATE    0                         0      0        0
  SINCE JUN 1      2                        17    -15        0
  SINCE JUL 1      0                         1     -1        0

 COOLING
  TODAY            8                        10     -2       17
  MONTH TO DATE  290                       326    -36      305
  SINCE JUN 1   1067                       988     79     1061
  SINCE JAN 1   1126                      1077     49     1091
..................................................................


WIND (MPH)
  HIGHEST WIND SPEED    21   HIGHEST WIND DIRECTION    SE (140)
  HIGHEST GUST SPEED    28   HIGHEST GUST DIRECTION    SE (130)
  AVERAGE WIND SPEED    10.9



WEATHER CONDITIONS
 THE FOLLOWING WEATHER WAS RECORDED TODAY.
  NO SIGNIFICANT WEATHER WAS OBSERVED.


RELATIVE HUMIDITY (PERCENT)
 HIGHEST    93           600 AM
 LOWEST     40           300 PM
 AVERAGE    67

..........................................................


THE GARDEN CITY REGIONAL ARPT KS CLIMATE NORMALS FOR TOMORROW
                         NORMAL    RECORD    YEAR
 MAXIMUM TEMPERATURE (F)   88       105      1984
 MINIMUM TEMPERATURE (F)   62        46      1976


SUNRISE AND SUNSET
AUGUST 27 2016........SUNRISE   709 AM CDT   SUNSET   819 PM CDT
AUGUST 28 2016........SUNRISE   710 AM CDT   SUNSET   817 PM CDT


-  INDICATES NEGATIVE NUMBERS.
R  INDICATES RECORD WAS SET OR TIED.
MM INDICATES DATA IS MISSING.
T  INDICATES TRACE AMOUNT.




$$
