000
CDUS43 KDDC 272325
CLIGCK


CLIMATE REPORT
NATIONAL WEATHER SERVICE DODGE CITY KS
625 PM CDT MON JUL 27 2015


...................................

...THE GARDEN CITY REGIONAL ARPT KS CLIMATE SUMMARY FOR JULY 27 2015...
VALID TODAY AS OF 0500 PM LOCAL TIME.

CLIMATE NORMAL PERIOD 1981 TO 2010
CLIMATE RECORD PERIOD 1948 TO 2015


WEATHER ITEM   OBSERVED TIME   RECORD YEAR NORMAL DEPARTURE LAST
                VALUE   (LST)  VALUE       VALUE  FROM      YEAR
                                                  NORMAL
..................................................................
TEMPERATURE (F)
 TODAY
  MAXIMUM         94    327 PM 108    1960  92      2       86
  MINIMUM         66    441 AM  49    2005  65      1       69
  AVERAGE         80                        78      2       78

PRECIPITATION (IN)
  TODAY            0.39          2.40 1971   0.09   0.30     0.01
  MONTH TO DATE    6.39                      2.43   3.96     1.19
  SINCE JUN 1      8.94                      5.91   3.03    12.07
  SINCE JAN 1     17.76                     12.85   4.91    13.43

DEGREE DAYS
 HEATING
  TODAY            0                         0      0        0
  MONTH TO DATE    0                         0      0       10
  SINCE JUN 1      0                        16    -16       21
  SINCE JUL 1      0                         0      0       10

 COOLING
  TODAY           15                        13      2       13
  MONTH TO DATE  368                       359      9      321
  SINCE JUN 1    714                       611    103      595
  SINCE JAN 1    744                       700     44      738
..................................................................


WIND (MPH)
  HIGHEST WIND SPEED    29   HIGHEST WIND DIRECTION     S (180)
  HIGHEST GUST SPEED    36   HIGHEST GUST DIRECTION     S (190)
  AVERAGE WIND SPEED    18.0



WEATHER CONDITIONS
 THE FOLLOWING WEATHER WAS RECORDED TODAY.
  THUNDERSTORM
  HEAVY RAIN
  LIGHT RAIN
  FOG


RELATIVE HUMIDITY (PERCENT)
 HIGHEST    93           400 AM
 LOWEST     41           400 PM
 AVERAGE    67

..........................................................


THE GARDEN CITY REGIONAL ARPT KS CLIMATE NORMALS FOR TOMORROW
                         NORMAL    RECORD    YEAR
 MAXIMUM TEMPERATURE (F)   92       104      1980
 MINIMUM TEMPERATURE (F)   65        52      2005


SUNRISE AND SUNSET
JULY 27 2015..........SUNRISE   642 AM CDT   SUNSET   857 PM CDT
JULY 28 2015..........SUNRISE   642 AM CDT   SUNSET   856 PM CDT


-  INDICATES NEGATIVE NUMBERS.
R  INDICATES RECORD WAS SET OR TIED.
MM INDICATES DATA IS MISSING.
T  INDICATES TRACE AMOUNT.




$$
