000
CDUS43 KDDC 272331
CLIGCK


CLIMATE REPORT
NATIONAL WEATHER SERVICE DODGE CITY KS
630 PM CDT WED MAY 27 2015


...................................

...THE GARDEN CITY REGIONAL ARPT KS CLIMATE SUMMARY FOR MAY 27 2015...
VALID TODAY AS OF 0500 PM LOCAL TIME.

CLIMATE NORMAL PERIOD 1981 TO 2010
CLIMATE RECORD PERIOD 1948 TO 2015


WEATHER ITEM   OBSERVED TIME   RECORD YEAR NORMAL DEPARTURE LAST
                VALUE   (LST)  VALUE       VALUE  FROM      YEAR
                                                  NORMAL
..................................................................
TEMPERATURE (F)
 TODAY
  MAXIMUM         81    332 PM 101    2006  80      1       85
  MINIMUM         56    344 AM  32    1950  54      2       55
  AVERAGE         69                        67      2       70

PRECIPITATION (IN)
  TODAY            T             1.86 1980   0.11  -0.11     0.00
  MONTH TO DATE    6.27                      2.44   3.83     0.69
  SINCE MAR 1      6.95                      5.62   1.33     1.20
  SINCE JAN 1      7.72                      6.50   1.22     1.36

DEGREE DAYS
 HEATING
  TODAY            0                         2     -2        0
  MONTH TO DATE  161                       122     39      116
  SINCE MAR 1   1041                      1160   -119     1211
  SINCE JUL 1   4949                      5184   -235     5387

 COOLING
  TODAY            4                         4      0        5
  MONTH TO DATE   21                        59    -38       77
  SINCE MAR 1     28                        71    -43       98
  SINCE JAN 1     28                        71    -43       98
..................................................................


WIND (MPH)
  HIGHEST WIND SPEED    31   HIGHEST WIND DIRECTION    SE (140)
  HIGHEST GUST SPEED    37   HIGHEST GUST DIRECTION    SE (140)
  AVERAGE WIND SPEED    10.4



WEATHER CONDITIONS
 THE FOLLOWING WEATHER WAS RECORDED TODAY.
  LIGHT RAIN


RELATIVE HUMIDITY (PERCENT)
 HIGHEST    93           100 AM
 LOWEST     45          1200 PM
 AVERAGE    69

..........................................................


THE GARDEN CITY REGIONAL ARPT KS CLIMATE NORMALS FOR TOMORROW
                         NORMAL    RECORD    YEAR
 MAXIMUM TEMPERATURE (F)   80       101      1974
 MINIMUM TEMPERATURE (F)   54        40      1992


SUNRISE AND SUNSET
MAY 27 2015...........SUNRISE   625 AM CDT   SUNSET   856 PM CDT
MAY 28 2015...........SUNRISE   624 AM CDT   SUNSET   857 PM CDT


-  INDICATES NEGATIVE NUMBERS.
R  INDICATES RECORD WAS SET OR TIED.
MM INDICATES DATA IS MISSING.
T  INDICATES TRACE AMOUNT.




$$
