000
CDUS43 KDDC 191426
CLIGCK


CLIMATE REPORT
NATIONAL WEATHER SERVICE DODGE CITY KS
825 AM CST THU JAN 19 2017


...................................

...THE GARDEN CITY REGIONAL ARPT KS CLIMATE SUMMARY FOR JANUARY 19 2017...
VALID AS OF 0800 AM LOCAL TIME.

CLIMATE NORMAL PERIOD 1981 TO 2010
CLIMATE RECORD PERIOD 1948 TO 2017


WEATHER ITEM   OBSERVED TIME   RECORD YEAR NORMAL DEPARTURE LAST
                VALUE   (LST)  VALUE       VALUE  FROM      YEAR
                                                  NORMAL
..................................................................
TEMPERATURE (F)
 TODAY
  MAXIMUM         44    133 AM  77    1986  44      0       37
  MINIMUM         39    759 AM -10    1978  18     21       18
  AVERAGE         42                        31     11       28

PRECIPITATION (IN)
  TODAY            0.00          0.80 1990   0.01  -0.01     0.00
  MONTH TO DATE    1.14                      0.20   0.94     0.03
  SINCE DEC 1      1.44                      0.72   0.72     1.13
  SINCE JAN 1      1.14                      0.20   0.94     0.03

..................................................................


WIND (MPH)
  HIGHEST WIND SPEED    17   HIGHEST WIND DIRECTION     S (170)
  HIGHEST GUST SPEED    23   HIGHEST GUST DIRECTION     S (180)



WEATHER CONDITIONS
 THE FOLLOWING WEATHER WAS RECORDED TODAY.
  FOG


RELATIVE HUMIDITY (PERCENT)
 HIGHEST   100           200 AM
 LOWEST     92          1200 AM

..........................................................


THE GARDEN CITY REGIONAL ARPT KS CLIMATE NORMALS FOR TOMORROW
                         NORMAL    RECORD    YEAR
 MAXIMUM TEMPERATURE (F)   44        78      1986
 MINIMUM TEMPERATURE (F)   18       -10      1978


SUNRISE AND SUNSET
JANUARY 19 2017.......SUNRISE   756 AM CST   SUNSET   552 PM CST
JANUARY 20 2017.......SUNRISE   755 AM CST   SUNSET   553 PM CST


-  INDICATES NEGATIVE NUMBERS.
R  INDICATES RECORD WAS SET OR TIED.
MM INDICATES DATA IS MISSING.
T  INDICATES TRACE AMOUNT.




$$
