000
CDUS43 KDDC 210708
CLIGCK


CLIMATE REPORT
NATIONAL WEATHER SERVICE DODGE CITY KS
206 AM CDT FRI JUL 21 2017


...................................

...THE GARDEN CITY REGIONAL ARPT KS CLIMATE SUMMARY FOR JULY 20 2017...

CLIMATE NORMAL PERIOD 1981 TO 2010
CLIMATE RECORD PERIOD 1948 TO 2017


WEATHER ITEM   OBSERVED TIME   RECORD YEAR NORMAL DEPARTURE LAST
                VALUE   (LST)  VALUE       VALUE  FROM      YEAR
                                                  NORMAL
..................................................................
TEMPERATURE (F)
 YESTERDAY
  MAXIMUM         99    446 PM 108    2011  92      7       96
  MINIMUM         70    603 AM  56    1989  65      5       69
  AVERAGE         85                        79      6       83

PRECIPITATION (IN)
  YESTERDAY        0.00          1.30 1961   0.08  -0.08     0.00
  MONTH TO DATE    2.56                      1.81   0.75     6.12
  SINCE JUN 1      3.21                      5.29  -2.08    11.20
  SINCE JAN 1     11.52                     12.23  -0.71    16.66

DEGREE DAYS
 HEATING
  YESTERDAY        0                         0      0
  MONTH TO DATE    0                         0      0
  SINCE JUN 1      0                        16    -16
  SINCE JUL 1      0                         0      0

 COOLING
  YESTERDAY       20                        14      6
  MONTH TO DATE  302                       263     39
  SINCE JUN 1    637                       515    122
  SINCE JAN 1    727                       604    123
..................................................................


WIND (MPH)
  HIGHEST WIND SPEED    28   HIGHEST WIND DIRECTION    SW (210)
  HIGHEST GUST SPEED    33   HIGHEST GUST DIRECTION    SW (210)
  AVERAGE WIND SPEED    14.1



WEATHER CONDITIONS
 THE FOLLOWING WEATHER WAS RECORDED YESTERDAY.
  NO SIGNIFICANT WEATHER WAS OBSERVED.


RELATIVE HUMIDITY (PERCENT)
 HIGHEST    73           600 AM
 LOWEST     26           100 PM
 AVERAGE    50

..........................................................


THE GARDEN CITY REGIONAL ARPT KS CLIMATE NORMALS FOR TODAY
                         NORMAL    RECORD    YEAR
 MAXIMUM TEMPERATURE (F)   92       105      1974
 MINIMUM TEMPERATURE (F)   65        51      1989


SUNRISE AND SUNSET
JULY 21 2017..........SUNRISE   637 AM CDT   SUNSET   901 PM CDT
JULY 22 2017..........SUNRISE   638 AM CDT   SUNSET   900 PM CDT


-  INDICATES NEGATIVE NUMBERS.
R  INDICATES RECORD WAS SET OR TIED.
MM INDICATES DATA IS MISSING.
T  INDICATES TRACE AMOUNT.




$$
