000
CDUS41 KPHI 160640
CLIGED


CLIMATE REPORT
NATIONAL WEATHER SERVICE MOUNT HOLLY NJ
233 AM EDT WED APR 16 2014


...................................

...THE GEORGETOWN DE CLIMATE SUMMARY FOR APRIL 15 2014...

CLIMATE NORMAL PERIOD 1981 TO 2010
CLIMATE RECORD PERIOD 1948 TO 2014


WEATHER ITEM   OBSERVED TIME   RECORD YEAR NORMAL DEPARTURE LAST
                VALUE   (LST)  VALUE       VALUE  FROM      YEAR
                                                  NORMAL
..................................................................
TEMPERATURE (F)
 YESTERDAY
  MAXIMUM         69    215 PM  86    1960  64      5       60
  MINIMUM         35   1159 PM  26    1973  44     -9       51
  AVERAGE         52                        54     -2       56

PRECIPITATION (IN)
  YESTERDAY        1.54          1.71 1970   0.11   1.43     0.00
  MONTH TO DATE    1.97                      2.01  -0.04     1.53
  SINCE MAR 1      5.33                      6.06  -0.73     5.11
  SINCE JAN 1     12.51                     11.77   0.74    10.08

SNOWFALL (IN)
  YESTERDAY       MM            MM      MM  MM     MM       MM
  MONTH TO DATE   MM                        MM     MM       MM
  SINCE MAR 1     MM                        MM     MM       MM
  SINCE JUL 1     MM                        MM     MM       MM
  SNOW DEPTH      MM

DEGREE DAYS
 HEATING
  YESTERDAY       13                        12      1        9
  MONTH TO DATE  143                       205    -62      169
  SINCE MAR 1    883                       837     46      901
  SINCE JUL 1   4238                      4117    121     3881

 COOLING
  YESTERDAY        0                         1     -1        0
  MONTH TO DATE   12                         5      7       23
  SINCE MAR 1     12                         7      5       23
  SINCE JAN 1     12                         7      5       23
..................................................................


WIND (MPH)
  HIGHEST WIND SPEED    26   HIGHEST WIND DIRECTION     S (190)
  HIGHEST GUST SPEED    36   HIGHEST GUST DIRECTION     S (200)
  AVERAGE WIND SPEED    15.4


SKY COVER
  POSSIBLE SUNSHINE  MM
  AVERAGE SKY COVER 1.0


WEATHER CONDITIONS
 THE FOLLOWING WEATHER WAS RECORDED YESTERDAY.
  HEAVY RAIN
  RAIN
  LIGHT RAIN
  LIGHT SNOW
  FOG


RELATIVE HUMIDITY (PERCENT)
 HIGHEST    93           300 AM
 LOWEST     78           200 PM
 AVERAGE    86

..........................................................


THE GEORGETOWN DE CLIMATE NORMALS FOR TODAY
                         NORMAL    RECORD    YEAR
 MAXIMUM TEMPERATURE (F)   65        89      2002
 MINIMUM TEMPERATURE (F)   44        23      1950


SUNRISE AND SUNSET
APRIL 16 2014.........SUNRISE   624 AM EDT   SUNSET   739 PM EDT
APRIL 17 2014.........SUNRISE   622 AM EDT   SUNSET   740 PM EDT


-  INDICATES NEGATIVE NUMBERS.
R  INDICATES RECORD WAS SET OR TIED.
MM INDICATES DATA IS MISSING.
T  INDICATES TRACE AMOUNT.




$$
