000
CDUS41 KPHI 300627
CLIGED


CLIMATE REPORT
NATIONAL WEATHER SERVICE MOUNT HOLLY NJ
227 AM EDT TUE MAY 30 2017


...................................

...THE GEORGETOWN DE CLIMATE SUMMARY FOR MAY 29 2017...

CLIMATE NORMAL PERIOD 1981 TO 2010
CLIMATE RECORD PERIOD 1948 TO 2017


WEATHER ITEM   OBSERVED TIME   RECORD YEAR NORMAL DEPARTURE LAST
                VALUE   (LST)  VALUE       VALUE  FROM      YEAR
                                                  NORMAL
..................................................................
TEMPERATURE (F)
 YESTERDAY
  MAXIMUM         69    408 PM  92    1955  78     -9       85
  MINIMUM         58   1059 PM  39    1997  57      1       56
  AVERAGE         64                        67     -3       71

PRECIPITATION (IN)
  YESTERDAY        0.01          1.62 1990   0.13  -0.12      T
  MONTH TO DATE    4.72                      3.29   1.43     4.97
  SINCE MAR 1     11.57                     10.97   0.60    10.33
  SINCE JAN 1     15.81                     16.68  -0.87    16.80

DEGREE DAYS
 HEATING
  YESTERDAY        1                         2     -1        0
  MONTH TO DATE  110                       131    -21      159
  SINCE MAR 1    891                      1111   -220      981
  SINCE JUL 1   3576                      4391   -815     3659

 COOLING
  YESTERDAY        0                         4     -4        6
  MONTH TO DATE   71                        66      5       53
  SINCE MAR 1    139                        86     53       74
  SINCE JAN 1    139                        86     53       74
..................................................................


WIND (MPH)
  HIGHEST WIND SPEED    14   HIGHEST WIND DIRECTION    SE (120)
  HIGHEST GUST SPEED    16   HIGHEST GUST DIRECTION     E (80)
  AVERAGE WIND SPEED     7.2


SKY COVER
  POSSIBLE SUNSHINE  MM
  AVERAGE SKY COVER 1.0


WEATHER CONDITIONS
 THE FOLLOWING WEATHER WAS RECORDED YESTERDAY.
  LIGHT RAIN
  FOG
  HAZE


RELATIVE HUMIDITY (PERCENT)
 HIGHEST   100           300 AM
 LOWEST     73           400 PM
 AVERAGE    87

..........................................................


THE GEORGETOWN DE CLIMATE NORMALS FOR TODAY
                         NORMAL    RECORD    YEAR
 MAXIMUM TEMPERATURE (F)   78        95      2011
 MINIMUM TEMPERATURE (F)   58        40      1949


SUNRISE AND SUNSET
MAY 30 2017...........SUNRISE   539 AM EDT   SUNSET   819 PM EDT
MAY 31 2017...........SUNRISE   539 AM EDT   SUNSET   820 PM EDT


-  INDICATES NEGATIVE NUMBERS.
R  INDICATES RECORD WAS SET OR TIED.
MM INDICATES DATA IS MISSING.
T  INDICATES TRACE AMOUNT.




$$
