000
CDUS41 KPHI 270630
CLIGED


CLIMATE REPORT
NATIONAL WEATHER SERVICE MOUNT HOLLY NJ
229 AM EDT MON MAR 27 2017


...................................

...THE GEORGETOWN DE CLIMATE SUMMARY FOR MARCH 26 2017...

CLIMATE NORMAL PERIOD 1981 TO 2010
CLIMATE RECORD PERIOD 1948 TO 2017


WEATHER ITEM   OBSERVED TIME   RECORD YEAR NORMAL DEPARTURE LAST
                VALUE   (LST)  VALUE       VALUE  FROM      YEAR
                                                  NORMAL
..................................................................
TEMPERATURE (F)
 YESTERDAY
  MAXIMUM         47   1252 PM  78    2004  58    -11       55
                                      1988
  MINIMUM         44    703 PM  17    1974  38      6       44
  AVERAGE         46                        48     -2       50

PRECIPITATION (IN)
  YESTERDAY        0.00          1.65 1984   0.15  -0.15     0.00
  MONTH TO DATE    3.35                      3.28   0.07     1.26
  SINCE MAR 1      3.35                      3.28   0.07     1.26
  SINCE JAN 1      7.59                      8.99  -1.40     7.73

DEGREE DAYS
 HEATING
  YESTERDAY       19                        17      2       15
  MONTH TO DATE  568                       550     18      391
  SINCE MAR 1    568                       550     18      391
  SINCE JUL 1   3253                      3830   -577     3069

 COOLING
  YESTERDAY        0                         0      0        0
  MONTH TO DATE    3                         0      3        2
  SINCE MAR 1      3                         0      3        2
  SINCE JAN 1      3                         0      3        2
..................................................................


WIND (MPH)
  HIGHEST WIND SPEED    18   HIGHEST WIND DIRECTION     E (70)
  HIGHEST GUST SPEED    26   HIGHEST GUST DIRECTION     E (70)
  AVERAGE WIND SPEED    10.9


SKY COVER
  POSSIBLE SUNSHINE  MM
  AVERAGE SKY COVER 1.0


WEATHER CONDITIONS
 THE FOLLOWING WEATHER WAS RECORDED YESTERDAY.
  FOG


RELATIVE HUMIDITY (PERCENT)
 HIGHEST   100           900 PM
 LOWEST     86          1200 AM
 AVERAGE    93

..........................................................


THE GEORGETOWN DE CLIMATE NORMALS FOR TODAY
                         NORMAL    RECORD    YEAR
 MAXIMUM TEMPERATURE (F)   58        83      2007
 MINIMUM TEMPERATURE (F)   38        18      1951


SUNRISE AND SUNSET
MARCH 27 2017.........SUNRISE   654 AM EDT   SUNSET   720 PM EDT
MARCH 28 2017.........SUNRISE   652 AM EDT   SUNSET   721 PM EDT


-  INDICATES NEGATIVE NUMBERS.
R  INDICATES RECORD WAS SET OR TIED.
MM INDICATES DATA IS MISSING.
T  INDICATES TRACE AMOUNT.




$$
