000
CDUS41 KPHI 210631
CLIGED


CLIMATE REPORT
NATIONAL WEATHER SERVICE MOUNT HOLLY NJ
130 AM EST SAT JAN 21 2017


...................................

...THE GEORGETOWN DE CLIMATE SUMMARY FOR JANUARY 20 2017...

CLIMATE NORMAL PERIOD 1981 TO 2010
CLIMATE RECORD PERIOD 1948 TO 2017


WEATHER ITEM   OBSERVED TIME   RECORD YEAR NORMAL DEPARTURE LAST
                VALUE   (LST)  VALUE       VALUE  FROM      YEAR
                                                  NORMAL
..................................................................
TEMPERATURE (F)
 YESTERDAY
  MAXIMUM         47    553 PM  69    1951  43      4       33
  MINIMUM         32    422 AM  -2    1994  26      6       20
  AVERAGE         40                        35      5       27

PRECIPITATION (IN)
  YESTERDAY        0.03          1.31 1995   0.09  -0.06      T
  MONTH TO DATE    2.20                      1.89   0.31     1.78
  SINCE DEC 1      5.00                      5.18  -0.18     5.94
  SINCE JAN 1      2.20                      1.89   0.31     1.78

DEGREE DAYS
 HEATING
  YESTERDAY       25                        30     -5       38
  MONTH TO DATE  511                       597    -86      587
  SINCE DEC 1   1275                      1395   -120      988
  SINCE JUL 1   1909                      2179   -270     1628

 COOLING
  YESTERDAY        0                         0      0        0
  MONTH TO DATE    0                         0      0        0
  SINCE DEC 1      0                         0      0        9
  SINCE JAN 1      0                         0      0        0
..................................................................


WIND (MPH)
  HIGHEST WIND SPEED     9   HIGHEST WIND DIRECTION    SE (120)
  HIGHEST GUST SPEED    10   HIGHEST GUST DIRECTION     E (110)
  AVERAGE WIND SPEED     1.5


SKY COVER
  POSSIBLE SUNSHINE  MM
  AVERAGE SKY COVER 0.5


WEATHER CONDITIONS
 THE FOLLOWING WEATHER WAS RECORDED YESTERDAY.
  LIGHT RAIN
  FOG
  FOG W/VISIBILITY <= 1/4 MILE
  HAZE


RELATIVE HUMIDITY (PERCENT)
 HIGHEST   100           700 AM
 LOWEST     83          1100 AM
 AVERAGE    92

..........................................................


THE GEORGETOWN DE CLIMATE NORMALS FOR TODAY
                         NORMAL    RECORD    YEAR
 MAXIMUM TEMPERATURE (F)   43        68      1959
 MINIMUM TEMPERATURE (F)   26        -5      1985


SUNRISE AND SUNSET
JANUARY 21 2017.......SUNRISE   715 AM EST   SUNSET   511 PM EST
JANUARY 22 2017.......SUNRISE   714 AM EST   SUNSET   512 PM EST


-  INDICATES NEGATIVE NUMBERS.
R  INDICATES RECORD WAS SET OR TIED.
MM INDICATES DATA IS MISSING.
T  INDICATES TRACE AMOUNT.




$$
