000
CDUS41 KPHI 240544
CLIGED


CLIMATE REPORT
NATIONAL WEATHER SERVICE MOUNT HOLLY NJ
1243 AM EST FRI NOV 24 2017


...................................

...THE GEORGETOWN DE CLIMATE SUMMARY FOR NOVEMBER 23 2017...

CLIMATE NORMAL PERIOD 1981 TO 2010
CLIMATE RECORD PERIOD 1948 TO 2017


WEATHER ITEM   OBSERVED TIME   RECORD YEAR NORMAL DEPARTURE LAST
                VALUE   (LST)  VALUE       VALUE  FROM      YEAR
                                                  NORMAL
..................................................................
TEMPERATURE (F)
 YESTERDAY
  MAXIMUM         43    256 PM  72    1992  56    -13       52
  MINIMUM         28   1159 PM  16    1984  37     -9       28
  AVERAGE         36                        46    -10       40

PRECIPITATION (IN)
  YESTERDAY        0.00          1.20 1953   0.10  -0.10      T
  MONTH TO DATE    2.10                      2.57  -0.47     0.23
  SINCE SEP 1      7.72                     10.42  -2.70    15.79
  SINCE JAN 1     41.73                     39.69   2.04    45.15

DEGREE DAYS
 HEATING
  YESTERDAY       29                        19     10       25
  MONTH TO DATE  349                       357     -8      349
  SINCE SEP 1    489                       642   -153      526
  SINCE JUL 1    489                       643   -154      526

 COOLING
  YESTERDAY        0                         0      0        0
  MONTH TO DATE    6                         0      6        5
  SINCE SEP 1    284                       165    119      290
  SINCE JAN 1   1517                      1194    323     1504
..................................................................


WIND (MPH)
  HIGHEST WIND SPEED    10   HIGHEST WIND DIRECTION     W (270)
  HIGHEST GUST SPEED    14   HIGHEST GUST DIRECTION    NW (310)
  AVERAGE WIND SPEED     2.0


SKY COVER
  POSSIBLE SUNSHINE  MM
  AVERAGE SKY COVER 0.0


WEATHER CONDITIONS
 THE FOLLOWING WEATHER WAS RECORDED YESTERDAY.
  NO SIGNIFICANT WEATHER WAS OBSERVED.


RELATIVE HUMIDITY (PERCENT)
 HIGHEST    85           900 PM
 LOWEST     43           400 PM
 AVERAGE    64

..........................................................


THE GEORGETOWN DE CLIMATE NORMALS FOR TODAY
                         NORMAL    RECORD    YEAR
 MAXIMUM TEMPERATURE (F)   55        75      1992
 MINIMUM TEMPERATURE (F)   36        15      1976


SUNRISE AND SUNSET
NOVEMBER 24 2017......SUNRISE   654 AM EST   SUNSET   443 PM EST
NOVEMBER 25 2017......SUNRISE   655 AM EST   SUNSET   442 PM EST


-  INDICATES NEGATIVE NUMBERS.
R  INDICATES RECORD WAS SET OR TIED.
MM INDICATES DATA IS MISSING.
T  INDICATES TRACE AMOUNT.




$$
