000
CDUS41 KPHI 250633
CLIGED


CLIMATE REPORT
NATIONAL WEATHER SERVICE MOUNT HOLLY NJ
232 AM EDT TUE APR 25 2017


...................................

...THE GEORGETOWN DE CLIMATE SUMMARY FOR APRIL 24 2017...

CLIMATE NORMAL PERIOD 1981 TO 2010
CLIMATE RECORD PERIOD 1948 TO 2017


WEATHER ITEM   OBSERVED TIME   RECORD YEAR NORMAL DEPARTURE LAST
                VALUE   (LST)  VALUE       VALUE  FROM      YEAR
                                                  NORMAL
..................................................................
TEMPERATURE (F)
 YESTERDAY
  MAXIMUM         58   1057 AM  90    1960  67     -9       67
  MINIMUM         51    548 AM  29    1956  46      5       44
  AVERAGE         55                        56     -1       56

PRECIPITATION (IN)
  YESTERDAY        0.34          0.80 1981   0.11   0.23     0.00
  MONTH TO DATE    1.25                      3.04  -1.79     3.31
  SINCE MAR 1      5.62                      7.09  -1.47     4.85
  SINCE JAN 1      9.86                     12.80  -2.94    11.32

DEGREE DAYS
 HEATING
  YESTERDAY       10                         9      1        9
  MONTH TO DATE  156                       298   -142      312
  SINCE MAR 1    772                       930   -158      762
  SINCE JUL 1   3457                      4210   -753     3440

 COOLING
  YESTERDAY        0                         1     -1        0
  MONTH TO DATE   28                        14     14       14
  SINCE MAR 1     31                        16     15       16
  SINCE JAN 1     31                        16     15       16
..................................................................


WIND (MPH)
  HIGHEST WIND SPEED    MM   HIGHEST WIND DIRECTION    MM
  HIGHEST GUST SPEED    MM   HIGHEST GUST DIRECTION    MM
  AVERAGE WIND SPEED    MM


SKY COVER
  POSSIBLE SUNSHINE  MM
  AVERAGE SKY COVER 1.0


WEATHER CONDITIONS
 THE FOLLOWING WEATHER WAS RECORDED YESTERDAY.
  HEAVY RAIN
  RAIN
  LIGHT RAIN
  FOG


RELATIVE HUMIDITY (PERCENT)
 HIGHEST    93           500 PM
 LOWEST     72          1000 AM
 AVERAGE    83

..........................................................


THE GEORGETOWN DE CLIMATE NORMALS FOR TODAY
                         NORMAL    RECORD    YEAR
 MAXIMUM TEMPERATURE (F)   67        93      2009
 MINIMUM TEMPERATURE (F)   46        27      1956


SUNRISE AND SUNSET
APRIL 25 2017.........SUNRISE   611 AM EDT   SUNSET   748 PM EDT
APRIL 26 2017.........SUNRISE   610 AM EDT   SUNSET   749 PM EDT


-  INDICATES NEGATIVE NUMBERS.
R  INDICATES RECORD WAS SET OR TIED.
MM INDICATES DATA IS MISSING.
T  INDICATES TRACE AMOUNT.




$$
