000
CDUS41 KPHI 210546
CLIGED


CLIMATE REPORT
NATIONAL WEATHER SERVICE MOUNT HOLLY NJ
144 AM EDT THU SEP 21 2017


...................................

...THE GEORGETOWN DE CLIMATE SUMMARY FOR SEPTEMBER 20 2017...

CLIMATE NORMAL PERIOD 1981 TO 2010
CLIMATE RECORD PERIOD 1948 TO 2017


WEATHER ITEM   OBSERVED TIME   RECORD YEAR NORMAL DEPARTURE LAST
                VALUE   (LST)  VALUE       VALUE  FROM      YEAR
                                                  NORMAL
..................................................................
TEMPERATURE (F)
 YESTERDAY
  MAXIMUM         85    418 PM  90    1977  77      8       76
  MINIMUM         69   1144 PM  39    1979  57     12       71
  AVERAGE         77                        67     10       74

PRECIPITATION (IN)
  YESTERDAY        0.00          1.78 1989   0.12  -0.12     0.08
  MONTH TO DATE    2.18                      2.88  -0.70     3.34
  SINCE SEP 1      2.18                      2.88  -0.70     3.34
  SINCE JAN 1     36.19                     32.15   4.04    32.70

DEGREE DAYS
 HEATING
  YESTERDAY        0                         2     -2        0
  MONTH TO DATE    4                        11     -7        0
  SINCE SEP 1      4                        11     -7        0
  SINCE JUL 1      4                        12     -8        0

 COOLING
  YESTERDAY       12                         4      8        9
  MONTH TO DATE  113                       117     -4      196
  SINCE SEP 1    113                       117     -4      196
  SINCE JAN 1   1346                      1146    200     1410
..................................................................


WIND (MPH)
  HIGHEST WIND SPEED    13   HIGHEST WIND DIRECTION     N (350)
  HIGHEST GUST SPEED    21   HIGHEST GUST DIRECTION    NW (310)
  AVERAGE WIND SPEED     5.3


SKY COVER
  POSSIBLE SUNSHINE  MM
  AVERAGE SKY COVER 0.5


WEATHER CONDITIONS
 THE FOLLOWING WEATHER WAS RECORDED YESTERDAY.
  NO SIGNIFICANT WEATHER WAS OBSERVED.


RELATIVE HUMIDITY (PERCENT)
 HIGHEST    90           300 AM
 LOWEST     55           200 PM
 AVERAGE    73

..........................................................


THE GEORGETOWN DE CLIMATE NORMALS FOR TODAY
                         NORMAL    RECORD    YEAR
 MAXIMUM TEMPERATURE (F)   76        90      1965
 MINIMUM TEMPERATURE (F)   57        32      1956


SUNRISE AND SUNSET
SEPTEMBER 21 2017.....SUNRISE   648 AM EDT   SUNSET   700 PM EDT
SEPTEMBER 22 2017.....SUNRISE   649 AM EDT   SUNSET   658 PM EDT


-  INDICATES NEGATIVE NUMBERS.
R  INDICATES RECORD WAS SET OR TIED.
MM INDICATES DATA IS MISSING.
T  INDICATES TRACE AMOUNT.




$$
