000
CDUS46 KOTX 210833
CLIGEG


CLIMATE REPORT
NATIONAL WEATHER SERVICE SPOKANE, WA
133 AM PDT FRI JUL 21 2017


...................................

...THE SPOKANE WA AIRPORT CLIMATE SUMMARY FOR JULY 20 2017...

CLIMATE NORMAL PERIOD 1981 TO 2010
CLIMATE RECORD PERIOD 1881 TO 2017


WEATHER ITEM   OBSERVED TIME   RECORD YEAR NORMAL DEPARTURE LAST
                VALUE   (LST)  VALUE       VALUE  FROM      YEAR
                                                  NORMAL
..................................................................
TEMPERATURE (F)
 YESTERDAY
  MAXIMUM         79    348 PM 106    1931  85     -6       83
  MINIMUM         62   1159 PM  46    1996  57      5       52
  AVERAGE         71                        71      0       68

PRECIPITATION (IN)
  YESTERDAY        T             0.38 1956   0.02  -0.02     0.00
  MONTH TO DATE    T                         0.46  -0.46     0.20
  SINCE OCT 1     23.26                     15.12   8.14    14.93
  SINCE JAN 1     13.97                      9.34   4.63     8.57

SNOWFALL (IN)
  YESTERDAY        0.0           0.0  2002   0.0    0.0      0.0
                                      2001
                                      2000
  MONTH TO DATE    0.0                       0.0    0.0      0.0
  SINCE JUN 1      0.0                       0.0    0.0      0.0
  SINCE JUL 1      0.0                       0.0    0.0      0.0
  SNOW DEPTH       0

DEGREE DAYS
 HEATING
  YESTERDAY        0                         1     -1        0
  MONTH TO DATE    0                        27    -27       20
  SINCE JUN 1     66                       163    -97      130
  SINCE JUL 1      0                        27    -27       20

 COOLING
  YESTERDAY        6                         7     -1        3
  MONTH TO DATE  189                       101     88       42
  SINCE JUN 1    275                       150    125      156
  SINCE JAN 1    310                       164    146      168
..................................................................


WIND (MPH)
  HIGHEST WIND SPEED    28   HIGHEST WIND DIRECTION    SW (240)
  HIGHEST GUST SPEED    34   HIGHEST GUST DIRECTION     W (250)
  AVERAGE WIND SPEED    14.8


SKY COVER
  POSSIBLE SUNSHINE  MM
  AVERAGE SKY COVER 0.6


WEATHER CONDITIONS
 THE FOLLOWING WEATHER WAS RECORDED YESTERDAY.
  THUNDERSTORM


RELATIVE HUMIDITY (PERCENT)
 HIGHEST    56           500 AM
 LOWEST     25          1200 AM
 AVERAGE    41

..........................................................


THE SPOKANE WA AIRPORT CLIMATE NORMALS FOR TODAY
                         NORMAL    RECORD    YEAR
 MAXIMUM TEMPERATURE (F)   85       103      1905
 MINIMUM TEMPERATURE (F)   57        44      1954


SUNRISE AND SUNSET
JULY 21 2017..........SUNRISE   515 AM PDT   SUNSET   838 PM PDT
JULY 22 2017..........SUNRISE   516 AM PDT   SUNSET   837 PM PDT


-  INDICATES NEGATIVE NUMBERS.
R  INDICATES RECORD WAS SET OR TIED.
MM INDICATES DATA IS MISSING.
T  INDICATES TRACE AMOUNT.




$$
