000
CDUS46 KOTX 280825
CLIGEG


CLIMATE REPORT
NATIONAL WEATHER SERVICE SPOKANE, WA
125 AM PDT SUN AUG 28 2016


...................................

...THE SPOKANE WA AIRPORT CLIMATE SUMMARY FOR AUGUST 27 2016...

CLIMATE NORMAL PERIOD 1981 TO 2010
CLIMATE RECORD PERIOD 1881 TO 2016


WEATHER ITEM   OBSERVED TIME   RECORD YEAR NORMAL DEPARTURE LAST
                VALUE   (LST)  VALUE       VALUE  FROM      YEAR
                                                  NORMAL
..................................................................
TEMPERATURE (F)
 YESTERDAY
  MAXIMUM         86    222 PM  98    1929  80      6       88
  MINIMUM         61   1147 PM  40    1962  54      7       62
  AVERAGE         74                        67      7       75

PRECIPITATION (IN)
  YESTERDAY        0.00          0.62 1899   0.03  -0.03     0.00
  MONTH TO DATE    0.16                      0.51  -0.35     0.04
  SINCE OCT 1     15.16                     15.81  -0.65    11.79
  SINCE JAN 1      8.80                     10.03  -1.23     7.06

SNOWFALL (IN)
  YESTERDAY        0.0           0.0  2002   0.0    0.0      0.0
                                      2001
                                      1999
  MONTH TO DATE    0.0                       0.0    0.0      0.0
  SINCE JUN 1      0.0                       0.0    0.0      0.0
  SINCE JUL 1      0.0                       0.0    0.0      0.0
  SNOW DEPTH       0

DEGREE DAYS
 HEATING
  YESTERDAY        0                         2     -2        0
  MONTH TO DATE   10                        25    -15        1
  SINCE JUN 1    140                       193    -53       31
  SINCE JUL 1     30                        57    -27        6

 COOLING
  YESTERDAY        9                         4      5       10
  MONTH TO DATE  186                       155     31      237
  SINCE JUN 1    452                       384     68      762
  SINCE JAN 1    464                       398     66      794
..................................................................


WIND (MPH)
  HIGHEST WIND SPEED    33   HIGHEST WIND DIRECTION    SW (240)
  HIGHEST GUST SPEED    40   HIGHEST GUST DIRECTION     W (250)
  AVERAGE WIND SPEED    16.9


SKY COVER
  POSSIBLE SUNSHINE  MM
  AVERAGE SKY COVER 0.7


WEATHER CONDITIONS
 THE FOLLOWING WEATHER WAS RECORDED YESTERDAY.
  NO SIGNIFICANT WEATHER WAS OBSERVED.


RELATIVE HUMIDITY (PERCENT)
 HIGHEST    48          1100 PM
 LOWEST     20           200 PM
 AVERAGE    34

..........................................................


THE SPOKANE WA AIRPORT CLIMATE NORMALS FOR TODAY
                         NORMAL    RECORD    YEAR
 MAXIMUM TEMPERATURE (F)   80        99      1929
 MINIMUM TEMPERATURE (F)   53        38      1882


SUNRISE AND SUNSET
AUGUST 28 2016........SUNRISE   604 AM PDT   SUNSET   737 PM PDT
AUGUST 29 2016........SUNRISE   605 AM PDT   SUNSET   735 PM PDT


-  INDICATES NEGATIVE NUMBERS.
R  INDICATES RECORD WAS SET OR TIED.
MM INDICATES DATA IS MISSING.
T  INDICATES TRACE AMOUNT.




$$
