000
CDUS46 KOTX 300821
CLIGEG


CLIMATE REPORT
NATIONAL WEATHER SERVICE SPOKANE, WA
121 AM PDT SAT JUL 30 2016


...................................

...THE SPOKANE WA AIRPORT CLIMATE SUMMARY FOR JULY 29 2016...

CLIMATE NORMAL PERIOD 1981 TO 2010
CLIMATE RECORD PERIOD 1881 TO 2016


WEATHER ITEM   OBSERVED TIME   RECORD YEAR NORMAL DEPARTURE LAST
                VALUE   (LST)  VALUE       VALUE  FROM      YEAR
                                                  NORMAL
..................................................................
TEMPERATURE (F)
 YESTERDAY
  MAXIMUM         97    408 PM 100    2014  86     11       88
  MINIMUM         68    537 AM  45    1917  58     10       57
  AVERAGE         83                        72     11       73

PRECIPITATION (IN)
  YESTERDAY        0.00          0.30 1886   0.02  -0.02     0.00
  MONTH TO DATE    0.27                      0.61  -0.34     0.19
  SINCE OCT 1     15.00                     15.27  -0.27    11.75
  SINCE JAN 1      8.64                      9.49  -0.85     7.02

SNOWFALL (IN)
  YESTERDAY        0.0           0.0  2002   0.0    0.0      0.0
                                      2001
                                      2000
  MONTH TO DATE    0.0                       0.0    0.0      0.0
  SINCE JUN 1      0.0                       0.0    0.0      0.0
  SINCE JUL 1      0.0                       0.0    0.0      0.0
  SNOW DEPTH       0

DEGREE DAYS
 HEATING
  YESTERDAY        0                         0      0        0
  MONTH TO DATE   20                        31    -11        5
  SINCE JUN 1    130                       167    -37       30
  SINCE JUL 1     20                        31    -11        5

 COOLING
  YESTERDAY       18                         7     11        8
  MONTH TO DATE  133                       164    -31      270
  SINCE JUN 1    247                       213     34      495
  SINCE JAN 1    259                       227     32      527
..................................................................


WIND (MPH)
  HIGHEST WIND SPEED    16   HIGHEST WIND DIRECTION     W (250)
  HIGHEST GUST SPEED    20   HIGHEST GUST DIRECTION     W (250)
  AVERAGE WIND SPEED     6.7


SKY COVER
  POSSIBLE SUNSHINE  MM
  AVERAGE SKY COVER 0.2


WEATHER CONDITIONS
 THE FOLLOWING WEATHER WAS RECORDED YESTERDAY.
  NO SIGNIFICANT WEATHER WAS OBSERVED.


RELATIVE HUMIDITY (PERCENT)
 HIGHEST    55           500 AM
 LOWEST     16           200 PM
 AVERAGE    36

..........................................................


THE SPOKANE WA AIRPORT CLIMATE NORMALS FOR TODAY
                         NORMAL    RECORD    YEAR
 MAXIMUM TEMPERATURE (F)   86       102      1929
 MINIMUM TEMPERATURE (F)   58        41      2001


SUNRISE AND SUNSET
JULY 30 2016..........SUNRISE   526 AM PDT   SUNSET   827 PM PDT
JULY 31 2016..........SUNRISE   527 AM PDT   SUNSET   825 PM PDT


-  INDICATES NEGATIVE NUMBERS.
R  INDICATES RECORD WAS SET OR TIED.
MM INDICATES DATA IS MISSING.
T  INDICATES TRACE AMOUNT.




$$
