000
CDUS46 KOTX 260831
CLIGEG


CLIMATE REPORT
NATIONAL WEATHER SERVICE SPOKANE, WA
128 AM PDT TUE MAY 26 2015


...................................

...THE SPOKANE WA AIRPORT CLIMATE SUMMARY FOR MAY 25 2015...

CLIMATE NORMAL PERIOD 1981 TO 2010
CLIMATE RECORD PERIOD 1881 TO 2015


WEATHER ITEM   OBSERVED TIME   RECORD YEAR NORMAL DEPARTURE LAST
                VALUE   (LST)  VALUE       VALUE  FROM      YEAR
                                                  NORMAL
..................................................................
TEMPERATURE (F)
 YESTERDAY
  MAXIMUM         63    123 PM  97    1928  69     -6       70
  MINIMUM         53   1159 PM  31    1964  46      7       48
  AVERAGE         58                        58      0       59

PRECIPITATION (IN)
  YESTERDAY        0.30          0.74 1997   0.06   0.24      T
  MONTH TO DATE    0.81                      1.25  -0.44     0.46
  SINCE OCT 1     11.45                     13.04  -1.59     9.63
  SINCE JAN 1      6.72                      7.26  -0.54     7.30

SNOWFALL (IN)
  YESTERDAY        0.0           0.0  2002   0.0    0.0      0.0
                                      2001
                                      2000
  MONTH TO DATE    0.0                       0.1   -0.1      0.0
  SINCE MAR 1      1.9                       4.6   -2.7      5.8
  SINCE JUL 1     17.6                      44.9  -27.3     37.6
  SNOW DEPTH       0

DEGREE DAYS
 HEATING
  YESTERDAY        7                         8     -1        6
  MONTH TO DATE  148                       276   -128      183
  SINCE MAR 1   1264                      1583   -319     1500
  SINCE JUL 1   5386                      6412  -1026     6543

 COOLING
  YESTERDAY        0                         1     -1        0
  MONTH TO DATE   15                         4     11        6
  SINCE MAR 1     15                         4     11        6
  SINCE JAN 1     15                         4     11        6
..................................................................


WIND (MPH)
  HIGHEST WIND SPEED    21   HIGHEST WIND DIRECTION    NW (310)
  HIGHEST GUST SPEED    30   HIGHEST GUST DIRECTION     W (290)
  AVERAGE WIND SPEED     6.5


SKY COVER
  POSSIBLE SUNSHINE  MM
  AVERAGE SKY COVER 0.9


WEATHER CONDITIONS
 THE FOLLOWING WEATHER WAS RECORDED YESTERDAY.
  THUNDERSTORM
  HEAVY RAIN
  LIGHT RAIN
  FOG
  HAZE


RELATIVE HUMIDITY (PERCENT)
 HIGHEST    86           600 AM
 LOWEST     60          1200 AM
 AVERAGE    73

..........................................................


THE SPOKANE WA AIRPORT CLIMATE NORMALS FOR TODAY
                         NORMAL    RECORD    YEAR
 MAXIMUM TEMPERATURE (F)   69        93      1936
 MINIMUM TEMPERATURE (F)   47        35      1991
                                             1973
                                             1954


SUNRISE AND SUNSET
MAY 26 2015...........SUNRISE   501 AM PDT   SUNSET   834 PM PDT
MAY 27 2015...........SUNRISE   500 AM PDT   SUNSET   835 PM PDT


-  INDICATES NEGATIVE NUMBERS.
R  INDICATES RECORD WAS SET OR TIED.
MM INDICATES DATA IS MISSING.
T  INDICATES TRACE AMOUNT.




$$
