000
CDUS46 KOTX 292344
CLIGEG


CLIMATE REPORT
NATIONAL WEATHER SERVICE SPOKANE, WA
443 PM PDT SAT AUG 29 2015


...................................

...THE SPOKANE WA AIRPORT CLIMATE SUMMARY FOR AUGUST 29 2015...
VALID AS OF 0400 PM LOCAL TIME.

CLIMATE NORMAL PERIOD 1981 TO 2010
CLIMATE RECORD PERIOD 1881 TO 2015


WEATHER ITEM   OBSERVED TIME   RECORD YEAR NORMAL DEPARTURE LAST
                VALUE   (LST)  VALUE       VALUE  FROM      YEAR
                                                  NORMAL
..................................................................
TEMPERATURE (F)
 TODAY
  MAXIMUM         83    945 AM  98    1929  79      4       82
  MINIMUM         59    108 PM  35    1965  53      6       56
  AVERAGE         71                        66      5       69

PRECIPITATION (IN)
  TODAY            0.01          1.08 1920   0.02  -0.01     0.00
  MONTH TO DATE    0.05                      0.55  -0.50     0.58
  SINCE OCT 1     11.80                     15.85  -4.05    12.33
  SINCE JAN 1      7.07                     10.07  -3.00    10.00

SNOWFALL (IN)
  TODAY            0.0           0.0  2002   0.0    0.0      0.0
                                      2001
                                      1999
  MONTH TO DATE    0.0                       0.0    0.0      0.0
  SINCE JUN 1      0.0                       0.0    0.0      0.0
  SINCE JUL 1      0.0                       0.0    0.0      0.0
  SNOW DEPTH       0

DEGREE DAYS
 HEATING
  TODAY            0                         2     -2        0
  MONTH TO DATE    1                        29    -28        1
  SINCE JUN 1     31                       197   -166      114
  SINCE JUL 1      6                        61    -55        8

 COOLING
  TODAY            6                         3      3        4
  MONTH TO DATE  251                       161     90      238
  SINCE JUN 1    776                       390    386      600
  SINCE JAN 1    808                       404    404      606
..................................................................


WIND (MPH)
  HIGHEST WIND SPEED    41   HIGHEST WIND DIRECTION     W (260)
  HIGHEST GUST SPEED    49   HIGHEST GUST DIRECTION     W (260)
  AVERAGE WIND SPEED    13.4


SKY COVER
  POSSIBLE SUNSHINE  MM
  AVERAGE SKY COVER 1.0


WEATHER CONDITIONS
 THE FOLLOWING WEATHER WAS RECORDED TODAY.
  LIGHT RAIN
  HAZE


RELATIVE HUMIDITY (PERCENT)
 HIGHEST    48           400 AM
 LOWEST     28           900 AM
 AVERAGE    38

..........................................................


THE SPOKANE WA AIRPORT CLIMATE NORMALS FOR TOMORROW
                         NORMAL    RECORD    YEAR
 MAXIMUM TEMPERATURE (F)   79        98      1929
 MINIMUM TEMPERATURE (F)   53        38      1965
                                             1881


SUNRISE AND SUNSET
AUGUST 29 2015........SUNRISE   604 AM PDT   SUNSET   737 PM PDT
AUGUST 30 2015........SUNRISE   606 AM PDT   SUNSET   735 PM PDT


-  INDICATES NEGATIVE NUMBERS.
R  INDICATES RECORD WAS SET OR TIED.
MM INDICATES DATA IS MISSING.
T  INDICATES TRACE AMOUNT.




$$
