000
CDUS46 KOTX 290829
CLIGEG


CLIMATE REPORT
NATIONAL WEATHER SERVICE SPOKANE, WA
129 AM PDT MON MAY 29 2017


...................................

...THE SPOKANE WA AIRPORT CLIMATE SUMMARY FOR MAY 28 2017...

CLIMATE NORMAL PERIOD 1981 TO 2010
CLIMATE RECORD PERIOD 1881 TO 2017


WEATHER ITEM   OBSERVED TIME   RECORD YEAR NORMAL DEPARTURE LAST
                VALUE   (LST)  VALUE       VALUE  FROM      YEAR
                                                  NORMAL
..................................................................
TEMPERATURE (F)
 YESTERDAY
  MAXIMUM         85    444 PM  96    1934  70     15       64
  MINIMUM         56    330 AM  34    1950  47      9       41
  AVERAGE         71                        58     13       53

PRECIPITATION (IN)
  YESTERDAY        0.00          0.79 1988   0.06  -0.06     0.00
  MONTH TO DATE    1.31                      1.43  -0.12     0.78
  SINCE OCT 1     22.55                     13.22   9.33    14.22
  SINCE JAN 1     13.26                      7.44   5.82     7.86

SNOWFALL (IN)
  YESTERDAY        0.0           T    1979   0.0    0.0      0.0
  MONTH TO DATE    0.0                       0.1   -0.1      0.0
  SINCE MAR 1      5.9                       4.6    1.3      0.6
  SINCE JUL 1     61.5                      44.9   16.6     34.2
  SNOW DEPTH       0

DEGREE DAYS
 HEATING
  YESTERDAY        0                         7     -7       12
  MONTH TO DATE  272                       299    -27      183
  SINCE MAR 1   1569                      1606    -37     1174
  SINCE JUL 1   6562                      6435    127     5463

 COOLING
  YESTERDAY        6                         1      5        0
  MONTH TO DATE   17                         7     10        6
  SINCE MAR 1     17                         7     10       12
  SINCE JAN 1     17                         7     10       12
..................................................................


WIND (MPH)
  HIGHEST WIND SPEED    10   HIGHEST WIND DIRECTION    SE (140)
  HIGHEST GUST SPEED    15   HIGHEST GUST DIRECTION     S (170)
  AVERAGE WIND SPEED     3.8


SKY COVER
  POSSIBLE SUNSHINE  MM
  AVERAGE SKY COVER 0.1


WEATHER CONDITIONS
 THE FOLLOWING WEATHER WAS RECORDED YESTERDAY.
  NO SIGNIFICANT WEATHER WAS OBSERVED.


RELATIVE HUMIDITY (PERCENT)
 HIGHEST    62           400 AM
 LOWEST     18           300 PM
 AVERAGE    40

..........................................................


THE SPOKANE WA AIRPORT CLIMATE NORMALS FOR TODAY
                         NORMAL    RECORD    YEAR
 MAXIMUM TEMPERATURE (F)   70        95      1986
                                             1897
 MINIMUM TEMPERATURE (F)   47        34      1979
                                             1951


SUNRISE AND SUNSET
MAY 29 2017...........SUNRISE   458 AM PDT   SUNSET   838 PM PDT
MAY 30 2017...........SUNRISE   458 AM PDT   SUNSET   839 PM PDT


-  INDICATES NEGATIVE NUMBERS.
R  INDICATES RECORD WAS SET OR TIED.
MM INDICATES DATA IS MISSING.
T  INDICATES TRACE AMOUNT.




$$
