000
CDUS46 KOTX 230834
CLIGEG


CLIMATE REPORT
NATIONAL WEATHER SERVICE SPOKANE, WA
134 AM PDT WED JUL 23 2014


...................................

...THE SPOKANE WA AIRPORT CLIMATE SUMMARY FOR JULY 22 2014...

CLIMATE NORMAL PERIOD 1981 TO 2010
CLIMATE RECORD PERIOD 1881 TO 2014


WEATHER ITEM   OBSERVED TIME   RECORD YEAR NORMAL DEPARTURE LAST
                VALUE   (LST)  VALUE       VALUE  FROM      YEAR
                                                  NORMAL
..................................................................
TEMPERATURE (F)
 YESTERDAY
  MAXIMUM         79    535 PM 103    1938  85     -6       92
  MINIMUM         60    820 AM  42    1954  58      2       59
  AVERAGE         70                        71     -1       76

PRECIPITATION (IN)
  YESTERDAY        0.01          1.05 1887   0.02  -0.01     0.00
  MONTH TO DATE    0.14                      0.50  -0.36      T
  SINCE OCT 1     11.71                     15.16  -3.45    14.15
  SINCE JAN 1      9.38                      9.38   0.00     6.79

SNOWFALL (IN)
  YESTERDAY        0.0           0.0  2002   0.0    0.0      0.0
                                      2001
                                      2000
  MONTH TO DATE    0.0                       0.0    0.0      0.0
  SINCE JUN 1      0.0                       0.0    0.0      0.0
  SINCE JUL 1      0.0                       0.0    0.0      0.0
  SNOW DEPTH       0

DEGREE DAYS
 HEATING
  YESTERDAY        0                         1     -1        0
  MONTH TO DATE    0                        29    -29        0
  SINCE JUN 1    106                       165    -59      140
  SINCE JUL 1      0                        29    -29        0

 COOLING
  YESTERDAY        5                         7     -2       11
  MONTH TO DATE  246                       115    131      188
  SINCE JUN 1    260                       164     96      236
  SINCE JAN 1    266                       178     88      266
..................................................................


WIND (MPH)
  HIGHEST WIND SPEED    14   HIGHEST WIND DIRECTION    SE (150)
  HIGHEST GUST SPEED    22   HIGHEST GUST DIRECTION    NE (60)
  AVERAGE WIND SPEED     7.6


SKY COVER
  POSSIBLE SUNSHINE  MM
  AVERAGE SKY COVER 0.9


WEATHER CONDITIONS
 THE FOLLOWING WEATHER WAS RECORDED YESTERDAY.
  LIGHT RAIN


RELATIVE HUMIDITY (PERCENT)
 HIGHEST    72          1000 AM
 LOWEST     40           600 PM
 AVERAGE    56

..........................................................


THE SPOKANE WA AIRPORT CLIMATE NORMALS FOR TODAY
                         NORMAL    RECORD    YEAR
 MAXIMUM TEMPERATURE (F)   85       102      2006
                                             1959
                                             1928
 MINIMUM TEMPERATURE (F)   58        44      1963


SUNRISE AND SUNSET
JULY 23 2014..........SUNRISE   517 AM PDT   SUNSET   836 PM PDT
JULY 24 2014..........SUNRISE   518 AM PDT   SUNSET   835 PM PDT


-  INDICATES NEGATIVE NUMBERS.
R  INDICATES RECORD WAS SET OR TIED.
MM INDICATES DATA IS MISSING.
T  INDICATES TRACE AMOUNT.




$$
