000
CDUS46 KOTX 210041
CLIGEG


CLIMATE REPORT
NATIONAL WEATHER SERVICE SPOKANE, WA
441 PM PST MON FEB 20 2017


...................................

...THE SPOKANE WA AIRPORT CLIMATE SUMMARY FOR FEBRUARY 20 2017...
VALID AS OF 0400 PM LOCAL TIME.

CLIMATE NORMAL PERIOD 1981 TO 2010
CLIMATE RECORD PERIOD 1881 TO 2017


WEATHER ITEM   OBSERVED TIME   RECORD YEAR NORMAL DEPARTURE LAST
                VALUE   (LST)  VALUE       VALUE  FROM      YEAR
                                                  NORMAL
..................................................................
TEMPERATURE (F)
 TODAY
  MAXIMUM         44    305 PM  63    1995  41      3       44
  MINIMUM         31    130 AM   2    1890  27      4       30
  AVERAGE         38                        34      4       37

PRECIPITATION (IN)
  TODAY            0.30          0.77 1901   0.05   0.25     0.00
  MONTH TO DATE    3.81                      0.94   2.87     0.70
  SINCE OCT 1     14.95                      8.51   6.44     9.80
  SINCE JAN 1      5.66                      2.73   2.93     3.44

SNOWFALL (IN)
  TODAY            T             7.7  1901   0.2   -0.2      0.0
  MONTH TO DATE   14.0                       5.2    8.8      1.3
  SINCE DEC 1     46.5                      31.2   15.3     32.1
  SINCE JUL 1     49.8                      38.7   11.1     33.6
  SNOW DEPTH       1

DEGREE DAYS
 HEATING
  TODAY           27                        31     -4       28
  MONTH TO DATE  688                       653     35      531
  SINCE DEC 1   3356                      2919    437     2633
  SINCE JUL 1   4689                      4586    103     4067

 COOLING
  TODAY            0                         0      0        0
  MONTH TO DATE    0                         0      0        0
  SINCE DEC 1      0                         0      0        0
  SINCE JAN 1      0                         0      0        0
..................................................................


WIND (MPH)
  HIGHEST WIND SPEED    30   HIGHEST WIND DIRECTION    SW (220)
  HIGHEST GUST SPEED    35   HIGHEST GUST DIRECTION    SW (220)
  AVERAGE WIND SPEED     7.2


SKY COVER
  POSSIBLE SUNSHINE  MM
  AVERAGE SKY COVER 0.9


WEATHER CONDITIONS
 THE FOLLOWING WEATHER WAS RECORDED TODAY.
  LIGHT RAIN
  SNOW
  FOG


RELATIVE HUMIDITY (PERCENT)
 HIGHEST   100           900 AM
 LOWEST     82           400 AM
 AVERAGE    91

..........................................................


THE SPOKANE WA AIRPORT CLIMATE NORMALS FOR TOMORROW
                         NORMAL    RECORD    YEAR
 MAXIMUM TEMPERATURE (F)   41        60      1958
 MINIMUM TEMPERATURE (F)   27        -2      1894


SUNRISE AND SUNSET
FEBRUARY 20 2017......SUNRISE   647 AM PST   SUNSET   522 PM PST
FEBRUARY 21 2017......SUNRISE   645 AM PST   SUNSET   523 PM PST


-  INDICATES NEGATIVE NUMBERS.
R  INDICATES RECORD WAS SET OR TIED.
MM INDICATES DATA IS MISSING.
T  INDICATES TRACE AMOUNT.




$$
