000
CDUS46 KOTX 200440
CLIGEG


CLIMATE REPORT
NATIONAL WEATHER SERVICE SPOKANE, WA
840 PM PST FRI JAN 19 2018


...................................

...THE SPOKANE WA AIRPORT CLIMATE SUMMARY FOR JANUARY 19 2018...
VALID TODAY AS OF 0800 PM LOCAL TIME.

CLIMATE NORMAL PERIOD 1981 TO 2010
CLIMATE RECORD PERIOD 1881 TO 2018


WEATHER ITEM   OBSERVED TIME   RECORD YEAR NORMAL DEPARTURE LAST
                VALUE   (LST)  VALUE       VALUE  FROM      YEAR
                                                  NORMAL
..................................................................
TEMPERATURE (F)
 TODAY
  MAXIMUM         38    405 PM  51    1944  35      3       40
  MINIMUM         32    845 AM -25    1883  25      7       29
  AVERAGE         35                        30      5       35

PRECIPITATION (IN)
  TODAY            0.00          0.77 1950   0.06  -0.06      T
                                      1934
  MONTH TO DATE    1.66                      1.18   0.48     1.60
  SINCE OCT 1      8.82                      6.96   1.86    10.89
  SINCE JAN 1      1.66                      1.18   0.48     1.60

DEGREE DAYS
 HEATING
  TODAY           30                        35     -5       30
  MONTH TO DATE  618                       689    -71      945
  SINCE DEC 1   1797                      1856    -59     2234
  SINCE JUL 1   3337                      3523   -186     3567

 COOLING
  TODAY            0                         0      0        0
  MONTH TO DATE    0                         0      0        0
  SINCE DEC 1      0                         0      0        0
  SINCE JAN 1      0                         0      0        0
..................................................................


WIND (MPH)
  HIGHEST WIND SPEED    16   HIGHEST WIND DIRECTION    SW (210)
  HIGHEST GUST SPEED    20   HIGHEST GUST DIRECTION     S (200)
  AVERAGE WIND SPEED     9.8


SKY COVER
  POSSIBLE SUNSHINE  MM
  AVERAGE SKY COVER 0.7


WEATHER CONDITIONS
 THE FOLLOWING WEATHER WAS RECORDED TODAY.
  FOG


RELATIVE HUMIDITY (PERCENT)
 HIGHEST   100          1200 AM
 LOWEST     76           400 PM
 AVERAGE    88

..........................................................


THE SPOKANE WA AIRPORT CLIMATE NORMALS FOR TOMORROW
                         NORMAL    RECORD    YEAR
 MAXIMUM TEMPERATURE (F)   35        48      2010
                                             2005
                                             1899
 MINIMUM TEMPERATURE (F)   26       -19      1937


SUNRISE AND SUNSET
JANUARY 19 2018.......SUNRISE   731 AM PST   SUNSET   432 PM PST
JANUARY 20 2018.......SUNRISE   730 AM PST   SUNSET   433 PM PST


-  INDICATES NEGATIVE NUMBERS.
R  INDICATES RECORD WAS SET OR TIED.
MM INDICATES DATA IS MISSING.
T  INDICATES TRACE AMOUNT.




$$
