000
CDUS46 KOTX 190831
CLIGEG


CLIMATE REPORT
NATIONAL WEATHER SERVICE SPOKANE, WA
1231 AM PST SUN NOV 19 2017


...................................

...THE SPOKANE WA AIRPORT CLIMATE SUMMARY FOR NOVEMBER 18 2017...

CLIMATE NORMAL PERIOD 1981 TO 2010
CLIMATE RECORD PERIOD 1881 TO 2017


WEATHER ITEM   OBSERVED TIME   RECORD YEAR NORMAL DEPARTURE LAST
                VALUE   (LST)  VALUE       VALUE  FROM      YEAR
                                                  NORMAL
..................................................................
TEMPERATURE (F)
 YESTERDAY
  MAXIMUM         43    307 PM  65    1897  40      3       39
  MINIMUM         31   1159 PM   3    1881  29      2       31
  AVERAGE         37                        35      2       35

PRECIPITATION (IN)
  YESTERDAY        0.00          0.93 1955   0.08  -0.08     0.00
  MONTH TO DATE    1.45                      1.31   0.14     0.83
  SINCE OCT 1      2.85                      2.49   0.36     7.06
  SINCE JAN 1     18.03                     13.27   4.76    16.07

SNOWFALL (IN)
  YESTERDAY        0.0           5.3  1955   0.3   -0.3      0.0
  MONTH TO DATE    7.2                       3.1    4.1      0.7
  SINCE SEP 1      7.2                       3.2    4.0      0.7
  SINCE JUL 1      7.2                       3.2    4.0      0.7
  SNOW DEPTH       0

DEGREE DAYS
 HEATING
  YESTERDAY       28                        30     -2       30
  MONTH TO DATE  515                       486     29      322
  SINCE SEP 1   1241                      1209     32      988
  SINCE JUL 1   1244                      1274    -30     1018

 COOLING
  YESTERDAY        0                         0      0        0
  MONTH TO DATE    0                         0      0        0
  SINCE SEP 1     89                        39     50        7
  SINCE JAN 1    794                       450    344      494
..................................................................


WIND (MPH)
  HIGHEST WIND SPEED    14   HIGHEST WIND DIRECTION     S (200)
  HIGHEST GUST SPEED    18   HIGHEST GUST DIRECTION     S (190)
  AVERAGE WIND SPEED     5.1


SKY COVER
  POSSIBLE SUNSHINE  MM
  AVERAGE SKY COVER 0.8


WEATHER CONDITIONS
 THE FOLLOWING WEATHER WAS RECORDED YESTERDAY.
  NO SIGNIFICANT WEATHER WAS OBSERVED.


RELATIVE HUMIDITY (PERCENT)
 HIGHEST   100           300 AM
 LOWEST     62           300 PM
 AVERAGE    81

..........................................................


THE SPOKANE WA AIRPORT CLIMATE NORMALS FOR TODAY
                         NORMAL    RECORD    YEAR
 MAXIMUM TEMPERATURE (F)   40        60      1936
 MINIMUM TEMPERATURE (F)   29        -9      1985


SUNRISE AND SUNSET
NOVEMBER 19 2017......SUNRISE   702 AM PST   SUNSET   409 PM PST
NOVEMBER 20 2017......SUNRISE   703 AM PST   SUNSET   408 PM PST


-  INDICATES NEGATIVE NUMBERS.
R  INDICATES RECORD WAS SET OR TIED.
MM INDICATES DATA IS MISSING.
T  INDICATES TRACE AMOUNT.




$$
