000
CDUS45 KRIW 270736
CLIGEY


CLIMATE REPORT
NATIONAL WEATHER SERVICE RIVERTON WY
126 AM MDT WED JUL 27 2016


...................................

...THE GREYBULL WY CLIMATE SUMMARY FOR JULY 26 2016...

CLIMATE NORMAL PERIOD 1981 TO 2010
CLIMATE RECORD PERIOD 1998 TO 2016


WEATHER ITEM   OBSERVED TIME   RECORD YEAR NORMAL DEPARTURE LAST
                VALUE   (LST)  VALUE       VALUE  FROM      YEAR
                                                  NORMAL
..................................................................
TEMPERATURE (F)
 YESTERDAY
  MAXIMUM         97    255 PM 100    2015  92      5      100
                                      2010
  MINIMUM         67    513 AM  47    2005  58      9       57
  AVERAGE         82                        75      7       79

PRECIPITATION (IN)
  YESTERDAY        T             0.01 2008   0.01  -0.01     0.00
  MONTH TO DATE    0.06                      0.58  -0.52      T
  SINCE JUN 1      0.23                      1.78  -1.55     0.25
  SINCE JAN 1      2.52                      4.95  -2.43     1.83

DEGREE DAYS
 HEATING
  YESTERDAY        0                         0      0        0
  MONTH TO DATE    2                         1      1        0
  SINCE JUN 1      7                        71    -64        0
  SINCE JUL 1      2                         1      1        0

 COOLING
  YESTERDAY       17                        10      7       14
  MONTH TO DATE  258                       228     30      239
  SINCE JUN 1    520                       334    186      484
  SINCE JAN 1    531                       354    177      489
..................................................................


WIND (MPH)
  HIGHEST WIND SPEED    26   HIGHEST WIND DIRECTION    NW (330)
  HIGHEST GUST SPEED    34   HIGHEST GUST DIRECTION    NW (320)
  AVERAGE WIND SPEED    10.9


SKY COVER
  POSSIBLE SUNSHINE  MM
  AVERAGE SKY COVER 0.0


WEATHER CONDITIONS
 THE FOLLOWING WEATHER WAS RECORDED YESTERDAY.
  THUNDERSTORM
  LIGHT RAIN
  HAZE


RELATIVE HUMIDITY (PERCENT)
 HIGHEST    44          1100 PM
 LOWEST     11           400 PM
 AVERAGE    28

..........................................................


THE GREYBULL WY CLIMATE NORMALS FOR TODAY
                         NORMAL    RECORD    YEAR
 MAXIMUM TEMPERATURE (F)   92       100      2006
 MINIMUM TEMPERATURE (F)   58        47      2005


SUNRISE AND SUNSET
JULY 27 2016..........SUNRISE   554 AM MDT   SUNSET   843 PM MDT
JULY 28 2016..........SUNRISE   555 AM MDT   SUNSET   842 PM MDT


-  INDICATES NEGATIVE NUMBERS.
R  INDICATES RECORD WAS SET OR TIED.
MM INDICATES DATA IS MISSING.
T  INDICATES TRACE AMOUNT.




$$
