000
CDUS43 KIND 240532
CLIGEZ


CLIMATE REPORT
NATIONAL WEATHER SERVICE INDIANAPOLIS IN
132 AM EDT WED MAY 24 2017


...................................

...THE SHELBYVILLE IN CLIMATE SUMMARY FOR MAY 23 2017...

CLIMATE NORMAL PERIOD 1981 TO 2010
CLIMATE RECORD PERIOD 9999 TO 9999


WEATHER ITEM   OBSERVED TIME   NORMAL DEPARTURE LAST
                VALUE   (LST)  VALUE  FROM      YEAR
                                      NORMAL
......................................................
TEMPERATURE (F)
 YESTERDAY
  MAXIMUM         76    357 PM  76      0       80
  MINIMUM         56    402 AM  55      1       48
  AVERAGE         66            65      1       64

PRECIPITATION (IN)
  YESTERDAY        0.00          0.16  -0.16     0.00
  MONTH TO DATE    4.65          4.13   0.52     2.23
  SINCE MAR 1     11.91         11.88   0.03    11.81
  SINCE JAN 1     17.35         16.63   0.72    16.45

DEGREE DAYS
 HEATING
  YESTERDAY        0             3     -3        1
  MONTH TO DATE  113           118     -5      134
  SINCE MAR 1    917          1215   -298      902
  SINCE JUL 1   4100          5378  -1278     4071

 COOLING
  YESTERDAY        1             3     -2        0
  MONTH TO DATE   71            40     31       20
  SINCE MAR 1    131            53     78       40
  SINCE JAN 1    131            53     78       40
......................................................


WIND (MPH)
  HIGHEST WIND SPEED    12   HIGHEST WIND DIRECTION    SE (140)
  HIGHEST GUST SPEED    16   HIGHEST GUST DIRECTION    SE (150)
  AVERAGE WIND SPEED     4.4


SKY COVER
  AVERAGE SKY COVER 0.2


WEATHER CONDITIONS
 THE FOLLOWING WEATHER WAS RECORDED YESTERDAY.
  NO SIGNIFICANT WEATHER WAS OBSERVED.


RELATIVE HUMIDITY (PERCENT)
 HIGHEST    80           600 AM
 LOWEST     29           200 PM
 AVERAGE    55

..........................................................


THE SHELBYVILLE IN CLIMATE NORMALS FOR TODAY
                         NORMAL
 MAXIMUM TEMPERATURE (F)   76
 MINIMUM TEMPERATURE (F)   55


SUNRISE AND SUNSET
MAY 24 2017...........SUNRISE   622 AM EDT   SUNSET   859 PM EDT
MAY 25 2017...........SUNRISE   621 AM EDT   SUNSET   900 PM EDT


-  INDICATES NEGATIVE NUMBERS.
R  INDICATES RECORD WAS SET OR TIED.
MM INDICATES DATA IS MISSING.
T  INDICATES TRACE AMOUNT.




$$
