000
CDUS43 KIND 220531
CLIGEZ


CLIMATE REPORT
NATIONAL WEATHER SERVICE INDIANAPOLIS IN
131 AM EDT FRI MAY 22 2015


...................................

...THE SHELBYVILLE IN CLIMATE SUMMARY FOR MAY 21 2015...

CLIMATE NORMAL PERIOD 1981 TO 2010
CLIMATE RECORD PERIOD 9999 TO 9999


WEATHER ITEM   OBSERVED TIME   NORMAL DEPARTURE LAST
                VALUE   (LST)  VALUE  FROM      YEAR
                                      NORMAL
......................................................
TEMPERATURE (F)
 YESTERDAY
  MAXIMUM         64    624 PM  75    -11       86
  MINIMUM         49    650 AM  54     -5       65
  AVERAGE         57            64     -7       76

PRECIPITATION (IN)
  YESTERDAY        0.00          0.18  -0.18     0.88
  MONTH TO DATE    1.27          3.81  -2.54     4.13
  SINCE MAR 1      9.80         11.56  -1.76    11.59
  SINCE JAN 1     12.82         16.31  -3.49    15.47

DEGREE DAYS
 HEATING
  YESTERDAY        8             3      5        0
  MONTH TO DATE   56           112    -56      103
  SINCE MAR 1   1110          1209    -99     1204
  SINCE JUL 1   5551          5372    179     5702

 COOLING
  YESTERDAY        0             3     -3       11
  MONTH TO DATE  102            34     68       73
  SINCE MAR 1    110            47     63       83
  SINCE JAN 1    110            47     63       83
......................................................


WIND (MPH)
  HIGHEST WIND SPEED    16   HIGHEST WIND DIRECTION    NW (320)
  HIGHEST GUST SPEED    19   HIGHEST GUST DIRECTION    NW (310)
  AVERAGE WIND SPEED     8.8


SKY COVER
  AVERAGE SKY COVER 0.6


WEATHER CONDITIONS
 THE FOLLOWING WEATHER WAS RECORDED YESTERDAY.
  NO SIGNIFICANT WEATHER WAS OBSERVED.


RELATIVE HUMIDITY (PERCENT)
 HIGHEST    80           200 AM
 LOWEST     37           600 PM
 AVERAGE    59

..........................................................


THE SHELBYVILLE IN CLIMATE NORMALS FOR TODAY
                         NORMAL
 MAXIMUM TEMPERATURE (F)   75
 MINIMUM TEMPERATURE (F)   55


SUNRISE AND SUNSET
MAY 22 2015...........SUNRISE   624 AM EDT   SUNSET   857 PM EDT
MAY 23 2015...........SUNRISE   623 AM EDT   SUNSET   858 PM EDT


-  INDICATES NEGATIVE NUMBERS.
R  INDICATES RECORD WAS SET OR TIED.
MM INDICATES DATA IS MISSING.
T  INDICATES TRACE AMOUNT.




$$
