000
CDUS43 KIND 040531
CLIGEZ


CLIMATE REPORT
NATIONAL WEATHER SERVICE INDIANAPOLIS IN
130 AM EDT TUE AUG 4 2015


...................................

...THE SHELBYVILLE IN CLIMATE SUMMARY FOR AUGUST 3 2015...

CLIMATE NORMAL PERIOD 1981 TO 2010
CLIMATE RECORD PERIOD 9999 TO 9999


WEATHER ITEM   OBSERVED TIME   NORMAL DEPARTURE LAST
                VALUE   (LST)  VALUE  FROM      YEAR
                                      NORMAL
......................................................
TEMPERATURE (F)
 YESTERDAY
  MAXIMUM         89    421 PM  84      5       86
  MINIMUM         67    558 AM  63      4       59
  AVERAGE         78            73      5       73

PRECIPITATION (IN)
  YESTERDAY        0.17          0.09   0.08     0.00
  MONTH TO DATE    0.17          0.29  -0.12     0.01
  SINCE JUN 1     15.93          9.40   6.53     8.94
  SINCE JAN 1     29.97         27.18   2.79    24.43

DEGREE DAYS
 HEATING
  YESTERDAY        0             0      0        0
  MONTH TO DATE    0             0      0        0
  SINCE JUN 1     21            16      5        3
  SINCE JUL 1      0             1     -1        2

 COOLING
  YESTERDAY       13             8      5        8
  MONTH TO DATE   32            24      8       23
  SINCE JUN 1    634           516    118      539
  SINCE JAN 1    822           597    225      702
......................................................


WIND (MPH)
  HIGHEST WIND SPEED    18   HIGHEST WIND DIRECTION     S (180)
  HIGHEST GUST SPEED    23   HIGHEST GUST DIRECTION     S (200)
  AVERAGE WIND SPEED     9.1


SKY COVER
  AVERAGE SKY COVER 0.4


WEATHER CONDITIONS
 THE FOLLOWING WEATHER WAS RECORDED YESTERDAY.
  THUNDERSTORM
  HEAVY RAIN
  LIGHT RAIN


RELATIVE HUMIDITY (PERCENT)
 HIGHEST    90          1000 PM
 LOWEST     44           400 PM
 AVERAGE    67

..........................................................


THE SHELBYVILLE IN CLIMATE NORMALS FOR TODAY
                         NORMAL
 MAXIMUM TEMPERATURE (F)   84
 MINIMUM TEMPERATURE (F)   63


SUNRISE AND SUNSET
AUGUST  4 2015........SUNRISE   645 AM EDT   SUNSET   853 PM EDT
AUGUST  5 2015........SUNRISE   646 AM EDT   SUNSET   852 PM EDT


-  INDICATES NEGATIVE NUMBERS.
R  INDICATES RECORD WAS SET OR TIED.
MM INDICATES DATA IS MISSING.
T  INDICATES TRACE AMOUNT.




$$
