000
CDUS43 KIND 240532
CLIGEZ


CLIMATE REPORT
NATIONAL WEATHER SERVICE INDIANAPOLIS IN
131 AM EDT MON APR 24 2017


...................................

...THE SHELBYVILLE IN CLIMATE SUMMARY FOR APRIL 23 2017...

CLIMATE NORMAL PERIOD 1981 TO 2010
CLIMATE RECORD PERIOD 9999 TO 9999


WEATHER ITEM   OBSERVED TIME   NORMAL DEPARTURE LAST
                VALUE   (LST)  VALUE  FROM      YEAR
                                      NORMAL
......................................................
TEMPERATURE (F)
 YESTERDAY
  MAXIMUM         73    531 PM  66      7       68
  MINIMUM         43    618 AM  45     -2       49
  AVERAGE         58            55      3       59

PRECIPITATION (IN)
  YESTERDAY        0.00          0.16  -0.16     0.00
  MONTH TO DATE    1.28          3.06  -1.78     2.96
  SINCE MAR 1      4.96          6.49  -1.53     7.71
  SINCE JAN 1     10.40         11.24  -0.84    12.35

DEGREE DAYS
 HEATING
  YESTERDAY        7            10     -3        6
  MONTH TO DATE  164           314   -150      295
  SINCE MAR 1    788          1034   -246      742
  SINCE JUL 1   3971          5197  -1226     3911

 COOLING
  YESTERDAY        0             0      0        0
  MONTH TO DATE   40             0     40        8
  SINCE MAR 1     44             1     43        8
  SINCE JAN 1     44             1     43        8
......................................................


WIND (MPH)
  HIGHEST WIND SPEED    22   HIGHEST WIND DIRECTION    NE (60)
  HIGHEST GUST SPEED    28   HIGHEST GUST DIRECTION    NE (40)
  AVERAGE WIND SPEED    12.9


SKY COVER
  AVERAGE SKY COVER 0.0


WEATHER CONDITIONS
 THE FOLLOWING WEATHER WAS RECORDED YESTERDAY.
  NO SIGNIFICANT WEATHER WAS OBSERVED.


RELATIVE HUMIDITY (PERCENT)
 HIGHEST    70           400 AM
 LOWEST     19           500 PM
 AVERAGE    45

..........................................................


THE SHELBYVILLE IN CLIMATE NORMALS FOR TODAY
                         NORMAL
 MAXIMUM TEMPERATURE (F)   66
 MINIMUM TEMPERATURE (F)   45


SUNRISE AND SUNSET
APRIL 24 2017.........SUNRISE   653 AM EDT   SUNSET   830 PM EDT
APRIL 25 2017.........SUNRISE   651 AM EDT   SUNSET   831 PM EDT


-  INDICATES NEGATIVE NUMBERS.
R  INDICATES RECORD WAS SET OR TIED.
MM INDICATES DATA IS MISSING.
T  INDICATES TRACE AMOUNT.




$$
