000
CDUS43 KIND 040533
CLIGEZ


CLIMATE REPORT
NATIONAL WEATHER SERVICE INDIANAPOLIS IN
1232 AM EST WED MAR 4 2015


...................................

...THE SHELBYVILLE IN CLIMATE SUMMARY FOR MARCH 3 2015...

CLIMATE NORMAL PERIOD 1981 TO 2010
CLIMATE RECORD PERIOD 9999 TO 9999


WEATHER ITEM   OBSERVED TIME   NORMAL DEPARTURE LAST
                VALUE   (LST)  VALUE  FROM      YEAR
                                      NORMAL
......................................................
TEMPERATURE (F)
 YESTERDAY
  MAXIMUM         46    501 PM  46      0       19
  MINIMUM         26    221 AM  27     -1        9
  AVERAGE         36            36      0       14

PRECIPITATION (IN)
  YESTERDAY        0.27          0.08   0.19      T
  MONTH TO DATE    0.75          0.24   0.51     0.19
  SINCE MAR 1      0.75          0.24   0.51     0.19
  SINCE JAN 1      3.77          4.99  -1.22     4.07

DEGREE DAYS
 HEATING
  YESTERDAY       29            28      1       51
  MONTH TO DATE  107            86     21      116
  SINCE MAR 1    107            86     21      116
  SINCE JUL 1   4548          4249    299     4614

 COOLING
  YESTERDAY        0             0      0        0
  MONTH TO DATE    0             0      0        0
  SINCE MAR 1      0             0      0        0
  SINCE JAN 1      0             0      0        0
......................................................


WIND (MPH)
  HIGHEST WIND SPEED    20   HIGHEST WIND DIRECTION     S (170)
  HIGHEST GUST SPEED    28   HIGHEST GUST DIRECTION     S (170)
  AVERAGE WIND SPEED    10.5


SKY COVER
  AVERAGE SKY COVER 0.8


WEATHER CONDITIONS
 THE FOLLOWING WEATHER WAS RECORDED YESTERDAY.
  LIGHT RAIN
  FREEZING RAIN
  LT FREEZING RAIN
  FOG
  FOG W/VISIBILITY <= 1/4 MILE


RELATIVE HUMIDITY (PERCENT)
 HIGHEST    92           800 PM
 LOWEST     63          1200 AM
 AVERAGE    78

..........................................................


THE SHELBYVILLE IN CLIMATE NORMALS FOR TODAY
                         NORMAL
 MAXIMUM TEMPERATURE (F)   46
 MINIMUM TEMPERATURE (F)   28


SUNRISE AND SUNSET
MARCH  4 2015.........SUNRISE   712 AM EST   SUNSET   638 PM EST
MARCH  5 2015.........SUNRISE   711 AM EST   SUNSET   639 PM EST


-  INDICATES NEGATIVE NUMBERS.
R  INDICATES RECORD WAS SET OR TIED.
MM INDICATES DATA IS MISSING.
T  INDICATES TRACE AMOUNT.




$$
