075
CDUS43 KIND 180541
CLIGEZ


CLIMATE REPORT
NATIONAL WEATHER SERVICE INDIANAPOLIS IN
1241 AM EST MON DEC 18 2017


...................................

...THE SHELBYVILLE IN CLIMATE SUMMARY FOR DECEMBER 17 2017...

CLIMATE NORMAL PERIOD 1981 TO 2010
CLIMATE RECORD PERIOD 9999 TO 9999


WEATHER ITEM   OBSERVED TIME   NORMAL DEPARTURE LAST
                VALUE   (LST)  VALUE  FROM      YEAR
                                      NORMAL
......................................................
TEMPERATURE (F)
 YESTERDAY
  MAXIMUM         43    714 PM  38      5       37
  MINIMUM         33   1256 AM  24      9       30
  AVERAGE         38            31      7       34

PRECIPITATION (IN)
  YESTERDAY        0.06          0.08  -0.02     0.82
  MONTH TO DATE    0.33          1.72  -1.39     1.73
  SINCE DEC 1      0.33          1.72  -1.39     1.73
  SINCE JAN 1     46.37         42.01   4.36    43.08

DEGREE DAYS
 HEATING
  YESTERDAY       27            34     -7       31
  MONTH TO DATE  520           535    -15      605
  SINCE DEC 1    520           535    -15      605
  SINCE JUL 1   1413          1610   -197     1291

 COOLING
  YESTERDAY        0             0      0        0
  MONTH TO DATE    0             0      0        0
  SINCE DEC 1      0             0      0        0
  SINCE JAN 1   1132           913    219     1470
......................................................


WIND (MPH)
  HIGHEST WIND SPEED    14   HIGHEST WIND DIRECTION     S (180)
  HIGHEST GUST SPEED    17   HIGHEST GUST DIRECTION     S (180)
  AVERAGE WIND SPEED     9.1


SKY COVER
  AVERAGE SKY COVER 0.6


WEATHER CONDITIONS
 THE FOLLOWING WEATHER WAS RECORDED YESTERDAY.
  LIGHT RAIN


RELATIVE HUMIDITY (PERCENT)
 HIGHEST    82          1000 PM
 LOWEST     60          1000 AM
 AVERAGE    71

..........................................................


THE SHELBYVILLE IN CLIMATE NORMALS FOR TODAY
                         NORMAL
 MAXIMUM TEMPERATURE (F)   38
 MINIMUM TEMPERATURE (F)   23


SUNRISE AND SUNSET
DECEMBER 18 2017......SUNRISE   759 AM EST   SUNSET   521 PM EST
DECEMBER 19 2017......SUNRISE   759 AM EST   SUNSET   522 PM EST


-  INDICATES NEGATIVE NUMBERS.
R  INDICATES RECORD WAS SET OR TIED.
MM INDICATES DATA IS MISSING.
T  INDICATES TRACE AMOUNT.




$$
