000
CDUS43 KIND 170533
CLIGEZ


CLIMATE REPORT
NATIONAL WEATHER SERVICE INDIANAPOLIS IN
133 AM EDT THU AUG 17 2017


...................................

...THE SHELBYVILLE IN CLIMATE SUMMARY FOR AUGUST 16 2017...

CLIMATE NORMAL PERIOD 1981 TO 2010
CLIMATE RECORD PERIOD 9999 TO 9999


WEATHER ITEM   OBSERVED TIME   NORMAL DEPARTURE LAST
                VALUE   (LST)  VALUE  FROM      YEAR
                                      NORMAL
......................................................
TEMPERATURE (F)
 YESTERDAY
  MAXIMUM         89    220 PM  83      6       79
  MINIMUM         64    615 AM  62      2       72
  AVERAGE         77            72      5       76

PRECIPITATION (IN)
  YESTERDAY        0.00          0.11  -0.11     0.77
  MONTH TO DATE    0.24          1.47  -1.23     4.58
  SINCE JUN 1     12.62         10.58   2.04    14.02
  SINCE JAN 1     31.24         28.36   2.88    30.56

DEGREE DAYS
 HEATING
  YESTERDAY        0             0      0        0
  MONTH TO DATE    0             0      0        0
  SINCE JUN 1      1            16    -15        2
  SINCE JUL 1      0             1     -1        2

 COOLING
  YESTERDAY       12             8      4       11
  MONTH TO DATE   98           128    -30      213
  SINCE JUN 1    680           620     60      880
  SINCE JAN 1    842           701    141     1003
......................................................


WIND (MPH)
  HIGHEST WIND SPEED    12   HIGHEST WIND DIRECTION     S (160)
  HIGHEST GUST SPEED    16   HIGHEST GUST DIRECTION     S (160)
  AVERAGE WIND SPEED     4.5


SKY COVER
  AVERAGE SKY COVER 0.2


WEATHER CONDITIONS
 THE FOLLOWING WEATHER WAS RECORDED YESTERDAY.
  FOG
  FOG W/VISIBILITY <= 1/4 MILE


RELATIVE HUMIDITY (PERCENT)
 HIGHEST    93           300 AM
 LOWEST     55          1200 PM
 AVERAGE    74

..........................................................


THE SHELBYVILLE IN CLIMATE NORMALS FOR TODAY
                         NORMAL
 MAXIMUM TEMPERATURE (F)   83
 MINIMUM TEMPERATURE (F)   62


SUNRISE AND SUNSET
AUGUST 17 2017........SUNRISE   658 AM EDT   SUNSET   836 PM EDT
AUGUST 18 2017........SUNRISE   659 AM EDT   SUNSET   835 PM EDT


-  INDICATES NEGATIVE NUMBERS.
R  INDICATES RECORD WAS SET OR TIED.
MM INDICATES DATA IS MISSING.
T  INDICATES TRACE AMOUNT.




$$
