000
CDUS43 KFGF 222151
CLIGFK


CLIMATE REPORT
NATIONAL WEATHER SERVICE EASTERN NORTH DAKOTA/GRAND FORKS
450 PM CDT MON MAY 22 2017


...................................

...THE GRAND FORKS INTL AP ND CLIMATE SUMMARY FOR MAY 22 2017...
VALID TODAY AS OF 0400 PM LOCAL TIME.

CLIMATE NORMAL PERIOD 1981 TO 2010
CLIMATE RECORD PERIOD 1948 TO 2017


WEATHER ITEM   OBSERVED TIME   RECORD YEAR NORMAL DEPARTURE LAST
                VALUE   (LST)  VALUE       VALUE  FROM      YEAR
                                                  NORMAL
..................................................................
TEMPERATURE (F)
 TODAY
  MAXIMUM         56    846 AM  96    1980  70    -14       82
  MINIMUM         46    401 AM  25    1963  44      2       53
  AVERAGE         51                        57     -6       68

PRECIPITATION (IN)
  TODAY            0.01          1.99 2010   0.09  -0.08     0.26
  MONTH TO DATE    0.88                      1.81  -0.93     0.34
  SINCE MAR 1      3.07                      3.78  -0.71     2.45
  SINCE JAN 1      3.92                      4.85  -0.93     3.03

SNOWFALL (IN)
  TODAY            0.0           T    2010   0.0    0.0      0.0
  MONTH TO DATE    0.0                       0.1   -0.1       T
  SINCE MAR 1      5.8                      10.2   -4.4      2.5
  SINCE JUL 1     44.1                      47.4   -3.3     28.4
  SNOW DEPTH       0

DEGREE DAYS
 HEATING
  TODAY           14                         9      5        0
  MONTH TO DATE  206                       268    -62      211
  SINCE MAR 1   1984                      2196   -212     1824
  SINCE JUL 1   7953                      9346  -1393     7803

 COOLING
  TODAY            0                         1     -1        3
  MONTH TO DATE    2                         7     -5        9
  SINCE MAR 1      2                         8     -6        9
  SINCE JAN 1      2                         8     -6        9
..................................................................


WIND (MPH)
  HIGHEST WIND SPEED    24   HIGHEST WIND DIRECTION     N (340)
  HIGHEST GUST SPEED    29   HIGHEST GUST DIRECTION     N (340)
  AVERAGE WIND SPEED    13.9


SKY COVER
  POSSIBLE SUNSHINE  MM
  AVERAGE SKY COVER 1.0


WEATHER CONDITIONS
 THE FOLLOWING WEATHER WAS RECORDED TODAY.
  LIGHT RAIN


RELATIVE HUMIDITY (PERCENT)
 HIGHEST    93          1200 AM
 LOWEST     66          1000 AM
 AVERAGE    80

..........................................................


THE GRAND FORKS INTL AP ND CLIMATE NORMALS FOR TOMORROW
                         NORMAL    RECORD    YEAR
 MAXIMUM TEMPERATURE (F)   70        93      1980
 MINIMUM TEMPERATURE (F)   44        29      2002


SUNRISE AND SUNSET
MAY 22 2017...........SUNRISE   542 AM CDT   SUNSET   910 PM CDT
MAY 23 2017...........SUNRISE   541 AM CDT   SUNSET   911 PM CDT


-  INDICATES NEGATIVE NUMBERS.
R  INDICATES RECORD WAS SET OR TIED.
MM INDICATES DATA IS MISSING.
T  INDICATES TRACE AMOUNT.




$$
