000
CDUS43 KFGF 290631
CLIGFK


CLIMATE REPORT
NATIONAL WEATHER SERVICE EASTERN NORTH DAKOTA/GRAND FORKS
131 AM CDT FRI APR 29 2016


...................................

...THE GRAND FORKS INTL AP ND CLIMATE SUMMARY FOR APRIL 28 2016...

CLIMATE NORMAL PERIOD 1981 TO 2010
CLIMATE RECORD PERIOD 1941 TO 2016


WEATHER ITEM   OBSERVED TIME   RECORD YEAR NORMAL DEPARTURE LAST
                VALUE   (LST)  VALUE       VALUE  FROM      YEAR
                                                  NORMAL
..................................................................
TEMPERATURE (F)
 YESTERDAY
  MAXIMUM         58    444 PM  91    1952  62     -4       67
  MINIMUM         34   1159 PM  15    1950  35     -1       37
  AVERAGE         46                        48     -2       52

PRECIPITATION (IN)
  YESTERDAY        0.00          1.30 2014   0.05  -0.05     0.00
  MONTH TO DATE    1.56                      0.91   0.65     0.59
  SINCE MAR 1      2.11                      1.87   0.24     0.90
  SINCE JAN 1      2.69                      2.94  -0.25     1.72

SNOWFALL (IN)
  YESTERDAY        0.0           4.9  1990   0.0    0.0      0.0
  MONTH TO DATE    0.3                       2.5   -2.2      0.6
  SINCE MAR 1      2.5                       9.7   -7.2      2.7
  SINCE JUL 1     28.4                      46.9  -18.5     17.0
  SNOW DEPTH       0

DEGREE DAYS
 HEATING
  YESTERDAY       19                        17      2       13
  MONTH TO DATE  691                       662     29      595
  SINCE MAR 1   1580                      1897   -317     1642
  SINCE JUL 1   7559                      9047  -1488     8559

 COOLING
  YESTERDAY        0                         0      0        0
  MONTH TO DATE    0                         0      0        0
  SINCE MAR 1      0                         0      0        0
  SINCE JAN 1      0                         0      0        0
..................................................................


WIND (MPH)
  HIGHEST WIND SPEED    21   HIGHEST WIND DIRECTION     N (20)
  HIGHEST GUST SPEED    27   HIGHEST GUST DIRECTION     E (100)
  AVERAGE WIND SPEED    11.5


SKY COVER
  POSSIBLE SUNSHINE  MM
  AVERAGE SKY COVER 0.5


WEATHER CONDITIONS
 THE FOLLOWING WEATHER WAS RECORDED YESTERDAY.
  NO SIGNIFICANT WEATHER WAS OBSERVED.


RELATIVE HUMIDITY (PERCENT)
 HIGHEST    75          1100 PM
 LOWEST     23           100 PM
 AVERAGE    49

..........................................................


THE GRAND FORKS INTL AP ND CLIMATE NORMALS FOR TODAY
                         NORMAL    RECORD    YEAR
 MAXIMUM TEMPERATURE (F)   62        90      1985
 MINIMUM TEMPERATURE (F)   35        12      1958


SUNRISE AND SUNSET
APRIL 29 2016.........SUNRISE   613 AM CDT   SUNSET   840 PM CDT
APRIL 30 2016.........SUNRISE   611 AM CDT   SUNSET   841 PM CDT


-  INDICATES NEGATIVE NUMBERS.
R  INDICATES RECORD WAS SET OR TIED.
MM INDICATES DATA IS MISSING.
T  INDICATES TRACE AMOUNT.




$$
