000
CDUS43 KFGF 280637
CLIGFK


CLIMATE REPORT
NATIONAL WEATHER SERVICE EASTERN NORTH DAKOTA/GRAND FORKS
1236 AM CST FRI NOV 28 2014


...................................

...THE GRAND FORKS INTL AP ND CLIMATE SUMMARY FOR NOVEMBER 27 2014...

CLIMATE NORMAL PERIOD 1981 TO 2010
CLIMATE RECORD PERIOD 1941 TO 2014


WEATHER ITEM   OBSERVED TIME   RECORD YEAR NORMAL DEPARTURE LAST
                VALUE   (LST)  VALUE       VALUE  FROM      YEAR
                                                  NORMAL
..................................................................
TEMPERATURE (F)
 YESTERDAY
  MAXIMUM          9   1159 PM  48    1962  28    -19       22
  MINIMUM        -17    528 AM -30    1985  11    -28       -3
  AVERAGE         -4                        19    -23       10

PRECIPITATION (IN)
  YESTERDAY        0.02          0.16 2005   0.02   0.00      T
                                      1964
  MONTH TO DATE    0.28                      0.88  -0.60     0.15
  SINCE SEP 1      1.94                      4.90  -2.96     4.60
  SINCE JAN 1     22.62                     20.13   2.49    18.83

SNOWFALL (IN)
  YESTERDAY        0.3           2.3  2001   0.3    0.0       T
  MONTH TO DATE    3.7                       6.7   -3.0      1.6
  SINCE SEP 1      3.7                       8.2   -4.5      1.6
  SINCE JUL 1      3.7                       8.2   -4.5      1.6
  SNOW DEPTH       1

DEGREE DAYS
 HEATING
  YESTERDAY       69                        46     23       55
  MONTH TO DATE 1154                      1028    126     1061
  SINCE SEP 1   1923                      1977    -54     1882
  SINCE JUL 1   1977                      2059    -82     1964

 COOLING
  YESTERDAY        0                         0      0        0
  MONTH TO DATE    0                         0      0        0
  SINCE SEP 1     34                        27      7       39
  SINCE JAN 1    395                       379     16      487
..................................................................


WIND (MPH)
  HIGHEST WIND SPEED    16   HIGHEST WIND DIRECTION     S (160)
  HIGHEST GUST SPEED    21   HIGHEST GUST DIRECTION     S (180)
  AVERAGE WIND SPEED     8.7


SKY COVER
  POSSIBLE SUNSHINE  MM
  AVERAGE SKY COVER 0.5


WEATHER CONDITIONS
 THE FOLLOWING WEATHER WAS RECORDED YESTERDAY.
  LIGHT SNOW
  FOG
  HAZE


RELATIVE HUMIDITY (PERCENT)
 HIGHEST    83           900 AM
 LOWEST     68          1200 PM
 AVERAGE    76

..........................................................


THE GRAND FORKS INTL AP ND CLIMATE NORMALS FOR TODAY
                         NORMAL    RECORD    YEAR
 MAXIMUM TEMPERATURE (F)   27        51      2011
 MINIMUM TEMPERATURE (F)   10       -29      1985


SUNRISE AND SUNSET
NOVEMBER 28 2014......SUNRISE   753 AM CST   SUNSET   440 PM CST
NOVEMBER 29 2014......SUNRISE   755 AM CST   SUNSET   439 PM CST


-  INDICATES NEGATIVE NUMBERS.
R  INDICATES RECORD WAS SET OR TIED.
MM INDICATES DATA IS MISSING.
T  INDICATES TRACE AMOUNT.




$$
