000
CDUS43 KFGF 062252
CLIGFK


CLIMATE REPORT
NATIONAL WEATHER SERVICE EASTERN NORTH DAKOTA/GRAND FORKS
450 PM CST FRI MAR 6 2015


...................................

...THE GRAND FORKS INTL AP ND CLIMATE SUMMARY FOR MARCH 6 2015...
VALID TODAY AS OF 0400 PM LOCAL TIME.

CLIMATE NORMAL PERIOD 1981 TO 2010
CLIMATE RECORD PERIOD 1941 TO 2015


WEATHER ITEM   OBSERVED TIME   RECORD YEAR NORMAL DEPARTURE LAST
                VALUE   (LST)  VALUE       VALUE  FROM      YEAR
                                                  NORMAL
..................................................................
TEMPERATURE (F)
 TODAY
  MAXIMUM         39    359 PM  58    2000  29     10       33
  MINIMUM          7    644 AM -25    1955  11     -4       16
  AVERAGE         23                        20      3       25

PRECIPITATION (IN)
  TODAY            0.00          0.62 1983   0.02  -0.02     0.06
  MONTH TO DATE    T                         0.17  -0.17     0.14
  SINCE MAR 1      T                         0.17  -0.17     0.14
  SINCE JAN 1      0.82                      1.24  -0.42     1.21

SNOWFALL (IN)
  TODAY            0.0          MM      MM   0.3   -0.3       T
  MONTH TO DATE    T                         1.8   -1.8      1.1
  SINCE MAR 1      T                         1.8   -1.8      1.1
  SINCE JUL 1     14.3                      39.0  -24.7     46.8
  SNOW DEPTH       2

DEGREE DAYS
 HEATING
  TODAY           42                        45     -3       40
  MONTH TO DATE  333                       278     55      396
  SINCE MAR 1    333                       278     55      396
  SINCE JUL 1   7250                      7428   -178     8291

 COOLING
  TODAY            0                         0      0        0
  MONTH TO DATE    0                         0      0        0
  SINCE MAR 1      0                         0      0        0
  SINCE JAN 1      0                         0      0        0
..................................................................


WIND (MPH)
  HIGHEST WIND SPEED    13   HIGHEST WIND DIRECTION     W (270)
  HIGHEST GUST SPEED    16   HIGHEST GUST DIRECTION     W (270)
  AVERAGE WIND SPEED     8.3


SKY COVER
  POSSIBLE SUNSHINE  MM
  AVERAGE SKY COVER 0.3


WEATHER CONDITIONS
 THE FOLLOWING WEATHER WAS RECORDED TODAY.
  NO SIGNIFICANT WEATHER WAS OBSERVED.


RELATIVE HUMIDITY (PERCENT)
 HIGHEST    83           500 AM
 LOWEST     40           200 PM
 AVERAGE    62

..........................................................


THE GRAND FORKS INTL AP ND CLIMATE NORMALS FOR TOMORROW
                         NORMAL    RECORD    YEAR
 MAXIMUM TEMPERATURE (F)   29        60      2000
 MINIMUM TEMPERATURE (F)   12       -21      2008


SUNRISE AND SUNSET
MARCH  6 2015.........SUNRISE   700 AM CST   SUNSET   620 PM CST
MARCH  7 2015.........SUNRISE   658 AM CST   SUNSET   622 PM CST


-  INDICATES NEGATIVE NUMBERS.
R  INDICATES RECORD WAS SET OR TIED.
MM INDICATES DATA IS MISSING.
T  INDICATES TRACE AMOUNT.




$$
