000
CDUS43 KFGF 160635
CLIGFK


CLIMATE REPORT
NATIONAL WEATHER SERVICE EASTERN NORTH DAKOTA/GRAND FORKS
133 AM CDT WED APR 16 2014


...................................

...THE GRAND FORKS INTL AP ND CLIMATE SUMMARY FOR APRIL 15 2014...

CLIMATE NORMAL PERIOD 1981 TO 2010
CLIMATE RECORD PERIOD 1941 TO 2014


WEATHER ITEM   OBSERVED TIME   RECORD YEAR NORMAL DEPARTURE LAST
                VALUE   (LST)  VALUE       VALUE  FROM      YEAR
                                                  NORMAL
..................................................................
TEMPERATURE (F)
 YESTERDAY
  MAXIMUM         31    823 PM  76    1981  54    -23       35
  MINIMUM         13    225 AM   6    2000  30    -17       31
  AVERAGE         22                        42    -20       33

PRECIPITATION (IN)
  YESTERDAY        0.00          0.95 2011   0.03  -0.03     0.08
  MONTH TO DATE    0.21                      0.43  -0.22     0.68
  SINCE MAR 1      1.14                      1.39  -0.25     1.66
  SINCE JAN 1      2.21                      2.46  -0.25     2.45

SNOWFALL (IN)
  YESTERDAY        0.0           7.9  2011   0.1   -0.1      2.4
  MONTH TO DATE    1.1                       1.7   -0.6      6.5
  SINCE MAR 1     14.6                       8.9    5.7     20.1
  SINCE JUL 1     60.3                      46.1   14.2     50.0
  SNOW DEPTH       0

DEGREE DAYS
 HEATING
  YESTERDAY       43                        23     20       32
  MONTH TO DATE  484                       405     79      570
  SINCE MAR 1   1939                      1640    299     2136
  SINCE JUL 1   9834                      8790   1044     9137

 COOLING
  YESTERDAY        0                         0      0        0
  MONTH TO DATE    0                         0      0        0
  SINCE MAR 1      0                         0      0        0
  SINCE JAN 1      0                         0      0        0
..................................................................


WIND (MPH)
  HIGHEST WIND SPEED    17   HIGHEST WIND DIRECTION     E (90)
  HIGHEST GUST SPEED    21   HIGHEST GUST DIRECTION     E (90)
  AVERAGE WIND SPEED     7.3


SKY COVER
  POSSIBLE SUNSHINE  MM
  AVERAGE SKY COVER 0.6


WEATHER CONDITIONS
 THE FOLLOWING WEATHER WAS RECORDED YESTERDAY.
  NO SIGNIFICANT WEATHER WAS OBSERVED.


RELATIVE HUMIDITY (PERCENT)
 HIGHEST    80          1200 AM
 LOWEST     43           500 PM
 AVERAGE    62

..........................................................


THE GRAND FORKS INTL AP ND CLIMATE NORMALS FOR TODAY
                         NORMAL    RECORD    YEAR
 MAXIMUM TEMPERATURE (F)   55        87      2002
 MINIMUM TEMPERATURE (F)   30        14      1953


SUNRISE AND SUNSET
APRIL 16 2014.........SUNRISE   637 AM CDT   SUNSET   820 PM CDT
APRIL 17 2014.........SUNRISE   636 AM CDT   SUNSET   822 PM CDT


-  INDICATES NEGATIVE NUMBERS.
R  INDICATES RECORD WAS SET OR TIED.
MM INDICATES DATA IS MISSING.
T  INDICATES TRACE AMOUNT.




$$
