471
CDUS43 KFGF 250637
CLIGFK


CLIMATE REPORT
NATIONAL WEATHER SERVICE EASTERN NORTH DAKOTA/GRAND FORKS
136 AM CDT MON JUL 25 2016


...................................

...THE GRAND FORKS INTL AP ND CLIMATE SUMMARY FOR JULY 24 2016...

CLIMATE NORMAL PERIOD 1981 TO 2010
CLIMATE RECORD PERIOD 1941 TO 2016


WEATHER ITEM   OBSERVED TIME   RECORD YEAR NORMAL DEPARTURE LAST
                VALUE   (LST)  VALUE       VALUE  FROM      YEAR
                                                  NORMAL
..................................................................
TEMPERATURE (F)
 YESTERDAY
  MAXIMUM         81    343 PM  99    1951  82     -1       85
  MINIMUM         62    556 AM  43    1946  57      5       63
  AVERAGE         72                        69      3       74

PRECIPITATION (IN)
  YESTERDAY        0.00          1.96 2012   0.09  -0.09     0.12
  MONTH TO DATE    5.20                      2.54   2.66     5.06
  SINCE JUN 1      8.50                      6.02   2.48     7.57
  SINCE JAN 1     14.89                     11.74   3.15    13.88

SNOWFALL (IN)
  YESTERDAY        0.0          MM      MM   0.0    0.0      0.0
  MONTH TO DATE    0.0                       0.0    0.0      0.0
  SINCE JUN 1      0.0                       0.0    0.0      0.0
  SINCE JUL 1      0.0                       0.0    0.0      0.0
  SNOW DEPTH       0

DEGREE DAYS
 HEATING
  YESTERDAY        0                         1     -1        0
  MONTH TO DATE   12                        25    -13       14
  SINCE JUN 1     66                       128    -62       72
  SINCE JUL 1     12                        25    -13       14

 COOLING
  YESTERDAY        7                         5      2        9
  MONTH TO DATE  122                       110     12      138
  SINCE JUN 1    200                       185     15      203
  SINCE JAN 1    222                       202     20      209
..................................................................


WIND (MPH)
  HIGHEST WIND SPEED    21   HIGHEST WIND DIRECTION     W (290)
  HIGHEST GUST SPEED    27   HIGHEST GUST DIRECTION    NW (310)
  AVERAGE WIND SPEED    10.9


SKY COVER
  POSSIBLE SUNSHINE  MM
  AVERAGE SKY COVER 0.2


WEATHER CONDITIONS
 THE FOLLOWING WEATHER WAS RECORDED YESTERDAY.
  NO SIGNIFICANT WEATHER WAS OBSERVED.


RELATIVE HUMIDITY (PERCENT)
 HIGHEST    93           300 AM
 LOWEST     54           200 PM
 AVERAGE    74

..........................................................


THE GRAND FORKS INTL AP ND CLIMATE NORMALS FOR TODAY
                         NORMAL    RECORD    YEAR
 MAXIMUM TEMPERATURE (F)   82        98      1989
 MINIMUM TEMPERATURE (F)   56        40      1972


SUNRISE AND SUNSET
JULY 25 2016..........SUNRISE   557 AM CDT   SUNSET   913 PM CDT
JULY 26 2016..........SUNRISE   558 AM CDT   SUNSET   911 PM CDT


-  INDICATES NEGATIVE NUMBERS.
R  INDICATES RECORD WAS SET OR TIED.
MM INDICATES DATA IS MISSING.
T  INDICATES TRACE AMOUNT.




$$
