000
CDUS43 KFGF 080709
CLIGFK


CLIMATE REPORT
NATIONAL WEATHER SERVICE EASTERN NORTH DAKOTA/GRAND FORKS
108 AM CST THU DEC 8 2016


...................................

...THE GRAND FORKS INTL AP ND CLIMATE SUMMARY FOR DECEMBER 7 2016...

CLIMATE NORMAL PERIOD 1981 TO 2010
CLIMATE RECORD PERIOD 1941 TO 2016


WEATHER ITEM   OBSERVED TIME   RECORD YEAR NORMAL DEPARTURE LAST
                VALUE   (LST)  VALUE       VALUE  FROM      YEAR
                                                  NORMAL
..................................................................
TEMPERATURE (F)
 YESTERDAY
  MAXIMUM         21    832 PM  47    1990  23     -2       38
  MINIMUM         15    948 AM -24    2013   6      9       25
  AVERAGE         18                        14      4       32

PRECIPITATION (IN)
  YESTERDAY        0.06          0.35 1963   0.02   0.04     0.00
  MONTH TO DATE    0.67                      0.14   0.53     0.26
  SINCE DEC 1      0.67                      0.14   0.53     0.26
  SINCE JAN 1     25.79                     20.34   5.45    20.51

SNOWFALL (IN)
  YESTERDAY        3.2           6.0  1963   0.3    2.9      0.0
  MONTH TO DATE   16.8                       2.3   14.5      4.3
  SINCE DEC 1     16.8                       2.3   14.5      4.3
  SINCE JUL 1     17.9                      11.5    6.4      7.0
  SNOW DEPTH      10

DEGREE DAYS
 HEATING
  YESTERDAY       47                        51     -4       33
  MONTH TO DATE  260                       345    -85      269
  SINCE DEC 1    260                       345    -85      269
  SINCE JUL 1   1728                      2544   -816     1934

 COOLING
  YESTERDAY        0                         0      0        0
  MONTH TO DATE    0                         0      0        0
  SINCE DEC 1      0                         0      0        0
  SINCE JAN 1    434                       379     55      476
..................................................................


WIND (MPH)
  HIGHEST WIND SPEED    35   HIGHEST WIND DIRECTION    NW (300)
  HIGHEST GUST SPEED    43   HIGHEST GUST DIRECTION    NW (300)
  AVERAGE WIND SPEED    25.3


SKY COVER
  POSSIBLE SUNSHINE  MM
  AVERAGE SKY COVER 1.0


WEATHER CONDITIONS
 THE FOLLOWING WEATHER WAS RECORDED YESTERDAY.
  SNOW
  LIGHT SNOW
  FOG
  BLOWING SNOW


RELATIVE HUMIDITY (PERCENT)
 HIGHEST    91           800 PM
 LOWEST     77           200 PM
 AVERAGE    84

..........................................................


THE GRAND FORKS INTL AP ND CLIMATE NORMALS FOR TODAY
                         NORMAL    RECORD    YEAR
 MAXIMUM TEMPERATURE (F)   23        53      1990
 MINIMUM TEMPERATURE (F)    5       -26      2007


SUNRISE AND SUNSET
DECEMBER  8 2016......SUNRISE   806 AM CST   SUNSET   436 PM CST
DECEMBER  9 2016......SUNRISE   807 AM CST   SUNSET   436 PM CST


-  INDICATES NEGATIVE NUMBERS.
R  INDICATES RECORD WAS SET OR TIED.
MM INDICATES DATA IS MISSING.
T  INDICATES TRACE AMOUNT.




$$
