000
CDUS44 KSHV 230750
CLIGGG


CLIMATE REPORT
NATIONAL WEATHER SERVICE SHREVEPORT, LA
247 AM CDT FRI JUN 23 2017


...................................

...THE LONGVIEW CLIMATE SUMMARY FOR JUNE 22 2017...

CLIMATE NORMAL PERIOD 1981 TO 2010
CLIMATE RECORD PERIOD 1902 TO 2017


WEATHER ITEM   OBSERVED TIME   RECORD YEAR NORMAL DEPARTURE LAST
                VALUE   (LST)  VALUE       VALUE  FROM      YEAR
                                                  NORMAL
..................................................................
TEMPERATURE (F)
 YESTERDAY
  MAXIMUM         89    149 PM 106    1936  91     -2       93
  MINIMUM         75    822 AM  59    1902  71      4       76
  AVERAGE         82                        81      1       85

PRECIPITATION (IN)
  YESTERDAY        0.69          1.98 1993   0.19   0.50     0.00
  MONTH TO DATE    4.08                      3.69   0.39     4.69
  SINCE DEC 1     31.33                     27.91   3.42    39.07
  SINCE JAN 1     26.53                     23.42   3.11    33.01

SNOWFALL (IN)
  YESTERDAY        0.0
  MONTH TO DATE    0.0
  SINCE JUN 1      0.0
  SINCE JUL 1      0.0
  SNOW DEPTH       0

DEGREE DAYS
 HEATING
  YESTERDAY        0                         0      0        0
  MONTH TO DATE    0                         0      0        0
  SINCE JUN 1      0                         0      0        0
  SINCE JUL 1   1291                      2258   -967     1654

 COOLING
  YESTERDAY       17                        16      1       20
  MONTH TO DATE  325                       306     19      332
  SINCE JUN 1    325                       306     19      332
  SINCE JAN 1    838                       685    153      694
..................................................................


WIND (MPH)
  HIGHEST WIND SPEED    17   HIGHEST WIND DIRECTION    NE (60)
  HIGHEST GUST SPEED    25   HIGHEST GUST DIRECTION    NE (40)
  AVERAGE WIND SPEED     8.8


SKY COVER
  POSSIBLE SUNSHINE  MM
  AVERAGE SKY COVER 0.7


WEATHER CONDITIONS
 THE FOLLOWING WEATHER WAS RECORDED YESTERDAY.
  THUNDERSTORM
  HEAVY RAIN
  RAIN
  LIGHT RAIN
  FOG


RELATIVE HUMIDITY (PERCENT)
 HIGHEST   100           500 AM
 LOWEST     70           200 PM
 AVERAGE    85

..........................................................


THE LONGVIEW CLIMATE NORMALS FOR TODAY
                         NORMAL    RECORD    YEAR
 MAXIMUM TEMPERATURE (F)   91       104      1953
 MINIMUM TEMPERATURE (F)   71        58      1902


SUNRISE AND SUNSET
JUNE 23 2017..........SUNRISE   613 AM CDT   SUNSET   829 PM CDT
JUNE 24 2017..........SUNRISE   613 AM CDT   SUNSET   830 PM CDT


-  INDICATES NEGATIVE NUMBERS.
R  INDICATES RECORD WAS SET OR TIED.
MM INDICATES DATA IS MISSING.
T  INDICATES TRACE AMOUNT.




$$
