215
CDUS44 KSHV 050731
CLIGGG


CLIMATE REPORT
NATIONAL WEATHER SERVICE SHREVEPORT, LA
231 AM CDT THU MAY 5 2016


...................................

...THE LONGVIEW CLIMATE SUMMARY FOR MAY 4 2016...

CLIMATE NORMAL PERIOD 1981 TO 2010
CLIMATE RECORD PERIOD 1902 TO 2016


WEATHER ITEM   OBSERVED TIME   RECORD YEAR NORMAL DEPARTURE LAST
                VALUE   (LST)  VALUE       VALUE  FROM      YEAR
                                                  NORMAL
..................................................................
TEMPERATURE (F)
 YESTERDAY
  MAXIMUM         80    356 PM  97    1943  81     -1       83
  MINIMUM         51    538 AM  38    2013  59     -8       59
  AVERAGE         66                        70     -4       71

PRECIPITATION (IN)
  YESTERDAY        0.00          2.36 1991   0.17  -0.17     0.00
  MONTH TO DATE    0.49                      0.67  -0.18     0.00
  SINCE DEC 1     30.84                     20.09  10.75    25.54
  SINCE JAN 1     24.78                     15.60   9.18    23.24

SNOWFALL (IN)
  YESTERDAY        0.0
  MONTH TO DATE    0.0
  SINCE MAR 1      0.0
  SINCE JUL 1      0.0
  SNOW DEPTH       0

DEGREE DAYS
 HEATING
  YESTERDAY        0                         1     -1        0
  MONTH TO DATE    9                         4      5        0
  SINCE MAR 1    199                       349   -150      309
  SINCE JUL 1   1648                      2253   -605     2282

 COOLING
  YESTERDAY        1                         6     -5        6
  MONTH TO DATE    8                        21    -13       22
  SINCE MAR 1    145                       132     13      185
  SINCE JAN 1    151                       144      7      185
..................................................................


WIND (MPH)
  HIGHEST WIND SPEED    20   HIGHEST WIND DIRECTION     W (290)
  HIGHEST GUST SPEED    26   HIGHEST GUST DIRECTION     W (290)
  AVERAGE WIND SPEED     8.1


SKY COVER
  POSSIBLE SUNSHINE  MM
  AVERAGE SKY COVER 0.1


WEATHER CONDITIONS
 THE FOLLOWING WEATHER WAS RECORDED YESTERDAY.
  NO SIGNIFICANT WEATHER WAS OBSERVED.


RELATIVE HUMIDITY (PERCENT)
 HIGHEST    96           600 AM
 LOWEST     36           300 PM
 AVERAGE    66

..........................................................


THE LONGVIEW CLIMATE NORMALS FOR TODAY
                         NORMAL    RECORD    YEAR
 MAXIMUM TEMPERATURE (F)   81        95      1906
 MINIMUM TEMPERATURE (F)   59        40      2013


SUNRISE AND SUNSET
MAY  5 2016...........SUNRISE   628 AM CDT   SUNSET   803 PM CDT
MAY  6 2016...........SUNRISE   627 AM CDT   SUNSET   804 PM CDT


-  INDICATES NEGATIVE NUMBERS.
R  INDICATES RECORD WAS SET OR TIED.
MM INDICATES DATA IS MISSING.
T  INDICATES TRACE AMOUNT.




$$
