000
CDUS44 KSHV 310851
CLIGGG


CLIMATE REPORT
NATIONAL WEATHER SERVICE SHREVEPORT, LA
318 AM CDT FRI OCT 31 2014


...................................

...THE LONGVIEW CLIMATE SUMMARY FOR OCTOBER 30 2014...

CLIMATE NORMAL PERIOD 1981 TO 2010
CLIMATE RECORD PERIOD 1902 TO 2014


WEATHER ITEM   OBSERVED TIME   RECORD YEAR NORMAL DEPARTURE LAST
                VALUE   (LST)  VALUE       VALUE  FROM      YEAR
                                                  NORMAL
..................................................................
TEMPERATURE (F)
 YESTERDAY
  MAXIMUM         75    406 PM  91    1934  74      1       70
  MINIMUM         45    642 AM  29    1910  50     -5       65
  AVERAGE         60                        62     -2       68

PRECIPITATION (IN)
  YESTERDAY        0.00          2.83 1991   0.12  -0.12     2.50
  MONTH TO DATE    5.51                      4.46   1.05     5.16
  SINCE DEC 1     36.41                     42.94  -6.53    36.38
  SINCE JAN 1     32.26                     38.45  -6.19    32.03

SNOWFALL (IN)
  YESTERDAY        0.0
  MONTH TO DATE    0.0
  SINCE SEP 1      0.0
  SINCE JUL 1      0.0
  SNOW DEPTH       0

DEGREE DAYS
 HEATING
  YESTERDAY        5                         5      0        0
  MONTH TO DATE   15                        78    -63       49
  SINCE SEP 1     15                        84    -69       49
  SINCE JUL 1     15                        84    -69       49

 COOLING
  YESTERDAY        0                         2     -2        3
  MONTH TO DATE  164                       113     51      131
  SINCE SEP 1    590                       452    138      616
  SINCE JAN 1   2444                      2392     52     2711
..................................................................


WIND (MPH)
  HIGHEST WIND SPEED    10   HIGHEST WIND DIRECTION     S (180)
  HIGHEST GUST SPEED    13   HIGHEST GUST DIRECTION     S (180)
  AVERAGE WIND SPEED     2.0


SKY COVER
  POSSIBLE SUNSHINE  MM
  AVERAGE SKY COVER 0.0


WEATHER CONDITIONS
 THE FOLLOWING WEATHER WAS RECORDED YESTERDAY.
  NO SIGNIFICANT WEATHER WAS OBSERVED.


RELATIVE HUMIDITY (PERCENT)
 HIGHEST    93           200 AM
 LOWEST     31           200 PM
 AVERAGE    62

..........................................................


THE LONGVIEW CLIMATE NORMALS FOR TODAY
                         NORMAL    RECORD    YEAR
 MAXIMUM TEMPERATURE (F)   73        93      1944
 MINIMUM TEMPERATURE (F)   50        25      1993


SUNRISE AND SUNSET
OCTOBER 31 2014.......SUNRISE   735 AM CDT   SUNSET   629 PM CDT
NOVEMBER  1 2014......SUNRISE   736 AM CDT   SUNSET   628 PM CDT


-  INDICATES NEGATIVE NUMBERS.
R  INDICATES RECORD WAS SET OR TIED.
MM INDICATES DATA IS MISSING.
T  INDICATES TRACE AMOUNT.




$$
