000
CDUS44 KSHV 080858
CLIGGG


CLIMATE REPORT
NATIONAL WEATHER SERVICE SHREVEPORT, LA
251 AM CST THU DEC 8 2016


...................................

...THE LONGVIEW CLIMATE SUMMARY FOR DECEMBER 7 2016...

CLIMATE NORMAL PERIOD 1981 TO 2010
CLIMATE RECORD PERIOD 1902 TO 2016


WEATHER ITEM   OBSERVED TIME   RECORD YEAR NORMAL DEPARTURE LAST
                VALUE   (LST)  VALUE       VALUE  FROM      YEAR
                                                  NORMAL
..................................................................
TEMPERATURE (F)
 YESTERDAY
  MAXIMUM         55    306 PM  82    1956  60     -5       68
  MINIMUM         46   1159 PM  12    1950  39      7       36
  AVERAGE         51                        49      2       52

PRECIPITATION (IN)
  YESTERDAY        0.09          3.81 1987   0.16  -0.07     0.00
  MONTH TO DATE    2.67                      1.14   1.53     0.00
  SINCE DEC 1      2.67                      1.14   1.53     0.00
  SINCE JAN 1     47.29                     44.20   3.09    61.95

SNOWFALL (IN)
  YESTERDAY       MM
  MONTH TO DATE    0.0
  SINCE DEC 1      0.0
  SINCE JUL 1      0.0
  SNOW DEPTH       0

DEGREE DAYS
 HEATING
  YESTERDAY       14                        16     -2       13
  MONTH TO DATE  107                       107      0      120
  SINCE DEC 1    107                       107      0      120
  SINCE JUL 1    267                       479   -212      320

 COOLING
  YESTERDAY        0                         0      0        0
  MONTH TO DATE    0                         0      0        0
  SINCE DEC 1      0                         0      0        0
  SINCE JAN 1   2729                      2417    312     2845
..................................................................


WIND (MPH)
  HIGHEST WIND SPEED    12   HIGHEST WIND DIRECTION     N (360)
  HIGHEST GUST SPEED    16   HIGHEST GUST DIRECTION     N (10)
  AVERAGE WIND SPEED     4.4


SKY COVER
  POSSIBLE SUNSHINE  MM
  AVERAGE SKY COVER 1.0


WEATHER CONDITIONS
 THE FOLLOWING WEATHER WAS RECORDED YESTERDAY.
  LIGHT RAIN
  FOG


RELATIVE HUMIDITY (PERCENT)
 HIGHEST   100           100 AM
 LOWEST     77           300 PM
 AVERAGE    89

..........................................................


THE LONGVIEW CLIMATE NORMALS FOR TODAY
                         NORMAL    RECORD    YEAR
 MAXIMUM TEMPERATURE (F)   60        84      1956
 MINIMUM TEMPERATURE (F)   38        16      1950


SUNRISE AND SUNSET
DECEMBER  8 2016......SUNRISE   708 AM CST   SUNSET   514 PM CST
DECEMBER  9 2016......SUNRISE   709 AM CST   SUNSET   514 PM CST


-  INDICATES NEGATIVE NUMBERS.
R  INDICATES RECORD WAS SET OR TIED.
MM INDICATES DATA IS MISSING.
T  INDICATES TRACE AMOUNT.




$$
