000
CDUS44 KSHV 280846
CLIGGG


CLIMATE REPORT
NATIONAL WEATHER SERVICE SHREVEPORT, LA
245 AM CST SAT FEB 28 2015


...................................

...THE LONGVIEW CLIMATE SUMMARY FOR FEBRUARY 27 2015...

CLIMATE NORMAL PERIOD 1981 TO 2010
CLIMATE RECORD PERIOD 1902 TO 2015


WEATHER ITEM   OBSERVED TIME   RECORD YEAR NORMAL DEPARTURE LAST
                VALUE   (LST)  VALUE       VALUE  FROM      YEAR
                                                  NORMAL
..................................................................
TEMPERATURE (F)
 YESTERDAY
  MAXIMUM         35   1240 AM  85    1918  65    -30       55
  MINIMUM         29    722 AM  17    2002  42    -13       24
  AVERAGE         32                        53    -21       40

PRECIPITATION (IN)
  YESTERDAY        T             2.14 1910   0.15  -0.15     0.00
  MONTH TO DATE    3.39                      3.88  -0.49     2.51
  SINCE DEC 1     11.11                     11.69  -0.58     7.13
  SINCE JAN 1      8.81                      7.20   1.61     2.98

SNOWFALL (IN)
  YESTERDAY        0.0
  MONTH TO DATE    0.0
  SINCE DEC 1      0.0
  SINCE JUL 1      0.0
  SNOW DEPTH       0

DEGREE DAYS
 HEATING
  YESTERDAY       33                        12     21       25
  MONTH TO DATE  493                       410     83      471
  SINCE DEC 1   1542                      1521     21     1681
  SINCE JUL 1   1952                      1893     59     2109

 COOLING
  YESTERDAY        0                         1     -1        0
  MONTH TO DATE    0                         1     -1        5
  SINCE DEC 1      5                        11     -6       16
  SINCE JAN 1      0                         5     -5        5
..................................................................


WIND (MPH)
  HIGHEST WIND SPEED    22   HIGHEST WIND DIRECTION     E (70)
  HIGHEST GUST SPEED    29   HIGHEST GUST DIRECTION    NE (60)
  AVERAGE WIND SPEED     9.6


SKY COVER
  POSSIBLE SUNSHINE  MM
  AVERAGE SKY COVER 0.8


WEATHER CONDITIONS
 THE FOLLOWING WEATHER WAS RECORDED YESTERDAY.
  NO SIGNIFICANT WEATHER WAS OBSERVED.


RELATIVE HUMIDITY (PERCENT)
 HIGHEST    69           700 AM
 LOWEST     54          1200 PM
 AVERAGE    62

..........................................................


THE LONGVIEW CLIMATE NORMALS FOR TODAY
                         NORMAL    RECORD    YEAR
 MAXIMUM TEMPERATURE (F)   65        90      1932
 MINIMUM TEMPERATURE (F)   42        21      2002


SUNRISE AND SUNSET
FEBRUARY 28 2015......SUNRISE   648 AM CST   SUNSET   615 PM CST
MARCH  1 2015.........SUNRISE   647 AM CST   SUNSET   616 PM CST


-  INDICATES NEGATIVE NUMBERS.
R  INDICATES RECORD WAS SET OR TIED.
MM INDICATES DATA IS MISSING.
T  INDICATES TRACE AMOUNT.




$$
