000
CDUS44 KSHV 270926
CLIGGG


CLIMATE REPORT
NATIONAL WEATHER SERVICE SHREVEPORT, LA
326 AM CST MON FEB 27 2017


...................................

...THE LONGVIEW CLIMATE SUMMARY FOR FEBRUARY 26 2017...

CLIMATE NORMAL PERIOD 1981 TO 2010
CLIMATE RECORD PERIOD 1902 TO 2017


WEATHER ITEM   OBSERVED TIME   RECORD YEAR NORMAL DEPARTURE LAST
                VALUE   (LST)  VALUE       VALUE  FROM      YEAR
                                                  NORMAL
..................................................................
TEMPERATURE (F)
 YESTERDAY
  MAXIMUM         69    243 PM  86    1917  65      4       59
  MINIMUM         36    319 AM  20    1960  42     -6       29
  AVERAGE         53                        53      0       44

PRECIPITATION (IN)
  YESTERDAY        0.05          1.33 1922   0.15  -0.10     0.00
  MONTH TO DATE    2.41                      3.73  -1.32     2.56
  SINCE DEC 1     12.71                     11.54   1.17    10.34
  SINCE JAN 1      7.91                      7.05   0.86     4.28

SNOWFALL (IN)
  YESTERDAY        0.0
  MONTH TO DATE    0.0
  SINCE DEC 1      0.0
  SINCE JUL 1      0.0
  SNOW DEPTH       0

DEGREE DAYS
 HEATING
  YESTERDAY       12                        12      0       21
  MONTH TO DATE  175                       398   -223      312
  SINCE DEC 1    941                      1509   -568     1231
  SINCE JUL 1   1101                      1881   -780     1431

 COOLING
  YESTERDAY        0                         0      0        0
  MONTH TO DATE   34                         0     34        6
  SINCE DEC 1     71                        10     61       28
  SINCE JAN 1     53                         4     49        6
..................................................................


WIND (MPH)
  HIGHEST WIND SPEED    18   HIGHEST WIND DIRECTION     S (180)
  HIGHEST GUST SPEED    26   HIGHEST GUST DIRECTION     S (170)
  AVERAGE WIND SPEED     9.4


SKY COVER
  POSSIBLE SUNSHINE  MM
  AVERAGE SKY COVER 0.5


WEATHER CONDITIONS
 THE FOLLOWING WEATHER WAS RECORDED YESTERDAY.
  THUNDERSTORM
  LIGHT RAIN


RELATIVE HUMIDITY (PERCENT)
 HIGHEST    87           700 PM
 LOWEST     37          1100 AM
 AVERAGE    62

..........................................................


THE LONGVIEW CLIMATE NORMALS FOR TODAY
                         NORMAL    RECORD    YEAR
 MAXIMUM TEMPERATURE (F)   65        85      1918
 MINIMUM TEMPERATURE (F)   42        17      2002


SUNRISE AND SUNSET
FEBRUARY 27 2017......SUNRISE   648 AM CST   SUNSET   615 PM CST
FEBRUARY 28 2017......SUNRISE   647 AM CST   SUNSET   616 PM CST


-  INDICATES NEGATIVE NUMBERS.
R  INDICATES RECORD WAS SET OR TIED.
MM INDICATES DATA IS MISSING.
T  INDICATES TRACE AMOUNT.




$$
