000
CDUS45 KGGW 220740
CLIGGW


CLIMATE REPORT
NATIONAL WEATHER SERVICE GLASGOW MT
1240 AM MST WED FEB 22 2017


...................................

...THE GLASGOW MT CLIMATE SUMMARY FOR FEBRUARY 21 2017...

CLIMATE NORMAL PERIOD 1981 TO 2010
CLIMATE RECORD PERIOD 1893 TO 2017


WEATHER ITEM   OBSERVED TIME   RECORD YEAR NORMAL DEPARTURE LAST
                VALUE   (LST)  VALUE       VALUE  FROM      YEAR
                                                  NORMAL
..................................................................
TEMPERATURE (F)
 YESTERDAY
  MAXIMUM         47    110 PM  63    1995  31     16       39
  MINIMUM         32   1129 PM -43    1918  11     21       24
  AVERAGE         40                        21     19       32

PRECIPITATION (IN)
  YESTERDAY        0.14          0.50 1899   0.01   0.13     0.00
  MONTH TO DATE    0.42                      0.18   0.24     0.24
  SINCE OCT 1      4.42                      2.10   2.32     3.56
  SINCE JAN 1      0.89                      0.55   0.34     0.58

SNOWFALL (IN)
  YESTERDAY        T             2.3  1922   0.2   -0.2      0.0
  MONTH TO DATE    7.0                       3.3    3.7      1.6
  SINCE DEC 1     28.9                      19.3    9.6     20.0
  SINCE JUL 1     29.3                      25.9    3.4     21.0
  SNOW DEPTH       0

DEGREE DAYS
 HEATING
  YESTERDAY       25                        44    -19       33
  MONTH TO DATE  880                       986   -106      724
  SINCE DEC 1   4194                      4082    112     3566
  SINCE JUL 1   5813                      6075   -262     5228

 COOLING
  YESTERDAY        0                         0      0        0
  MONTH TO DATE    0                         0      0        0
  SINCE DEC 1      0                         0      0        0
  SINCE JAN 1      0                         0      0        0
..................................................................


WIND (MPH)
  HIGHEST WIND SPEED    21   HIGHEST WIND DIRECTION    NW (310)
  HIGHEST GUST SPEED    23   HIGHEST GUST DIRECTION    NW (310)
  AVERAGE WIND SPEED     8.3


SKY COVER
  POSSIBLE SUNSHINE  MM
  AVERAGE SKY COVER 0.5


WEATHER CONDITIONS
 THE FOLLOWING WEATHER WAS RECORDED YESTERDAY.
  LIGHT RAIN
  LIGHT SNOW
  FOG


RELATIVE HUMIDITY (PERCENT)
 HIGHEST    96           200 AM
 LOWEST     65           100 PM
 AVERAGE    81

..........................................................


THE GLASGOW MT CLIMATE NORMALS FOR TODAY
                         NORMAL    RECORD    YEAR
 MAXIMUM TEMPERATURE (F)   32        66      2002
 MINIMUM TEMPERATURE (F)   12       -34      1918


SUNRISE AND SUNSET
FEBRUARY 22 2017......SUNRISE   700 AM MST   SUNSET   540 PM MST
FEBRUARY 23 2017......SUNRISE   658 AM MST   SUNSET   542 PM MST


-  INDICATES NEGATIVE NUMBERS.
R  INDICATES RECORD WAS SET OR TIED.
MM INDICATES DATA IS MISSING.
T  INDICATES TRACE AMOUNT.




$$
