000
CDUS45 KGGW 060740
CLIGGW


CLIMATE REPORT
NATIONAL WEATHER SERVICE GLASGOW MT
1240 AM MST FRI MAR 6 2015


...................................

...THE GLASGOW MT CLIMATE SUMMARY FOR MARCH 5 2015...

CLIMATE NORMAL PERIOD 1981 TO 2010
CLIMATE RECORD PERIOD 1893 TO 2015


WEATHER ITEM   OBSERVED TIME   RECORD YEAR NORMAL DEPARTURE LAST
                VALUE   (LST)  VALUE       VALUE  FROM      YEAR
                                                  NORMAL
..................................................................
TEMPERATURE (F)
 YESTERDAY
  MAXIMUM         49    359 PM  69    1987  36     13       36
  MINIMUM          7    703 AM -28    1955  16     -9        8
                                      1945
                                      1899
  AVERAGE         28                        26      2       22

PRECIPITATION (IN)
  YESTERDAY        0.00          0.83 1935   0.01  -0.01     0.00
  MONTH TO DATE    0.01                      0.05  -0.04     0.16
  SINCE OCT 1      2.33                      2.23   0.10     1.96
  SINCE JAN 1      1.07                      0.68   0.39     0.51

SNOWFALL (IN)
  YESTERDAY        0.0           8.6  1935   0.2   -0.2      0.0
  MONTH TO DATE    0.2                       0.9   -0.7      2.7
  SINCE MAR 1      0.2                       0.9   -0.7      2.7
  SINCE JUL 1     35.3                      27.9    7.4     26.5
  SNOW DEPTH       0

DEGREE DAYS
 HEATING
  YESTERDAY       37                        39     -2       43
  MONTH TO DATE  233                       199     34      301
  SINCE MAR 1    233                       199     34      301
  SINCE JUL 1   6317                      6569   -252     6949

 COOLING
  YESTERDAY        0                         0      0        0
  MONTH TO DATE    0                         0      0        0
  SINCE MAR 1      0                         0      0        0
  SINCE JAN 1      0                         0      0        0
..................................................................


WIND (MPH)
  HIGHEST WIND SPEED    20   HIGHEST WIND DIRECTION     W (260)
  HIGHEST GUST SPEED    25   HIGHEST GUST DIRECTION     W (260)
  AVERAGE WIND SPEED     8.2


SKY COVER
  POSSIBLE SUNSHINE  MM
  AVERAGE SKY COVER 0.3


WEATHER CONDITIONS
 THE FOLLOWING WEATHER WAS RECORDED YESTERDAY.
  NO SIGNIFICANT WEATHER WAS OBSERVED.


RELATIVE HUMIDITY (PERCENT)
 HIGHEST    69           600 AM
 LOWEST     24           300 PM
 AVERAGE    47

..........................................................


THE GLASGOW MT CLIMATE NORMALS FOR TODAY
                         NORMAL    RECORD    YEAR
 MAXIMUM TEMPERATURE (F)   37        68      1987
 MINIMUM TEMPERATURE (F)   17       -29      1951


SUNRISE AND SUNSET
MARCH  6 2015.........SUNRISE   638 AM MST   SUNSET   558 PM MST
MARCH  7 2015.........SUNRISE   636 AM MST   SUNSET   600 PM MST


-  INDICATES NEGATIVE NUMBERS.
R  INDICATES RECORD WAS SET OR TIED.
MM INDICATES DATA IS MISSING.
T  INDICATES TRACE AMOUNT.

$$
