000
CDUS45 KGGW 271230
CLIGGW


CLIMATE REPORT
NATIONAL WEATHER SERVICE GLASGOW MT
630 AM MDT THU AUG 27 2015


...................................

...THE GLASGOW MT CLIMATE SUMMARY FOR AUGUST 27 2015...
VALID AS OF 0600 AM LOCAL TIME.

CLIMATE NORMAL PERIOD 1981 TO 2010
CLIMATE RECORD PERIOD 1893 TO 2015


WEATHER ITEM   OBSERVED TIME   RECORD YEAR NORMAL DEPARTURE LAST
                VALUE   (LST)  VALUE       VALUE  FROM      YEAR
                                                  NORMAL
..................................................................
TEMPERATURE (F)
 TODAY
  MINIMUM         58    500 AM  35    1935  53      5       52
                                      1895

PRECIPITATION (IN)
  TODAY            0.00          0.38 1903   0.04  -0.04     0.00
  MONTH TO DATE    0.65                      1.10  -0.45     6.47
  SINCE OCT 1     10.56                     10.58  -0.02    14.15
  SINCE JAN 1      9.30                      9.03   0.27    12.70

SNOWFALL (IN)
  TODAY            0.0           T    1989   0.0    0.0      0.0
  MONTH TO DATE    0.0                       0.0    0.0      0.0
  SINCE JUN 1      0.0                       0.0    0.0      0.0
  SINCE JUL 1      0.0                       0.0    0.0      0.0
  SNOW DEPTH       0

DEGREE DAYS
 HEATING
  TODAY            2                         2      0        0
  MONTH TO DATE   45                        23     22       43
  SINCE JUN 1     96                       146    -50      155
  SINCE JUL 1     50                        41      9       47

 COOLING
  TODAY            0                         4     -4        4
  MONTH TO DATE  181                       181      0      193
  SINCE JUN 1    529                       463     66      430
  SINCE JAN 1    529                       480     49      464
..................................................................





WEATHER CONDITIONS
 THE FOLLOWING WEATHER WAS RECORDED TODAY.
  NO SIGNIFICANT WEATHER WAS OBSERVED.


RELATIVE HUMIDITY (PERCENT)
 HIGHEST    80           400 AM

..........................................................


THE GLASGOW MT CLIMATE NORMALS FOR TOMORROW
                         NORMAL    RECORD    YEAR
 MAXIMUM TEMPERATURE (F)   81       100      2012
 MINIMUM TEMPERATURE (F)   53        32      1911


SUNRISE AND SUNSET
AUGUST 27 2015........SUNRISE   617 AM MDT   SUNSET   758 PM MDT
AUGUST 28 2015........SUNRISE   619 AM MDT   SUNSET   756 PM MDT


-  INDICATES NEGATIVE NUMBERS.
R  INDICATES RECORD WAS SET OR TIED.
MM INDICATES DATA IS MISSING.
T  INDICATES TRACE AMOUNT.




$$
