000
CDUS45 KGGW 160743
CLIGGW


CLIMATE REPORT
NATIONAL WEATHER SERVICE GLASGOW MT
142 AM MDT TUE SEP 16 2014


...................................

...THE GLASGOW MT CLIMATE SUMMARY FOR SEPTEMBER 15 2014...

CLIMATE NORMAL PERIOD 1981 TO 2010
CLIMATE RECORD PERIOD 1893 TO 2014


WEATHER ITEM   OBSERVED TIME   RECORD YEAR NORMAL DEPARTURE LAST
                VALUE   (LST)  VALUE       VALUE  FROM      YEAR
                                                  NORMAL
..................................................................
TEMPERATURE (F)
 YESTERDAY
  MAXIMUM         69    458 PM  91    2009  72     -3       76
                                      1998
  MINIMUM         35    539 AM  25    1897  45    -10       44
  AVERAGE         52                        58     -6       60

PRECIPITATION (IN)
  YESTERDAY        0.00          0.48 1954   0.03  -0.03     0.00
  MONTH TO DATE    0.40                      0.47  -0.07     1.53
  SINCE OCT 1     14.80                     11.19   3.61    16.32
  SINCE JAN 1     13.35                      9.64   3.71    14.12

SNOWFALL (IN)
  YESTERDAY        0.0           T    1997   0.0    0.0      0.0
                                      1965
  MONTH TO DATE    0.0                       0.0    0.0      0.0
  SINCE SEP 1      0.0                       0.0    0.0      0.0
  SINCE JUL 1      0.0                       0.0    0.0      0.0
  SNOW DEPTH       0

DEGREE DAYS
 HEATING
  YESTERDAY       13                         8      5        5
  MONTH TO DATE  165                        81     84        7
  SINCE SEP 1    165                        81     84        7
  SINCE JUL 1    218                       134     84       22

 COOLING
  YESTERDAY        0                         1     -1        0
  MONTH TO DATE    1                        30    -29       81
  SINCE SEP 1      1                        30    -29       81
  SINCE JAN 1    473                       525    -52      558
..................................................................


WIND (MPH)
  HIGHEST WIND SPEED    15   HIGHEST WIND DIRECTION     S (170)
  HIGHEST GUST SPEED    20   HIGHEST GUST DIRECTION     S (180)
  AVERAGE WIND SPEED     8.3


SKY COVER
  POSSIBLE SUNSHINE  MM
  AVERAGE SKY COVER 0.0


WEATHER CONDITIONS
 THE FOLLOWING WEATHER WAS RECORDED YESTERDAY.
  NO SIGNIFICANT WEATHER WAS OBSERVED.


RELATIVE HUMIDITY (PERCENT)
 HIGHEST    89           600 AM
 LOWEST     28           300 PM
 AVERAGE    59

..........................................................


THE GLASGOW MT CLIMATE NORMALS FOR TODAY
                         NORMAL    RECORD    YEAR
 MAXIMUM TEMPERATURE (F)   72        98      1998
 MINIMUM TEMPERATURE (F)   44        19      1903


SUNRISE AND SUNSET
SEPTEMBER 16 2014.....SUNRISE   645 AM MDT   SUNSET   717 PM MDT
SEPTEMBER 17 2014.....SUNRISE   646 AM MDT   SUNSET   715 PM MDT


-  INDICATES NEGATIVE NUMBERS.
R  INDICATES RECORD WAS SET OR TIED.
MM INDICATES DATA IS MISSING.
T  INDICATES TRACE AMOUNT.




$$
