000
CDUS45 KGGW 140035
CLIGGW


CLIMATE REPORT
NATIONAL WEATHER SERVICE GLASGOW MT
535 PM MST SAT FEB 13 2016


...................................

...THE GLASGOW MT CLIMATE SUMMARY FOR FEBRUARY 13 2016...
VALID TODAY AS OF 0500 PM LOCAL TIME.

CLIMATE NORMAL PERIOD 1981 TO 2010
CLIMATE RECORD PERIOD 1893 TO 2016


WEATHER ITEM   OBSERVED TIME   RECORD YEAR NORMAL DEPARTURE LAST
                VALUE   (LST)  VALUE       VALUE  FROM      YEAR
                                                  NORMAL
..................................................................
TEMPERATURE (F)
 TODAY
  MAXIMUM         40        MM  63    1921  28     12       48
  MINIMUM         16        MM -35    1895   9      7       25
  AVERAGE         28                        18     10       37

PRECIPITATION (IN)
  TODAY            0.07          0.15 1898   0.01   0.06     0.00
  MONTH TO DATE    0.15                      0.11   0.04     0.22
  SINCE OCT 1      3.47                      2.03   1.44     2.28
  SINCE JAN 1      0.49                      0.48   0.01     1.02

SNOWFALL (IN)
  TODAY           MM             1.8  2014   0.1   MM        0.0
  MONTH TO DATE    1.3                       2.0   -0.7      2.6
  SINCE DEC 1     19.7                      18.0    1.7     23.3
  SINCE JUL 1     20.7                      24.6   -3.9     34.7
  SNOW DEPTH       0

DEGREE DAYS
 HEATING
  TODAY           37                        47    -10       28
  MONTH TO DATE  487                       625   -138      588
  SINCE DEC 1   3329                      3721   -392     3309
  SINCE JUL 1   4991                      5714   -723     5394

 COOLING
  TODAY            0                         0      0        0
  MONTH TO DATE    0                         0      0        0
  SINCE DEC 1      0                         0      0        0
  SINCE JAN 1      0                         0      0        0
..................................................................


WIND (MPH)
  HIGHEST WIND SPEED    24   HIGHEST WIND DIRECTION     E (110)
  HIGHEST GUST SPEED    32   HIGHEST GUST DIRECTION    NW (300)
  AVERAGE WIND SPEED    13.2


SKY COVER
  POSSIBLE SUNSHINE  MM
  AVERAGE SKY COVER 0.6


WEATHER CONDITIONS
 THE FOLLOWING WEATHER WAS RECORDED TODAY.
  LT FREEZING RAIN
  FOG


RELATIVE HUMIDITY (PERCENT)
 HIGHEST    88          1100 AM
 LOWEST     77           900 AM
 AVERAGE    83

..........................................................


THE GLASGOW MT CLIMATE NORMALS FOR TOMORROW
                         NORMAL    RECORD    YEAR
 MAXIMUM TEMPERATURE (F)   29        49      1998
                                             1934
 MINIMUM TEMPERATURE (F)    9       -54      1936


SUNRISE AND SUNSET
FEBRUARY 13 2016......SUNRISE   717 AM MST   SUNSET   525 PM MST
FEBRUARY 14 2016......SUNRISE   716 AM MST   SUNSET   526 PM MST


-  INDICATES NEGATIVE NUMBERS.
R  INDICATES RECORD WAS SET OR TIED.
MM INDICATES DATA IS MISSING.
T  INDICATES TRACE AMOUNT.




$$
