000
CDUS45 KGGW 260741
CLIGGW


CLIMATE REPORT
NATIONAL WEATHER SERVICE GLASGOW MT
140 AM MDT SAT JUL 26 2014


...................................

...THE GLASGOW MT CLIMATE SUMMARY FOR JULY 25 2014...

CLIMATE NORMAL PERIOD 1981 TO 2010
CLIMATE RECORD PERIOD 1893 TO 2014


WEATHER ITEM   OBSERVED TIME   RECORD YEAR NORMAL DEPARTURE LAST
                VALUE   (LST)  VALUE       VALUE  FROM      YEAR
                                                  NORMAL
..................................................................
TEMPERATURE (F)
 YESTERDAY
  MAXIMUM         85    438 PM 108    1929  87     -2       74
  MINIMUM         51    348 AM  42    1918  58     -7       51
  AVERAGE         68                        73     -5       63

PRECIPITATION (IN)
  YESTERDAY        0.00          1.50 1901   0.05  -0.05     0.00
  MONTH TO DATE    0.58                      1.50  -0.92     0.84
  SINCE OCT 1      7.68                      9.20  -1.52    14.50
  SINCE JAN 1      6.23                      7.65  -1.42    12.30

SNOWFALL (IN)
  YESTERDAY        0.0           T    1953   0.0    0.0      0.0
  MONTH TO DATE    0.0                       0.0    0.0      0.0
  SINCE JUN 1      0.0                       0.0    0.0      0.0
  SINCE JUL 1      0.0                       0.0    0.0      0.0
  SNOW DEPTH       0

DEGREE DAYS
 HEATING
  YESTERDAY        0                         0      0        2
  MONTH TO DATE    4                        15    -11        5
  SINCE JUN 1    112                       120     -8       89
  SINCE JUL 1      4                        15    -11        5

 COOLING
  YESTERDAY        3                         8     -5        0
  MONTH TO DATE  167                       159      8      161
  SINCE JUN 1    187                       234    -47      210
  SINCE JAN 1    221                       251    -30      219
..................................................................


WIND (MPH)
  HIGHEST WIND SPEED    31   HIGHEST WIND DIRECTION    SW (240)
  HIGHEST GUST SPEED    40   HIGHEST GUST DIRECTION    SW (230)
  AVERAGE WIND SPEED    15.9


SKY COVER
  POSSIBLE SUNSHINE  MM
  AVERAGE SKY COVER 0.0


WEATHER CONDITIONS
 THE FOLLOWING WEATHER WAS RECORDED YESTERDAY.
  NO SIGNIFICANT WEATHER WAS OBSERVED.


RELATIVE HUMIDITY (PERCENT)
 HIGHEST    64           900 PM
 LOWEST     16           300 PM
 AVERAGE    40

..........................................................


THE GLASGOW MT CLIMATE NORMALS FOR TODAY
                         NORMAL    RECORD    YEAR
 MAXIMUM TEMPERATURE (F)   87       106      1929
 MINIMUM TEMPERATURE (F)   59        38      1913


SUNRISE AND SUNSET
JULY 26 2014..........SUNRISE   535 AM MDT   SUNSET   851 PM MDT
JULY 27 2014..........SUNRISE   536 AM MDT   SUNSET   849 PM MDT


-  INDICATES NEGATIVE NUMBERS.
R  INDICATES RECORD WAS SET OR TIED.
MM INDICATES DATA IS MISSING.
T  INDICATES TRACE AMOUNT.

$$
