000
CDUS45 KGGW 220752
CLIGGW


CLIMATE REPORT
NATIONAL WEATHER SERVICE GLASGOW MT
146 AM MDT SUN OCT 22 2017


...................................

...THE GLASGOW MT CLIMATE SUMMARY FOR OCTOBER 21 2017...

CLIMATE NORMAL PERIOD 1981 TO 2010
CLIMATE RECORD PERIOD 1893 TO 2017


WEATHER ITEM   OBSERVED TIME   RECORD YEAR NORMAL DEPARTURE LAST
                VALUE   (LST)  VALUE       VALUE  FROM      YEAR
                                                  NORMAL
..................................................................
TEMPERATURE (F)
 YESTERDAY
  MAXIMUM         56    258 PM  85    2003  55      1       63
  MINIMUM         34   1159 PM  10    1930  31      3       40
  AVERAGE         45                        43      2       52

PRECIPITATION (IN)
  YESTERDAY        T             0.53 1966   0.02  -0.02      T
  MONTH TO DATE    0.83                      0.58   0.25     2.37
  SINCE OCT 1      0.83                      0.58   0.25     2.37
  SINCE JAN 1      5.67                     10.69  -5.02    19.70

SNOWFALL (IN)
  YESTERDAY        0.0           1.6  1966   0.0    0.0      0.0
  MONTH TO DATE    0.7                       0.7    0.0      0.4
  SINCE SEP 1      0.7                       0.9   -0.2      0.4
  SINCE JUL 1      0.7                       0.9   -0.2      0.4
  SNOW DEPTH       0

DEGREE DAYS
 HEATING
  YESTERDAY       20                        22     -2       13
  MONTH TO DATE  381                       380      1      419
  SINCE SEP 1    607                       621    -14      643
  SINCE JUL 1    614                       674    -60      677

 COOLING
  YESTERDAY        0                         0      0        0
  MONTH TO DATE    0                         0      0        0
  SINCE SEP 1     54                        37     17       29
  SINCE JAN 1    684                       532    152      434
..................................................................


WIND (MPH)
  HIGHEST WIND SPEED    35   HIGHEST WIND DIRECTION     W (290)
  HIGHEST GUST SPEED    42   HIGHEST GUST DIRECTION    NW (300)
  AVERAGE WIND SPEED    18.9


SKY COVER
  POSSIBLE SUNSHINE  MM
  AVERAGE SKY COVER 0.4


WEATHER CONDITIONS
 THE FOLLOWING WEATHER WAS RECORDED YESTERDAY.
  LIGHT RAIN


RELATIVE HUMIDITY (PERCENT)
 HIGHEST    89           400 AM
 LOWEST     30           400 PM
 AVERAGE    60

..........................................................


THE GLASGOW MT CLIMATE NORMALS FOR TODAY
                         NORMAL    RECORD    YEAR
 MAXIMUM TEMPERATURE (F)   54        78      1900
 MINIMUM TEMPERATURE (F)   30         2      2002


SUNRISE AND SUNSET
OCTOBER 22 2017.......SUNRISE   737 AM MDT   SUNSET   604 PM MDT
OCTOBER 23 2017.......SUNRISE   739 AM MDT   SUNSET   602 PM MDT


-  INDICATES NEGATIVE NUMBERS.
R  INDICATES RECORD WAS SET OR TIED.
MM INDICATES DATA IS MISSING.
T  INDICATES TRACE AMOUNT.




$$
