000
CDUS45 KGGW 040017
CLIGGW


CLIMATE REPORT
NATIONAL WEATHER SERVICE GLASGOW MT
616 PM MDT MON AUG 3 2015


...................................

...THE GLASGOW MT CLIMATE SUMMARY FOR AUGUST 3 2015...
VALID TODAY AS OF 0500 PM LOCAL TIME.

CLIMATE NORMAL PERIOD 1981 TO 2010
CLIMATE RECORD PERIOD 1893 TO 2015


WEATHER ITEM   OBSERVED TIME   RECORD YEAR NORMAL DEPARTURE LAST
                VALUE   (LST)  VALUE       VALUE  FROM      YEAR
                                                  NORMAL
..................................................................
TEMPERATURE (F)
 TODAY
  MAXIMUM         88    436 PM 103    1983  87      1       87
  MINIMUM         56    514 AM  40    1978  59     -3       64
  AVERAGE         72                        73     -1       76

PRECIPITATION (IN)
  TODAY            0.00          2.04 1985   0.05  -0.05     0.17
  MONTH TO DATE    0.00                      0.14  -0.14     0.28
  SINCE OCT 1      9.91                      9.62   0.29     7.96
  SINCE JAN 1      8.65                      8.07   0.58     6.51

SNOWFALL (IN)
  TODAY            0.0           0.0  2002   0.0    0.0      0.0
                                      2001
                                      2000
  MONTH TO DATE    0.0                       0.0    0.0      0.0
  SINCE JUN 1      0.0                       0.0    0.0      0.0
  SINCE JUL 1      0.0                       0.0    0.0      0.0
  SNOW DEPTH       0

DEGREE DAYS
 HEATING
  TODAY            0                         0      0        0
  MONTH TO DATE    0                         0      0        0
  SINCE JUN 1     51                       123    -72      112
  SINCE JUL 1      5                        18    -13        4

 COOLING
  TODAY            7                         8     -1       11
  MONTH TO DATE   26                        24      2       29
  SINCE JUN 1    374                       306     68      266
  SINCE JAN 1    374                       323     51      300
..................................................................


WIND (MPH)
  HIGHEST WIND SPEED    18   HIGHEST WIND DIRECTION     E (110)
  HIGHEST GUST SPEED    25   HIGHEST GUST DIRECTION     E (110)
  AVERAGE WIND SPEED    11.2


SKY COVER
  POSSIBLE SUNSHINE  MM
  AVERAGE SKY COVER 0.0


WEATHER CONDITIONS
 THE FOLLOWING WEATHER WAS RECORDED TODAY.
  NO SIGNIFICANT WEATHER WAS OBSERVED.


RELATIVE HUMIDITY (PERCENT)
 HIGHEST    77           500 AM
 LOWEST     24           200 PM
 AVERAGE    51

..........................................................


THE GLASGOW MT CLIMATE NORMALS FOR TOMORROW
                         NORMAL    RECORD    YEAR
 MAXIMUM TEMPERATURE (F)   87       102      1964
 MINIMUM TEMPERATURE (F)   59        39      1904


SUNRISE AND SUNSET
AUGUST  3 2015........SUNRISE   545 AM MDT   SUNSET   840 PM MDT
AUGUST  4 2015........SUNRISE   546 AM MDT   SUNSET   839 PM MDT


-  INDICATES NEGATIVE NUMBERS.
R  INDICATES RECORD WAS SET OR TIED.
MM INDICATES DATA IS MISSING.
T  INDICATES TRACE AMOUNT.




$$
