000
CDUS45 KGGW 251230
CLIGGW


CLIMATE REPORT
NATIONAL WEATHER SERVICE GLASGOW MT
630 AM MDT MON MAY 25 2015


...................................

...THE GLASGOW MT CLIMATE SUMMARY FOR MAY 25 2015...
VALID AS OF 0600 AM LOCAL TIME.

CLIMATE NORMAL PERIOD 1981 TO 2010
CLIMATE RECORD PERIOD 1893 TO 2015


WEATHER ITEM   OBSERVED TIME   RECORD YEAR NORMAL DEPARTURE LAST
                VALUE   (LST)  VALUE       VALUE  FROM      YEAR
                                                  NORMAL
..................................................................
TEMPERATURE (F)
 TODAY
  MINIMUM         49    300 AM  22    1903  46      3       58

PRECIPITATION (IN)
  TODAY            0.00          1.53 2013   0.08  -0.08      T
  MONTH TO DATE    0.73                      1.44  -0.71     1.25
  SINCE OCT 1      4.99                      4.89   0.10     4.69
  SINCE JAN 1      3.73                      3.34   0.39     3.24

SNOWFALL (IN)
  TODAY            0.0           T    1984   0.1   -0.1      0.0
  MONTH TO DATE    0.0                       1.2   -1.2       T
  SINCE MAR 1      8.1                       7.8    0.3      6.6
  SINCE JUL 1     43.2                      34.8    8.4     30.4
  SNOW DEPTH       0

DEGREE DAYS
 HEATING
  TODAY           13                         8      5        0
  MONTH TO DATE  321                       282     39      329
  SINCE MAR 1   1662                      1919   -257     2150
  SINCE JUL 1   7746                      8289   -543     8798

 COOLING
  TODAY            0                         1     -1        4
  MONTH TO DATE    0                         5     -5       17
  SINCE MAR 1      0                         6     -6       17
  SINCE JAN 1      0                         6     -6       17
..................................................................





WEATHER CONDITIONS
 THE FOLLOWING WEATHER WAS RECORDED TODAY.
  NO SIGNIFICANT WEATHER WAS OBSERVED.


RELATIVE HUMIDITY (PERCENT)
 HIGHEST    80           300 AM

..........................................................


THE GLASGOW MT CLIMATE NORMALS FOR TOMORROW
                         NORMAL    RECORD    YEAR
 MAXIMUM TEMPERATURE (F)   71        99      1934
 MINIMUM TEMPERATURE (F)   46        27      1904


SUNRISE AND SUNSET
MAY 25 2015...........SUNRISE   516 AM MDT   SUNSET   851 PM MDT
MAY 26 2015...........SUNRISE   515 AM MDT   SUNSET   853 PM MDT


-  INDICATES NEGATIVE NUMBERS.
R  INDICATES RECORD WAS SET OR TIED.
MM INDICATES DATA IS MISSING.
T  INDICATES TRACE AMOUNT.




$$
