000
CDUS45 KGJT 270747
CLIGJT


CLIMATE REPORT
NATIONAL WEATHER SERVICE GRAND JUNCTION CO
1245 AM MST THU NOV 27 2014


...................................

...THE GRAND JUNCTION CO CLIMATE SUMMARY FOR NOVEMBER 26 2014...

CLIMATE NORMAL PERIOD 1981 TO 2010
CLIMATE RECORD PERIOD 1893 TO 2014


WEATHER ITEM   OBSERVED TIME   RECORD YEAR NORMAL DEPARTURE LAST
                VALUE   (LST)  VALUE       VALUE  FROM      YEAR
                                                  NORMAL
..................................................................
TEMPERATURE (F)
 YESTERDAY
  MAXIMUM         50    327 PM  64    1909  45      5       46
  MINIMUM         20    733 AM   5    1918  23     -3       27
  AVERAGE         35                        34      1       37

PRECIPITATION (IN)
  YESTERDAY        0.00          1.08 1919   0.02  -0.02     0.00
  MONTH TO DATE    0.39                      0.65  -0.26     1.05
  SINCE SEP 1      2.81                      2.90  -0.09     5.50
  SINCE JAN 1     10.90                      8.75   2.15    11.47

SNOWFALL (IN)
  YESTERDAY        0.0          10.5  1919   0.2   -0.2      0.0
  MONTH TO DATE    T                         1.7   -1.7      4.7
  SINCE SEP 1      T                         2.1   -2.1      4.8
  SINCE JUL 1      T                         2.1   -2.1      4.8
  SNOW DEPTH       0

DEGREE DAYS
 HEATING
  YESTERDAY       30                        31     -1       28
  MONTH TO DATE  749                       650     99      647
  SINCE SEP 1   1110                      1095     15     1217
  SINCE JUL 1   1115                      1098     17     1217

 COOLING
  YESTERDAY        0                         0      0        0
  MONTH TO DATE    0                         0      0        0
  SINCE SEP 1    120                       106     14      143
  SINCE JAN 1   1046                      1125    -79     1269
..................................................................


WIND (MPH)
  HIGHEST WIND SPEED     9   HIGHEST WIND DIRECTION     E (110)
  HIGHEST GUST SPEED    11   HIGHEST GUST DIRECTION    NW (300)
  AVERAGE WIND SPEED     4.0


SKY COVER
  POSSIBLE SUNSHINE  MM
  AVERAGE SKY COVER 0.1


WEATHER CONDITIONS
 THE FOLLOWING WEATHER WAS RECORDED YESTERDAY.
  NO SIGNIFICANT WEATHER WAS OBSERVED.


RELATIVE HUMIDITY (PERCENT)
 HIGHEST    88           400 AM
 LOWEST     32           300 PM
 AVERAGE    60

..........................................................


THE GRAND JUNCTION CO CLIMATE NORMALS FOR TODAY
                         NORMAL    RECORD    YEAR
 MAXIMUM TEMPERATURE (F)   44        60      1901
 MINIMUM TEMPERATURE (F)   23         4      1976
                                             1952
                                             1918


SUNRISE AND SUNSET
NOVEMBER 27 2014......SUNRISE   710 AM MST   SUNSET   453 PM MST
NOVEMBER 28 2014......SUNRISE   711 AM MST   SUNSET   453 PM MST


-  INDICATES NEGATIVE NUMBERS.
R  INDICATES RECORD WAS SET OR TIED.
MM INDICATES DATA IS MISSING.
T  INDICATES TRACE AMOUNT.




$$
