000
CDUS45 KGJT 132337
CLIGJT


CLIMATE REPORT
NATIONAL WEATHER SERVICE GRAND JUNCTION CO
530 PM MDT SUN JUL 13 2014


...................................

...THE GRAND JUNCTION CO CLIMATE SUMMARY FOR JULY 13 2014...
VALID TODAY AS OF 0500 PM LOCAL TIME.

CLIMATE NORMAL PERIOD 1981 TO 2010
CLIMATE RECORD PERIOD 1893 TO 2014


WEATHER ITEM   OBSERVED TIME   RECORD YEAR NORMAL DEPARTURE LAST
                VALUE   (LST)  VALUE       VALUE  FROM      YEAR
                                                  NORMAL
..................................................................
TEMPERATURE (F)
 TODAY
  MAXIMUM         98    350 PM 105    2003  94      4       92
                                      2002
                                      1971
  MINIMUM         69    441 AM  55    2006  63      6       65
                                      1997
  AVERAGE         84                        78      6       79

PRECIPITATION (IN)
  TODAY            0.00          0.30 1914   0.02  -0.02     0.01
  MONTH TO DATE    0.02                      0.21  -0.19     0.14
  SINCE JUN 1      0.15                      0.67  -0.52     0.15
  SINCE JAN 1      3.93                      4.50  -0.57     3.56

SNOWFALL (IN)
  TODAY            0.0           0.0  2013   0.0    0.0      0.0
  MONTH TO DATE    0.0                       0.0    0.0      0.0
  SINCE JUN 1      0.0                       0.0    0.0      0.0
  SINCE JUL 1      0.0                       0.0    0.0      0.0
  SNOW DEPTH       0

DEGREE DAYS
 HEATING
  TODAY            0                         0      0        0
  MONTH TO DATE    0                         0      0        0
  SINCE JUN 1     19                        22     -3        5
  SINCE JUL 1      0                         0      0        0

 COOLING
  TODAY           19                        14      5       14
  MONTH TO DATE  206                       166     40      207
  SINCE JUN 1    404                       397      7      521
  SINCE JAN 1    463                       448     15      576
..................................................................


WIND (MPH)
  HIGHEST WIND SPEED    18   HIGHEST WIND DIRECTION    NE (60)
  HIGHEST GUST SPEED    26   HIGHEST GUST DIRECTION    NE (50)
  AVERAGE WIND SPEED     8.9


SKY COVER
  POSSIBLE SUNSHINE  MM
  AVERAGE SKY COVER 0.1


WEATHER CONDITIONS
 THE FOLLOWING WEATHER WAS RECORDED TODAY.
  THUNDERSTORM


RELATIVE HUMIDITY (PERCENT)
 HIGHEST    53           500 AM
 LOWEST     17           300 PM
 AVERAGE    35

..........................................................


THE GRAND JUNCTION CO CLIMATE NORMALS FOR TOMORROW
                         NORMAL    RECORD    YEAR
 MAXIMUM TEMPERATURE (F)   94       105      2005
                                             2002
 MINIMUM TEMPERATURE (F)   64        53      1962


SUNRISE AND SUNSET
JULY 13 2014..........SUNRISE   559 AM MDT   SUNSET   840 PM MDT
JULY 14 2014..........SUNRISE   600 AM MDT   SUNSET   840 PM MDT


-  INDICATES NEGATIVE NUMBERS.
R  INDICATES RECORD WAS SET OR TIED.
MM INDICATES DATA IS MISSING.
T  INDICATES TRACE AMOUNT.




$$
