000
CDUS45 KGJT 250733
CLIGJT


CLIMATE REPORT
NATIONAL WEATHER SERVICE GRAND JUNCTION CO
131 AM MDT MON MAY 25 2015


...................................

...THE GRAND JUNCTION CO CLIMATE SUMMARY FOR MAY 24 2015...

CLIMATE NORMAL PERIOD 1981 TO 2010
CLIMATE RECORD PERIOD 1893 TO 2015


WEATHER ITEM   OBSERVED TIME   RECORD YEAR NORMAL DEPARTURE LAST
                VALUE   (LST)  VALUE       VALUE  FROM      YEAR
                                                  NORMAL
..................................................................
TEMPERATURE (F)
 YESTERDAY
  MAXIMUM         63    207 PM  94    2005  79    -16       72
  MINIMUM         43    532 AM  37    1971  49     -6       41
  AVERAGE         53                        64    -11       57

PRECIPITATION (IN)
  YESTERDAY        0.16          1.83 1906   0.02   0.14     0.01
  MONTH TO DATE    1.60                      0.71   0.89     1.06
  SINCE MAR 1      3.99                      2.54   1.45     1.97
  SINCE JAN 1      4.85                      3.66   1.19     3.35

SNOWFALL (IN)
  YESTERDAY        0.0           0.0  2014   0.0    0.0      0.0
  MONTH TO DATE    0.1                       0.1    0.0      0.0
  SINCE MAR 1      4.0                       3.6    0.4       T
  SINCE JUL 1     12.6                      19.1   -6.5     25.7
  SNOW DEPTH       0

DEGREE DAYS
 HEATING
  YESTERDAY       12                         3      9        8
  MONTH TO DATE  196                       137     59      184
  SINCE MAR 1   1151                      1192    -41     1292
  SINCE JUL 1   5136                      5571   -435     6230

 COOLING
  YESTERDAY        0                         2     -2        0
  MONTH TO DATE    2                        28    -26       22
  SINCE MAR 1      2                        31    -29       22
  SINCE JAN 1      2                        31    -29       22
..................................................................


WIND (MPH)
  HIGHEST WIND SPEED    24   HIGHEST WIND DIRECTION     N (350)
  HIGHEST GUST SPEED    29   HIGHEST GUST DIRECTION     N (340)
  AVERAGE WIND SPEED     5.9


SKY COVER
  POSSIBLE SUNSHINE  MM
  AVERAGE SKY COVER 0.8


WEATHER CONDITIONS
 THE FOLLOWING WEATHER WAS RECORDED YESTERDAY.
  RAIN
  LIGHT RAIN
  FOG


RELATIVE HUMIDITY (PERCENT)
 HIGHEST    92          1200 AM
 LOWEST     43           200 PM
 AVERAGE    68

..........................................................


THE GRAND JUNCTION CO CLIMATE NORMALS FOR TODAY
                         NORMAL    RECORD    YEAR
 MAXIMUM TEMPERATURE (F)   79        92      2006
                                             2001
 MINIMUM TEMPERATURE (F)   50        36      2010


SUNRISE AND SUNSET
MAY 25 2015...........SUNRISE   554 AM MDT   SUNSET   829 PM MDT
MAY 26 2015...........SUNRISE   553 AM MDT   SUNSET   830 PM MDT


-  INDICATES NEGATIVE NUMBERS.
R  INDICATES RECORD WAS SET OR TIED.
MM INDICATES DATA IS MISSING.
T  INDICATES TRACE AMOUNT.




$$
