548
CDUS45 KGJT 080755
CLIGJT


CLIMATE REPORT
NATIONAL WEATHER SERVICE GRAND JUNCTION CO
1230 AM MST MON FEB 8 2016


...................................

...THE GRAND JUNCTION CO CLIMATE SUMMARY FOR FEBRUARY 7 2016...

CLIMATE NORMAL PERIOD 1981 TO 2010
CLIMATE RECORD PERIOD 1893 TO 2016


WEATHER ITEM   OBSERVED TIME   RECORD YEAR NORMAL DEPARTURE LAST
                VALUE   (LST)  VALUE       VALUE  FROM      YEAR
                                                  NORMAL
..................................................................
TEMPERATURE (F)
 YESTERDAY
  MAXIMUM         34    322 PM  60    1995  42     -8       59
  MINIMUM          8    648 AM -15    1903  21    -13       30
  AVERAGE         21                        32    -11       45

PRECIPITATION (IN)
  YESTERDAY        0.00          0.41 1965   0.02  -0.02     0.00
  MONTH TO DATE    0.42                      0.12   0.30     0.00
  SINCE DEC 1      2.03                      1.29   0.74     1.79
  SINCE JAN 1      1.34                      0.70   0.64     0.73

SNOWFALL (IN)
  YESTERDAY        0.0           4.9  1929   0.1   -0.1      0.0
  MONTH TO DATE    4.7                       0.9    3.8      0.0
  SINCE DEC 1     24.0                      10.7   13.3      6.9
  SINCE JUL 1     27.4                      13.2   14.2      6.9
  SNOW DEPTH       4

DEGREE DAYS
 HEATING
  YESTERDAY       44                        33     11       20
  MONTH TO DATE  343                       240    103      158
  SINCE DEC 1   2831                      2538    293     2204
  SINCE JUL 1   3880                      3766    114     3428

 COOLING
  YESTERDAY        0                         0      0        0
  MONTH TO DATE    0                         0      0        0
  SINCE DEC 1      0                         0      0        0
  SINCE JAN 1      0                         0      0        0
..................................................................


WIND (MPH)
  HIGHEST WIND SPEED     7   HIGHEST WIND DIRECTION    NE (60)
  HIGHEST GUST SPEED     7   HIGHEST GUST DIRECTION    NE (60)
  AVERAGE WIND SPEED     2.3


SKY COVER
  POSSIBLE SUNSHINE  MM
  AVERAGE SKY COVER 0.1


WEATHER CONDITIONS
 THE FOLLOWING WEATHER WAS RECORDED YESTERDAY.
  FOG


RELATIVE HUMIDITY (PERCENT)
 HIGHEST   100           500 AM
 LOWEST     59           300 PM
 AVERAGE    80

..........................................................


THE GRAND JUNCTION CO CLIMATE NORMALS FOR TODAY
                         NORMAL    RECORD    YEAR
 MAXIMUM TEMPERATURE (F)   43        62      2015
 MINIMUM TEMPERATURE (F)   22       -21      1933


SUNRISE AND SUNSET
FEBRUARY  8 2016......SUNRISE   714 AM MST   SUNSET   543 PM MST
FEBRUARY  9 2016......SUNRISE   713 AM MST   SUNSET   544 PM MST


-  INDICATES NEGATIVE NUMBERS.
R  INDICATES RECORD WAS SET OR TIED.
MM INDICATES DATA IS MISSING.
T  INDICATES TRACE AMOUNT.




$$
