000
CDUS45 KGJT 192329
CLIGJT


CLIMATE REPORT
NATIONAL WEATHER SERVICE GRAND JUNCTION CO
428 PM MST THU JAN 19 2017


...................................

...THE GRAND JUNCTION CO CLIMATE SUMMARY FOR JANUARY 19 2017...
VALID TODAY AS OF 0400 PM LOCAL TIME.

CLIMATE NORMAL PERIOD 1981 TO 2010
CLIMATE RECORD PERIOD 1893 TO 2017


WEATHER ITEM   OBSERVED TIME   RECORD YEAR NORMAL DEPARTURE LAST
                VALUE   (LST)  VALUE       VALUE  FROM      YEAR
                                                  NORMAL
..................................................................
TEMPERATURE (F)
 TODAY
  MAXIMUM         38   1252 PM  56    1971  38      0       35
  MINIMUM         25    709 AM  -8    1984  17      8       20
  AVERAGE         32                        27      5       28

PRECIPITATION (IN)
  TODAY            0.00          0.27 1929   0.02  -0.02     0.05
  MONTH TO DATE    0.73                      0.37   0.36     0.45
  SINCE DEC 1      1.46                      0.96   0.50     1.14
  SINCE JAN 1      0.73                      0.37   0.36     0.45

SNOWFALL (IN)
  TODAY            0.0           3.1  1929   0.1   -0.1      0.6
  MONTH TO DATE    4.1                       3.3    0.8      5.2
  SINCE DEC 1      7.6                       8.2   -0.6     14.7
  SINCE JUL 1      8.1                      10.7   -2.6     18.1
  SNOW DEPTH       0

DEGREE DAYS
 HEATING
  TODAY           33                        38     -5       37
  MONTH TO DATE  648                       726    -78      803
  SINCE DEC 1   1725                      1857   -132     2030
  SINCE JUL 1   2595                      3085   -490     3079

 COOLING
  TODAY            0                         0      0        0
  MONTH TO DATE    0                         0      0        0
  SINCE DEC 1      0                         0      0        0
  SINCE JAN 1      0                         0      0        0
..................................................................


WIND (MPH)
  HIGHEST WIND SPEED    20   HIGHEST WIND DIRECTION    SE (120)
  HIGHEST GUST SPEED    23   HIGHEST GUST DIRECTION    SE (120)
  AVERAGE WIND SPEED    10.0


SKY COVER
  POSSIBLE SUNSHINE  MM
  AVERAGE SKY COVER 0.4


WEATHER CONDITIONS
 THE FOLLOWING WEATHER WAS RECORDED TODAY.
  NO SIGNIFICANT WEATHER WAS OBSERVED.


RELATIVE HUMIDITY (PERCENT)
 HIGHEST   100           100 AM
 LOWEST     64          1200 PM
 AVERAGE    82

..........................................................


THE GRAND JUNCTION CO CLIMATE NORMALS FOR TOMORROW
                         NORMAL    RECORD    YEAR
 MAXIMUM TEMPERATURE (F)   38        57      2012
 MINIMUM TEMPERATURE (F)   17        -8      1984


SUNRISE AND SUNSET
JANUARY 19 2017.......SUNRISE   730 AM MST   SUNSET   521 PM MST
JANUARY 20 2017.......SUNRISE   729 AM MST   SUNSET   522 PM MST


-  INDICATES NEGATIVE NUMBERS.
R  INDICATES RECORD WAS SET OR TIED.
MM INDICATES DATA IS MISSING.
T  INDICATES TRACE AMOUNT.




$$
