000
CDUS45 KGJT 240809
CLIGJT


CLIMATE REPORT
NATIONAL WEATHER SERVICE GRAND JUNCTION CO
208 AM MDT WED MAY 24 2017


...................................

...THE GRAND JUNCTION CO CLIMATE SUMMARY FOR MAY 23 2017...

CLIMATE NORMAL PERIOD 1981 TO 2010
CLIMATE RECORD PERIOD 1893 TO 2017


WEATHER ITEM   OBSERVED TIME   RECORD YEAR NORMAL DEPARTURE LAST
                VALUE   (LST)  VALUE       VALUE  FROM      YEAR
                                                  NORMAL
..................................................................
TEMPERATURE (F)
 YESTERDAY
  MAXIMUM         75    419 PM  95    2005  79     -4       74
  MINIMUM         43    524 AM  35    1933  49     -6       40
  AVERAGE         59                        64     -5       57

PRECIPITATION (IN)
  YESTERDAY        0.00          0.23 2009   0.03  -0.03     0.00
  MONTH TO DATE    0.66                      0.69  -0.03     0.85
  SINCE MAR 1      1.28                      2.52  -1.24     3.54
  SINCE JAN 1      2.83                      3.64  -0.81     4.91

SNOWFALL (IN)
  YESTERDAY        0.0           0.0  2002   0.0    0.0      0.0
  MONTH TO DATE    T                         0.1   -0.1       T
  SINCE MAR 1      T                         3.6   -3.6      1.1
  SINCE JUL 1     13.9                      19.1   -5.2     28.5
  SNOW DEPTH       0

DEGREE DAYS
 HEATING
  YESTERDAY        6                         3      3        8
  MONTH TO DATE  156                       134     22      168
  SINCE MAR 1    969                      1189   -220     1212
  SINCE JUL 1   4616                      5568   -952     5690

 COOLING
  YESTERDAY        0                         2     -2        0
  MONTH TO DATE   17                        26     -9       12
  SINCE MAR 1     18                        29    -11       12
  SINCE JAN 1     18                        29    -11       12
..................................................................


WIND (MPH)
  HIGHEST WIND SPEED    13   HIGHEST WIND DIRECTION     S (190)
  HIGHEST GUST SPEED    17   HIGHEST GUST DIRECTION    NW (300)
  AVERAGE WIND SPEED     6.1


SKY COVER
  POSSIBLE SUNSHINE  MM
  AVERAGE SKY COVER 0.1


WEATHER CONDITIONS
 THE FOLLOWING WEATHER WAS RECORDED YESTERDAY.
  NO SIGNIFICANT WEATHER WAS OBSERVED.


RELATIVE HUMIDITY (PERCENT)
 HIGHEST    65           600 AM
 LOWEST     17           400 PM
 AVERAGE    41

..........................................................


THE GRAND JUNCTION CO CLIMATE NORMALS FOR TODAY
                         NORMAL    RECORD    YEAR
 MAXIMUM TEMPERATURE (F)   79        94      2005
 MINIMUM TEMPERATURE (F)   49        37      1971


SUNRISE AND SUNSET
MAY 24 2017...........SUNRISE   554 AM MDT   SUNSET   828 PM MDT
MAY 25 2017...........SUNRISE   553 AM MDT   SUNSET   829 PM MDT


-  INDICATES NEGATIVE NUMBERS.
R  INDICATES RECORD WAS SET OR TIED.
MM INDICATES DATA IS MISSING.
T  INDICATES TRACE AMOUNT.




$$
