000
CDUS43 KGLD 240743
CLIGLD

CLIMATE REPORT
NATIONAL WEATHER SERVICE GOODLAND
140 AM MDT SUN SEP 24 2017

...................................

...THE GOODLAND KS CLIMATE SUMMARY FOR SEPTEMBER 23 2017...

CLIMATE NORMAL PERIOD 1981 TO 2010
CLIMATE RECORD PERIOD 1895 TO 2017

WEATHER ITEM   OBSERVED TIME   RECORD YEAR NORMAL DEPARTURE LAST
                VALUE   (LST)  VALUE       VALUE  FROM      YEAR
                                                  NORMAL
..................................................................
TEMPERATURE (F)
 YESTERDAY
  MAXIMUM         71    113 AM  95    2003  76     -5       88
                                      1954
  MINIMUM         52   1159 PM  29    1946  47      5       59
  AVERAGE         62                        61      1       74

PRECIPITATION (IN)
  YESTERDAY        1.41          1.46 2010   0.04   1.37     0.02
  MONTH TO DATE    1.84                      0.95   0.89     2.49
  SINCE SEP 1      1.84                      0.95   0.89     2.49
  SINCE JAN 1     23.80                     16.85   6.95    16.53

SNOWFALL (IN)
  YESTERDAY        0.0                       0.0    0.0      0.0
  MONTH TO DATE    0.0                       0.2   -0.2       T
  SINCE SEP 1      0.0                       0.2   -0.2       T
  SINCE JUL 1      T                         0.2   -0.2       T
  SNOW DEPTH       0

DEGREE DAYS
 HEATING
  YESTERDAY        3                         6     -3        0
  MONTH TO DATE   34                        64    -30       27
  SINCE SEP 1     34                        64    -30       27
  SINCE JUL 1     34                        76    -42       34

 COOLING
  YESTERDAY        0                         2     -2        9
  MONTH TO DATE  139                        92     47      121
  SINCE SEP 1    139                        92     47      121
  SINCE JAN 1    958                       925     33     1070
..................................................................

WIND (MPH)
  HIGHEST WIND SPEED    24   HIGHEST WIND DIRECTION     W (290)
  HIGHEST GUST SPEED    32   HIGHEST GUST DIRECTION     W (290)
  AVERAGE WIND SPEED    10.4


SKY COVER
  AVERAGE SKY COVER 0.5


WEATHER CONDITIONS
 THE FOLLOWING WEATHER WAS RECORDED YESTERDAY.
  THUNDERSTORM
  HEAVY RAIN
  RAIN
  LIGHT RAIN
  FOG


RELATIVE HUMIDITY (PERCENT)
 HIGHEST   100
 LOWEST     67
 AVERAGE    84

..........................................................


THE GOODLAND KS CLIMATE NORMALS FOR TODAY
                         NORMAL    RECORD    YEAR
 MAXIMUM TEMPERATURE (F)   75        96      1966
                                             1908
 MINIMUM TEMPERATURE (F)   46        30      2000
                                             1926


SUNRISE AND SUNSET
SEPTEMBER 24 2017.....SUNRISE   637 AM MDT   SUNSET   640 PM MDT
SEPTEMBER 25 2017.....SUNRISE   637 AM MDT   SUNSET   638 PM MDT


-  INDICATES NEGATIVE NUMBERS.
R  INDICATES RECORD WAS SET OR TIED.
MM INDICATES DATA IS MISSING.
T  INDICATES TRACE AMOUNT.

&&

THE AVERAGE SOIL TEMPERATURE AT THE FOUR INCH DEPTH... 73

$$
