000
CDUS44 KJAN 010746
CLIGLH


CLIMATE REPORT
NATIONAL WEATHER SERVICE JACKSON MS
241 AM CDT FRI AUG 1 2014


...................................

...THE GREENVILLE CLIMATE SUMMARY FOR JULY 31 2014...

CLIMATE NORMAL PERIOD 1981 TO 2010
CLIMATE RECORD PERIOD 1920 TO 2014


WEATHER ITEM   OBSERVED TIME   RECORD YEAR NORMAL DEPARTURE LAST
                VALUE   (LST)  VALUE       VALUE  FROM      YEAR
                                                  NORMAL
..................................................................
TEMPERATURE (F)
 YESTERDAY
  MAXIMUM         81    213 PM 104    1980  92    -11       89
  MINIMUM         70    650 AM  58    1971  72     -2       75
  AVERAGE         76                        82     -6       82

PRECIPITATION (IN)
  YESTERDAY        0.12          1.75 1992   0.08   0.04      T
  MONTH TO DATE    5.32                      3.80   1.52     1.99
  SINCE JUN 1     11.69                      7.84   3.85     3.24
  SINCE JAN 1     35.82                     32.10   3.72    28.20

SNOWFALL (IN)
  YESTERDAY        0.0

DEGREE DAYS
 HEATING
  YESTERDAY        0                         0      0        0
  MONTH TO DATE    0                         0      0        0
  SINCE JUN 1      0                         0      0        0
  SINCE JUL 1      0                         0      0        0

 COOLING
  YESTERDAY       11                        17     -6       17
  MONTH TO DATE  402                       527   -125      477
  SINCE JUN 1    864                       947    -83      936
  SINCE JAN 1   1179                      1269    -90     1219
..................................................................


WIND (MPH)
  HIGHEST WIND SPEED     9   HIGHEST WIND DIRECTION     N (20)
  HIGHEST GUST SPEED    12   HIGHEST GUST DIRECTION     N (20)
  AVERAGE WIND SPEED     3.0


SKY COVER
  POSSIBLE SUNSHINE  MM
  AVERAGE SKY COVER 0.7


WEATHER CONDITIONS
 THE FOLLOWING WEATHER WAS RECORDED YESTERDAY.
  RAIN
  LIGHT RAIN
  FOG


RELATIVE HUMIDITY (PERCENT)
 HIGHEST    93          1200 AM
 LOWEST     58           100 PM
 AVERAGE    76

..........................................................


THE GREENVILLE CLIMATE NORMALS FOR TODAY
                         NORMAL    RECORD    YEAR
 MAXIMUM TEMPERATURE (F)   92       104      2010
 MINIMUM TEMPERATURE (F)   72        60      1965


SUNRISE AND SUNSET
AUGUST  1 2014........SUNRISE   616 AM CDT   SUNSET   804 PM CDT
AUGUST  2 2014........SUNRISE   617 AM CDT   SUNSET   803 PM CDT


-  INDICATES NEGATIVE NUMBERS.
R  INDICATES RECORD WAS SET OR TIED.
MM INDICATES DATA IS MISSING.
T  INDICATES TRACE AMOUNT.




$$
