145
CDUS44 KJAN 090627
CLIGLH


CLIMATE REPORT
NATIONAL WEATHER SERVICE JACKSON MS
1225 AM CST FRI DEC 9 2016


...................................

...THE GREENVILLE CLIMATE SUMMARY FOR DECEMBER 8 2016...

CLIMATE NORMAL PERIOD 1981 TO 2010
CLIMATE RECORD PERIOD 1920 TO 2016


WEATHER ITEM   OBSERVED TIME   RECORD YEAR NORMAL DEPARTURE LAST
                VALUE   (LST)  VALUE       VALUE  FROM      YEAR
                                                  NORMAL
..................................................................
TEMPERATURE (F)
 YESTERDAY
  MAXIMUM         44   1203 AM  82    1922  56    -12       66
  MINIMUM         29   1159 PM  16    2006  37     -8       39
  AVERAGE         37                        46     -9       53

PRECIPITATION (IN)
  YESTERDAY        0.00          1.60 1926   0.20  -0.20     0.00
  MONTH TO DATE    1.50                      1.63  -0.13     0.02
  SINCE DEC 1      1.50                      1.63  -0.13     0.02
  SINCE JAN 1     48.76                     48.65   0.11    40.35

SNOWFALL (IN)
  YESTERDAY        0.0

DEGREE DAYS
 HEATING
  YESTERDAY       28                        19      9       12
  MONTH TO DATE  152                       144      8      128
  SINCE DEC 1    152                       144      8      128
  SINCE JUL 1    421                       606   -185      378

 COOLING
  YESTERDAY        0                         0      0        0
  MONTH TO DATE    0                         0      0        0
  SINCE DEC 1      0                         0      0        0
  SINCE JAN 1   2672                      2186    486     2504
..................................................................


WIND (MPH)
  HIGHEST WIND SPEED    21   HIGHEST WIND DIRECTION     N (360)
  HIGHEST GUST SPEED    26   HIGHEST GUST DIRECTION     N (350)
  AVERAGE WIND SPEED    12.2


SKY COVER
  POSSIBLE SUNSHINE  MM
  AVERAGE SKY COVER 0.4


WEATHER CONDITIONS
 THE FOLLOWING WEATHER WAS RECORDED YESTERDAY.
  NO SIGNIFICANT WEATHER WAS OBSERVED.


RELATIVE HUMIDITY (PERCENT)
 HIGHEST    78           900 PM
 LOWEST     48           300 PM
 AVERAGE    63

..........................................................


THE GREENVILLE CLIMATE NORMALS FOR TODAY
                         NORMAL    RECORD    YEAR
 MAXIMUM TEMPERATURE (F)   56        82      1943
 MINIMUM TEMPERATURE (F)   37        14      1927


SUNRISE AND SUNSET
DECEMBER  9 2016......SUNRISE   657 AM CST   SUNSET   456 PM CST
DECEMBER 10 2016......SUNRISE   658 AM CST   SUNSET   456 PM CST


-  INDICATES NEGATIVE NUMBERS.
R  INDICATES RECORD WAS SET OR TIED.
MM INDICATES DATA IS MISSING.
T  INDICATES TRACE AMOUNT.




$$
