000
CDUS44 KJAN 010926
CLIGLH


CLIMATE REPORT
NATIONAL WEATHER SERVICE JACKSON MS
419 AM CDT SAT NOV 1 2014


...................................

...THE GREENVILLE CLIMATE SUMMARY FOR OCTOBER 31 2014...

CLIMATE NORMAL PERIOD 1981 TO 2010
CLIMATE RECORD PERIOD 1920 TO 2014


WEATHER ITEM   OBSERVED TIME   RECORD YEAR NORMAL DEPARTURE LAST
                VALUE   (LST)  VALUE       VALUE  FROM      YEAR
                                                  NORMAL
..................................................................
TEMPERATURE (F)
 YESTERDAY
  MAXIMUM         65    132 PM  91    1937  71     -6       73
  MINIMUM         40   1159 PM  27    1993  48     -8       61
  AVERAGE         53                        60     -7       67

PRECIPITATION (IN)
  YESTERDAY        0.00          3.57 1941   0.09  -0.09     2.31
  MONTH TO DATE    6.04                      4.32   1.72     8.07
  SINCE SEP 1      6.81                      7.40  -0.59    15.80
  SINCE JAN 1     46.53                     41.96   4.57    44.78

SNOWFALL (IN)
  YESTERDAY        0.0

DEGREE DAYS
 HEATING
  YESTERDAY       12                         7      5        0
  MONTH TO DATE   69                       108    -39       91
  SINCE SEP 1     69                       114    -45       91
  SINCE JUL 1     69                       114    -45       91

 COOLING
  YESTERDAY        0                         1     -1        2
  MONTH TO DATE  126                        94     32      118
  SINCE SEP 1    507                       395    112      510
  SINCE JAN 1   2174                      2174      0     2237
..................................................................


WIND (MPH)
  HIGHEST WIND SPEED    28   HIGHEST WIND DIRECTION     N (10)
  HIGHEST GUST SPEED    34   HIGHEST GUST DIRECTION     N (10)
  AVERAGE WIND SPEED    14.1


SKY COVER
  POSSIBLE SUNSHINE  MM
  AVERAGE SKY COVER 0.1


WEATHER CONDITIONS
 THE FOLLOWING WEATHER WAS RECORDED YESTERDAY.
  NO SIGNIFICANT WEATHER WAS OBSERVED.


RELATIVE HUMIDITY (PERCENT)
 HIGHEST    77          1200 AM
 LOWEST     35           800 PM
 AVERAGE    56

..........................................................


THE GREENVILLE CLIMATE NORMALS FOR TODAY
                         NORMAL    RECORD    YEAR
 MAXIMUM TEMPERATURE (F)   71        87      1984
                                             1993
                                             1929
 MINIMUM TEMPERATURE (F)   48        26      1993


SUNRISE AND SUNSET
NOVEMBER  1 2014......SUNRISE   723 AM CDT   SUNSET   612 PM CDT
NOVEMBER  2 2014......SUNRISE   624 AM CST   SUNSET   511 PM CST


-  INDICATES NEGATIVE NUMBERS.
R  INDICATES RECORD WAS SET OR TIED.
MM INDICATES DATA IS MISSING.
T  INDICATES TRACE AMOUNT.




$$
