000
CDUS44 KJAN 300841
CLIGLH


CLIMATE REPORT
NATIONAL WEATHER SERVICE JACKSON MS
339 AM CDT THU MAR 30 2017


...................................

...THE GREENVILLE CLIMATE SUMMARY FOR MARCH 29 2017...

CLIMATE NORMAL PERIOD 1981 TO 2010
CLIMATE RECORD PERIOD 1920 TO 2017


WEATHER ITEM   OBSERVED TIME   RECORD YEAR NORMAL DEPARTURE LAST
                VALUE   (LST)  VALUE       VALUE  FROM      YEAR
                                                  NORMAL
..................................................................
TEMPERATURE (F)
 YESTERDAY
  MAXIMUM         82    318 PM  85    2007  69     13       75
                                      1998
                                      1933
  MINIMUM         62    932 PM  29    1955  47     15       45
  AVERAGE         72                        58     14       60

PRECIPITATION (IN)
  YESTERDAY        0.50          2.72 1975   0.19   0.31     0.00
  MONTH TO DATE    1.86                      4.17  -2.31    14.89
  SINCE MAR 1      1.86                      4.17  -2.31    14.89
  SINCE JAN 1      9.89                     14.16  -4.27    21.40

SNOWFALL (IN)
  YESTERDAY        0.0

DEGREE DAYS
 HEATING
  YESTERDAY        0                         8     -8        5
  MONTH TO DATE  231                       321    -90      186
  SINCE MAR 1    231                       321    -90      186
  SINCE JUL 1   1764                      2630   -866     1866

 COOLING
  YESTERDAY        7                         1      6        0
  MONTH TO DATE   45                        15     30       22
  SINCE MAR 1     45                        15     30       22
  SINCE JAN 1     74                        20     54       26
..................................................................


WIND (MPH)
  HIGHEST WIND SPEED    43   HIGHEST WIND DIRECTION    SW (220)
  HIGHEST GUST SPEED    57   HIGHEST GUST DIRECTION    SW (220)
  AVERAGE WIND SPEED    13.4


SKY COVER
  POSSIBLE SUNSHINE  MM
  AVERAGE SKY COVER 0.1


WEATHER CONDITIONS
 THE FOLLOWING WEATHER WAS RECORDED YESTERDAY.
  THUNDERSTORM
  HEAVY RAIN
  RAIN
  LIGHT RAIN
  FOG
  HAZE


RELATIVE HUMIDITY (PERCENT)
 HIGHEST    87           300 AM
 LOWEST     42           200 PM
 AVERAGE    65

..........................................................


THE GREENVILLE CLIMATE NORMALS FOR TODAY
                         NORMAL    RECORD    YEAR
 MAXIMUM TEMPERATURE (F)   69        89      1946
 MINIMUM TEMPERATURE (F)   47        27      1964


SUNRISE AND SUNSET
MARCH 30 2017.........SUNRISE   654 AM CDT   SUNSET   723 PM CDT
MARCH 31 2017.........SUNRISE   653 AM CDT   SUNSET   724 PM CDT


-  INDICATES NEGATIVE NUMBERS.
R  INDICATES RECORD WAS SET OR TIED.
MM INDICATES DATA IS MISSING.
T  INDICATES TRACE AMOUNT.




$$
