471
CDUS44 KJAN 212106
CLIGLH


CLIMATE REPORT
NATIONAL WEATHER SERVICE JACKSON MS
405 PM CDT SAT OCT 21 2017


...................................

...THE GREENVILLE CLIMATE SUMMARY FOR OCTOBER 21 2017...
VALID TODAY AS OF 0400 PM LOCAL TIME.

CLIMATE NORMAL PERIOD 1981 TO 2010
CLIMATE RECORD PERIOD 1903 TO 2017


WEATHER ITEM   OBSERVED TIME   RECORD YEAR NORMAL DEPARTURE LAST
                VALUE   (LST)  VALUE       VALUE  FROM      YEAR
                                                  NORMAL
..................................................................
TEMPERATURE (F)
 TODAY
  MAXIMUM         87    140 PM  90    2003  75     12       68
                                      1941
  MINIMUM         63    417 AM  29    1917  51     12       45
  AVERAGE         75                        63     12       57

PRECIPITATION (IN)
  TODAY            0.00          2.07 1984   0.15  -0.15     0.00
  MONTH TO DATE    0.42                      3.10  -2.68     0.20
  SINCE SEP 1      2.14                      6.18  -4.04     0.88
  SINCE JAN 1     31.33                     40.74  -9.41    42.77

SNOWFALL (IN)
  TODAY            0.0

DEGREE DAYS
 HEATING
  TODAY            0                         4     -4        8
  MONTH TO DATE   21                        50    -29        8
  SINCE SEP 1     24                        56    -32        8
  SINCE JUL 1     24                        56    -32        8

 COOLING
  TODAY           10                         2      8        0
  MONTH TO DATE  143                        75     68      148
  SINCE SEP 1    453                       376     77      602
  SINCE JAN 1   2196                      2155     41     2614
..................................................................


WIND (MPH)
  HIGHEST WIND SPEED    22   HIGHEST WIND DIRECTION     S (170)
  HIGHEST GUST SPEED    26   HIGHEST GUST DIRECTION     S (170)
  AVERAGE WIND SPEED    10.4


SKY COVER
  POSSIBLE SUNSHINE  MM
  AVERAGE SKY COVER 0.1


WEATHER CONDITIONS
 THE FOLLOWING WEATHER WAS RECORDED TODAY.
  NO SIGNIFICANT WEATHER WAS OBSERVED.


RELATIVE HUMIDITY (PERCENT)
 HIGHEST    84           400 AM
 LOWEST     48           200 PM
 AVERAGE    66

..........................................................


THE GREENVILLE CLIMATE NORMALS FOR TOMORROW
                         NORMAL    RECORD    YEAR
 MAXIMUM TEMPERATURE (F)   75        92      1941
                                             1939
 MINIMUM TEMPERATURE (F)   51        30      1917


SUNRISE AND SUNSET
OCTOBER 21 2017.......SUNRISE   714 AM CDT   SUNSET   623 PM CDT
OCTOBER 22 2017.......SUNRISE   714 AM CDT   SUNSET   622 PM CDT


-  INDICATES NEGATIVE NUMBERS.
R  INDICATES RECORD WAS SET OR TIED.
MM INDICATES DATA IS MISSING.
T  INDICATES TRACE AMOUNT.




$$
