000
CDUS44 KJAN 290625
CLIGLH


CLIMATE REPORT
NATIONAL WEATHER SERVICE JACKSON MS
123 AM CDT THU JUN 29 2017


...................................

...THE GREENVILLE CLIMATE SUMMARY FOR JUNE 28 2017...

CLIMATE NORMAL PERIOD 1981 TO 2010
CLIMATE RECORD PERIOD 1903 TO 2017


WEATHER ITEM   OBSERVED TIME   RECORD YEAR NORMAL DEPARTURE LAST
                VALUE   (LST)  VALUE       VALUE  FROM      YEAR
                                                  NORMAL
..................................................................
TEMPERATURE (F)
 YESTERDAY
  MAXIMUM         88    224 PM 101    2012  91     -3       91
                                      1925
  MINIMUM         65    515 AM  57    1958  71     -6       73
  AVERAGE         77                        81     -4       82

PRECIPITATION (IN)
  YESTERDAY        0.00          2.66 2000   0.16  -0.16     0.00
  MONTH TO DATE    4.39                      3.68   0.71     1.25
  SINCE JUN 1      4.39                      3.68   0.71     1.25
  SINCE JAN 1     20.77                     27.94  -7.17    29.78

SNOWFALL (IN)
  YESTERDAY        0.0

DEGREE DAYS
 HEATING
  YESTERDAY        0                         0      0        0
  MONTH TO DATE    0                         0      0        0
  SINCE JUN 1      0                         0      0        0
  SINCE JUL 1   1830                      2774   -944     1925

 COOLING
  YESTERDAY       12                        16     -4       17
  MONTH TO DATE  334                       387    -53      468
  SINCE JUN 1    334                       387    -53      468
  SINCE JAN 1    731                       709     22      810
..................................................................


WIND (MPH)
  HIGHEST WIND SPEED    13   HIGHEST WIND DIRECTION    SE (150)
  HIGHEST GUST SPEED    16   HIGHEST GUST DIRECTION    SE (150)
  AVERAGE WIND SPEED     6.0


SKY COVER
  POSSIBLE SUNSHINE  MM
  AVERAGE SKY COVER 0.1


WEATHER CONDITIONS
 THE FOLLOWING WEATHER WAS RECORDED YESTERDAY.
  NO SIGNIFICANT WEATHER WAS OBSERVED.


RELATIVE HUMIDITY (PERCENT)
 HIGHEST    93           300 AM
 LOWEST     48           100 PM
 AVERAGE    71

..........................................................


THE GREENVILLE CLIMATE NORMALS FOR TODAY
                         NORMAL    RECORD    YEAR
 MAXIMUM TEMPERATURE (F)   91       104      1954
 MINIMUM TEMPERATURE (F)   71        57      1926


SUNRISE AND SUNSET
JUNE 29 2017..........SUNRISE   557 AM CDT   SUNSET   818 PM CDT
JUNE 30 2017..........SUNRISE   557 AM CDT   SUNSET   818 PM CDT


-  INDICATES NEGATIVE NUMBERS.
R  INDICATES RECORD WAS SET OR TIED.
MM INDICATES DATA IS MISSING.
T  INDICATES TRACE AMOUNT.




$$
