000
CDUS44 KJAN 172239
CLIGLH


CLIMATE REPORT
NATIONAL WEATHER SERVICE JACKSON MS
435 PM CST WED JAN 17 2018


...................................

...THE GREENVILLE CLIMATE SUMMARY FOR JANUARY 17 2018...
VALID TODAY AS OF 0400 PM LOCAL TIME.

CLIMATE NORMAL PERIOD 1981 TO 2010
CLIMATE RECORD PERIOD 1903 TO 2018


WEATHER ITEM   OBSERVED TIME   RECORD YEAR NORMAL DEPARTURE LAST
                VALUE   (LST)  VALUE       VALUE  FROM      YEAR
                                                  NORMAL
..................................................................
TEMPERATURE (F)
 TODAY
  MAXIMUM         25    343 PM  75    1943  52    -27       67
                                      1937
                                      1936
  MINIMUM          9    702 AM   4    1948  32    -23       53
  AVERAGE         17                        42    -25       60

PRECIPITATION (IN)
  TODAY            0.00          1.60 1990   0.17  -0.17     0.52
                                      1987
  MONTH TO DATE    1.28                      2.55  -1.27     1.61
  SINCE DEC 1      6.14                      8.17  -2.03     4.47
  SINCE JAN 1      1.28                      2.55  -1.27     1.61

SNOWFALL (IN)
  TODAY            0.0

DEGREE DAYS
 HEATING
  TODAY           48                        23     25        5
  MONTH TO DATE  532                       388    144      260
  SINCE DEC 1   1151                      1010    141      814
  SINCE JUL 1   1565                      1472     93     1083

 COOLING
  TODAY            0                         0      0        0
  MONTH TO DATE    0                         0      0       11
  SINCE DEC 1      4                         3      1       23
  SINCE JAN 1      0                         0      0       11
..................................................................


WIND (MPH)
  HIGHEST WIND SPEED    16   HIGHEST WIND DIRECTION     N (360)
  HIGHEST GUST SPEED    19   HIGHEST GUST DIRECTION     N (360)
  AVERAGE WIND SPEED     8.1


SKY COVER
  POSSIBLE SUNSHINE  MM
  AVERAGE SKY COVER 0.0


WEATHER CONDITIONS
 THE FOLLOWING WEATHER WAS RECORDED TODAY.
  NO SIGNIFICANT WEATHER WAS OBSERVED.


RELATIVE HUMIDITY (PERCENT)
 HIGHEST    80          1200 AM
 LOWEST     60           400 PM
 AVERAGE    70

..........................................................


THE GREENVILLE CLIMATE NORMALS FOR TOMORROW
                         NORMAL    RECORD    YEAR
 MAXIMUM TEMPERATURE (F)   52        77      1950
                                             1907
 MINIMUM TEMPERATURE (F)   32         5      1930


SUNRISE AND SUNSET
JANUARY 17 2018.......SUNRISE   707 AM CST   SUNSET   521 PM CST
JANUARY 18 2018.......SUNRISE   707 AM CST   SUNSET   522 PM CST


-  INDICATES NEGATIVE NUMBERS.
R  INDICATES RECORD WAS SET OR TIED.
MM INDICATES DATA IS MISSING.
T  INDICATES TRACE AMOUNT.




$$
