000
CDUS44 KHGX 160823
CLIGLS


CLIMATE REPORT
NATIONAL WEATHER SERVICE HOUSTON/GALVESTON TX
221 AM CST TUE JAN 16 2018


...................................

...THE GALVESTON CLIMATE SUMMARY FOR JANUARY 15 2018...

CLIMATE NORMAL PERIOD 1981 TO 2010
CLIMATE RECORD PERIOD 1875 TO 2018


WEATHER ITEM   OBSERVED TIME   RECORD YEAR NORMAL DEPARTURE LAST
                VALUE   (LST)  VALUE       VALUE  FROM      YEAR
                                                  NORMAL
..................................................................
TEMPERATURE (F)
 YESTERDAY
  MAXIMUM         65   1211 PM  75    2017  62      3       75
  MINIMUM         49    622 AM  24    1888  48      1       65
  AVERAGE         57                        55      2       70

PRECIPITATION (IN)
  YESTERDAY        0.00          3.28 1929   0.14  -0.14     0.00
  MONTH TO DATE    0.52                      1.98  -1.46     0.46
  SINCE DEC 1      7.66                      5.50   2.16    11.54
  SINCE JAN 1      0.52                      1.98  -1.46     0.46

SNOWFALL (IN)
  YESTERDAY        0.0           T    1888  MM     MM        0.0
  MONTH TO DATE    T                         0.0    0.0      0.0
  SINCE DEC 1      T                         0.0    0.0      0.0
  SINCE JUL 1      T                         0.0    0.0      0.0
  SNOW DEPTH       0

DEGREE DAYS
 HEATING
  YESTERDAY        8                        10     -2        0
  MONTH TO DATE  228                       150     78       92
  SINCE DEC 1    483                       407     76      227
  SINCE JUL 1    526                       510     16      239

 COOLING
  YESTERDAY        0                         0      0        5
  MONTH TO DATE    0                         0      0       33
  SINCE DEC 1     26                        19      7      111
  SINCE JAN 1      0                         0      0       33
..................................................................


WIND (MPH)
  RESULTANT WIND SPEED  10   RESULTANT WIND DIRECTION   E (110)
  HIGHEST WIND SPEED    16   HIGHEST WIND DIRECTION     E (100)
  HIGHEST GUST SPEED    20   HIGHEST GUST DIRECTION     E (100)
  AVERAGE WIND SPEED    10.5


SKY COVER
  AVERAGE SKY COVER 0.2


WEATHER CONDITIONS
 THE FOLLOWING WEATHER WAS RECORDED YESTERDAY.
  NO SIGNIFICANT WEATHER WAS OBSERVED.


RELATIVE HUMIDITY (PERCENT)
 HIGHEST    93
 LOWEST     60
 AVERAGE    77

..........................................................


THE GALVESTON CLIMATE NORMALS FOR TODAY
                         NORMAL    RECORD    YEAR
 MAXIMUM TEMPERATURE (F)   62        76      2017
 MINIMUM TEMPERATURE (F)   48        23      1888


SUNRISE AND SUNSET
JANUARY 16 2018.......SUNRISE   714 AM CST   SUNSET   544 PM CST
JANUARY 17 2018.......SUNRISE   714 AM CST   SUNSET   545 PM CST


-  INDICATES NEGATIVE NUMBERS.
R  INDICATES RECORD WAS SET OR TIED.
MM INDICATES DATA IS MISSING.
T  INDICATES TRACE AMOUNT.




$$
