000
CDUS44 KHGX 272235
CLIGLS


CLIMATE REPORT
NATIONAL WEATHER SERVICE HOUSTON/GALVESTON TX
432 PM CST FRI FEB 27 2015


...................................

...THE GALVESTON CLIMATE SUMMARY FOR FEBRUARY 27 2015...
VALID TODAY AS OF 400 PM LOCAL TIME.

CLIMATE NORMAL PERIOD 1981 TO 2010
CLIMATE RECORD PERIOD 1875 TO 2015


WEATHER ITEM   OBSERVED TIME   RECORD YEAR NORMAL DEPARTURE LAST
                VALUE   (LST)  VALUE       VALUE  FROM      YEAR
                                                  NORMAL
..................................................................
TEMPERATURE (F)
 TODAY
  MAXIMUM         45    359 PM  80    1956  67    -22       51
  MINIMUM         40    659 AM  32    2002  53    -13       41
  AVERAGE         43                        60    -17       46

PRECIPITATION (IN)
  TODAY            0.00          3.74 1910   0.09  -0.09     0.00
  MONTH TO DATE    0.68                      2.48  -1.80     1.69
  SINCE DEC 1      9.99                     10.20  -0.21     3.70
  SINCE JAN 1      6.12                      6.68  -0.56     3.05

SNOWFALL (IN)
  TODAY            0.0          MM      MM  MM     MM        0.0
  MONTH TO DATE    0.0                      MM     MM        0.0
  SINCE DEC 1      0.0                      MM     MM         T
  SINCE JUL 1      0.0                      MM     MM         T
  SNOW DEPTH       0

DEGREE DAYS
 HEATING
  TODAY           22                         6     16       19
  MONTH TO DATE  282                       212     70      288
  SINCE DEC 1    900                       778    122     1054
  SINCE JUL 1   1051                       881    170     1232

 COOLING
  TODAY            0                         1     -1        0
  MONTH TO DATE    6                         7     -1        7
  SINCE DEC 1     27                        31     -4       20
  SINCE JAN 1      6                        12     -6        7
..................................................................


WIND (MPH)
  RESULTANT WIND SPEED  17   RESULTANT WIND DIRECTION  NE (30)
  HIGHEST WIND SPEED    25   HIGHEST WIND DIRECTION     N (20)
  HIGHEST GUST SPEED    31   HIGHEST GUST DIRECTION     N (20)
  AVERAGE WIND SPEED    17.3


SKY COVER
  AVERAGE SKY COVER 1.0


WEATHER CONDITIONS
 THE FOLLOWING WEATHER WAS RECORDED TODAY.
  NO SIGNIFICANT WEATHER WAS OBSERVED.


RELATIVE HUMIDITY (PERCENT)
 HIGHEST    85           600 AM
 LOWEST     76           800 AM
 AVERAGE    81

..........................................................


THE GALVESTON CLIMATE NORMALS FOR TOMORROW
                         NORMAL    RECORD    YEAR
 MAXIMUM TEMPERATURE (F)   67        83      1932
 MINIMUM TEMPERATURE (F)   53        34      1890


SUNRISE AND SUNSET
FEBRUARY 27 2015......SUNRISE   647 AM CST   SUNSET   618 PM CST
FEBRUARY 28 2015......SUNRISE   646 AM CST   SUNSET   618 PM CST


-  INDICATES NEGATIVE NUMBERS.
R  INDICATES RECORD WAS SET OR TIED.
MM INDICATES DATA IS MISSING.
T  INDICATES TRACE AMOUNT.


$$
