000
CDUS44 KHGX 252117
CLIGLS


CLIMATE REPORT
NATIONAL WEATHER SERVICE HOUSTON/GALVESTON TX
416 PM CDT FRI JUL 25 2014


...................................

...THE GALVESTON CLIMATE SUMMARY FOR JULY 25 2014...
VALID TODAY AS OF 400 PM LOCAL TIME.

CLIMATE NORMAL PERIOD 1981 TO 2010
CLIMATE RECORD PERIOD 1875 TO 2014


WEATHER ITEM   OBSERVED TIME   RECORD YEAR NORMAL DEPARTURE LAST
                VALUE   (LST)  VALUE       VALUE  FROM      YEAR
                                                  NORMAL
..................................................................
TEMPERATURE (F)
 TODAY
  MAXIMUM         92    123 PM  95    1924  90      2       93
  MINIMUM         81    752 AM  67    1887  80      1       79
  AVERAGE         87                        85      2       86

PRECIPITATION (IN)
  TODAY            T            10.93 1979   0.09  -0.09     0.00
  MONTH TO DATE    1.08                      3.29  -2.21     2.40
  SINCE JUN 1      2.61                      8.98  -6.37     5.66
  SINCE JAN 1     11.30                     26.28 -14.98    20.38

SNOWFALL (IN)
  TODAY            0.0          MM      MM  MM     MM        0.0
  MONTH TO DATE    0.0                      MM     MM        0.0
  SINCE JUN 1      0.0                      MM     MM        0.0
  SINCE JUL 1      0.0                      MM     MM        0.0
  SNOW DEPTH       0

DEGREE DAYS
 HEATING
  TODAY            0                         0      0        0
  MONTH TO DATE    0                         0      0        0
  SINCE JUN 1      0                         0      0        0
  SINCE JUL 1      0                         0      0        0

 COOLING
  TODAY           22                        20      2       21
  MONTH TO DATE  491                       484      7      498
  SINCE JUN 1   1049                      1019     30     1092
  SINCE JAN 1   1557                      1654    -97     1643
..................................................................


WIND (MPH)
  RESULTANT WIND SPEED   4   RESULTANT WIND DIRECTION  SW (220)
  HIGHEST WIND SPEED    15   HIGHEST WIND DIRECTION     S (160)
  HIGHEST GUST SPEED    18   HIGHEST GUST DIRECTION     S (160)
  AVERAGE WIND SPEED     6.7


SKY COVER
  AVERAGE SKY COVER 0.2


WEATHER CONDITIONS
 THE FOLLOWING WEATHER WAS RECORDED TODAY.
  LIGHT RAIN


RELATIVE HUMIDITY (PERCENT)
 HIGHEST    94           500 AM
 LOWEST     50          1200 PM
 AVERAGE    72

..........................................................


THE GALVESTON CLIMATE NORMALS FOR TOMORROW
                         NORMAL    RECORD    YEAR
 MAXIMUM TEMPERATURE (F)   90        94      1875
 MINIMUM TEMPERATURE (F)   80        67      1903


SUNRISE AND SUNSET
JULY 25 2014..........SUNRISE   636 AM CDT   SUNSET   816 PM CDT
JULY 26 2014..........SUNRISE   636 AM CDT   SUNSET   815 PM CDT


-  INDICATES NEGATIVE NUMBERS.
R  INDICATES RECORD WAS SET OR TIED.
MM INDICATES DATA IS MISSING.
T  INDICATES TRACE AMOUNT.




$$
