000
CDUS44 KHGX 102231
CLIGLS


CLIMATE REPORT
NATIONAL WEATHER SERVICE HOUSTON/GALVESTON TX
430 PM CST WED FEB 10 2016


...................................

...THE GALVESTON CLIMATE SUMMARY FOR FEBRUARY 10 2016...
VALID TODAY AS OF 400 PM LOCAL TIME.

CLIMATE NORMAL PERIOD 1981 TO 2010
CLIMATE RECORD PERIOD 1875 TO 2016


WEATHER ITEM   OBSERVED TIME   RECORD YEAR NORMAL DEPARTURE LAST
                VALUE   (LST)  VALUE       VALUE  FROM      YEAR
                                                  NORMAL
..................................................................
TEMPERATURE (F)
 TODAY
  MAXIMUM         59    330 PM  76    1999  63     -4       63
                                      1981
  MINIMUM         45    715 AM  27    1929  50     -5       53
  AVERAGE         52                        57     -5       58

PRECIPITATION (IN)
  TODAY            0.00          2.41 1903   0.09  -0.09     0.00
  MONTH TO DATE    0.03                      0.89  -0.86     0.44
  SINCE DEC 1      6.59                      8.61  -2.02     9.75
  SINCE JAN 1      3.10                      5.09  -1.99     5.88

SNOWFALL (IN)
  TODAY            0.0           0.0  2002  MM     MM        0.0
  MONTH TO DATE    0.0                      MM     MM        0.0
  SINCE DEC 1      0.0                      MM     MM        0.0
  SINCE JUL 1      0.0                      MM     MM        0.0
  SNOW DEPTH       0

DEGREE DAYS
 HEATING
  TODAY           13                         9      4        7
  MONTH TO DATE  100                        90     10       93
  SINCE DEC 1    590                       656    -66      711
  SINCE JUL 1    643                       759   -116      862

 COOLING
  TODAY            0                         0      0        0
  MONTH TO DATE    1                         0      1        4
  SINCE DEC 1     52                        24     28       25
  SINCE JAN 1      2                         5     -3        4
..................................................................


WIND (MPH)
  RESULTANT WIND SPEED   3   RESULTANT WIND DIRECTION  NE (60)
  HIGHEST WIND SPEED    15   HIGHEST WIND DIRECTION     S (170)
  HIGHEST GUST SPEED    17   HIGHEST GUST DIRECTION     S (170)
  AVERAGE WIND SPEED     8.7


SKY COVER
  AVERAGE SKY COVER 0.0


WEATHER CONDITIONS
 THE FOLLOWING WEATHER WAS RECORDED TODAY.
  NO SIGNIFICANT WEATHER WAS OBSERVED.


RELATIVE HUMIDITY (PERCENT)
 HIGHEST    77           200 AM
 LOWEST     36          1000 AM
 AVERAGE    57

..........................................................


THE GALVESTON CLIMATE NORMALS FOR TOMORROW
                         NORMAL    RECORD    YEAR
 MAXIMUM TEMPERATURE (F)   64        77      1999
 MINIMUM TEMPERATURE (F)   50        24      1981


SUNRISE AND SUNSET
FEBRUARY 10 2016......SUNRISE   703 AM CST   SUNSET   605 PM CST
FEBRUARY 11 2016......SUNRISE   702 AM CST   SUNSET   606 PM CST


-  INDICATES NEGATIVE NUMBERS.
R  INDICATES RECORD WAS SET OR TIED.
MM INDICATES DATA IS MISSING.
T  INDICATES TRACE AMOUNT.


$$
