000
CDUS44 KHGX 232227
CLIGLS


CLIMATE REPORT
NATIONAL WEATHER SERVICE HOUSTON/GALVESTON TX
426 PM CST SUN NOV 23 2014


...................................

...THE GALVESTON CLIMATE SUMMARY FOR NOVEMBER 23 2014...
VALID TODAY AS OF 400 PM LOCAL TIME.

CLIMATE NORMAL PERIOD 1981 TO 2010
CLIMATE RECORD PERIOD 1875 TO 2014


WEATHER ITEM   OBSERVED TIME   RECORD YEAR NORMAL DEPARTURE LAST
                VALUE   (LST)  VALUE       VALUE  FROM      YEAR
                                                  NORMAL
..................................................................
TEMPERATURE (F)
 TODAY
  MAXIMUM         71   1134 AM  79    2004  69      2       53
                                      1995
                                      1955
  MINIMUM         61    509 AM  35    1929  56      5       48
  AVERAGE         66                        63      3       51

PRECIPITATION (IN)
  TODAY            0.33          1.72 1971   0.13   0.20     0.09
                                      1936
  MONTH TO DATE    3.91                      3.47   0.44     0.61
  SINCE SEP 1     11.77                     15.02  -3.25    12.52
  SINCE JAN 1     28.02                     46.20 -18.18    36.75

SNOWFALL (IN)
  TODAY            0.0           0.0  2002  MM     MM       MM
                                      2001
  MONTH TO DATE    0.0                      MM     MM        0.0
  SINCE SEP 1      0.0                      MM     MM        0.0
  SINCE JUL 1      0.0                      MM     MM        0.0
  SNOW DEPTH       0

DEGREE DAYS
 HEATING
  TODAY            0                         4     -4       14
  MONTH TO DATE  127                        56     71       62
  SINCE SEP 1    127                        65     62       62
  SINCE JUL 1    127                        65     62       62

 COOLING
  TODAY            1                         2     -1        0
  MONTH TO DATE   45                        86    -41       66
  SINCE SEP 1    903                       884     19      917
  SINCE JAN 1   3230                      3278    -48     3311
..................................................................


WIND (MPH)
  RESULTANT WIND SPEED  14   RESULTANT WIND DIRECTION  SW (210)
  HIGHEST WIND SPEED    23   HIGHEST WIND DIRECTION     S (200)
  HIGHEST GUST SPEED    30   HIGHEST GUST DIRECTION     S (200)
  AVERAGE WIND SPEED    15.0


SKY COVER
  AVERAGE SKY COVER 0.0


WEATHER CONDITIONS
 THE FOLLOWING WEATHER WAS RECORDED TODAY.
  THUNDERSTORM
  HEAVY RAIN
  RAIN
  LIGHT RAIN
  FOG


RELATIVE HUMIDITY (PERCENT)
 HIGHEST    93           300 AM
 LOWEST     73          1100 AM
 AVERAGE    83

..........................................................


THE GALVESTON CLIMATE NORMALS FOR TOMORROW
                         NORMAL    RECORD    YEAR
 MAXIMUM TEMPERATURE (F)   69        82      1967
 MINIMUM TEMPERATURE (F)   56        33      1970


SUNRISE AND SUNSET
NOVEMBER 23 2014......SUNRISE   650 AM CST   SUNSET   522 PM CST
NOVEMBER 24 2014......SUNRISE   651 AM CST   SUNSET   522 PM CST


-  INDICATES NEGATIVE NUMBERS.
R  INDICATES RECORD WAS SET OR TIED.
MM INDICATES DATA IS MISSING.
T  INDICATES TRACE AMOUNT.

$$
