000
CDUS44 KHGX 162217
CLIGLS


CLIMATE REPORT
NATIONAL WEATHER SERVICE HOUSTON/GALVESTON TX
417 PM CST MON JAN 16 2017


...................................

...THE GALVESTON CLIMATE SUMMARY FOR JANUARY 16 2017...
VALID TODAY AS OF 400 PM LOCAL TIME.

CLIMATE NORMAL PERIOD 1981 TO 2010
CLIMATE RECORD PERIOD 1875 TO 2017


WEATHER ITEM   OBSERVED TIME   RECORD YEAR NORMAL DEPARTURE LAST
                VALUE   (LST)  VALUE       VALUE  FROM      YEAR
                                                  NORMAL
..................................................................
TEMPERATURE (F)
 TODAY
  MAXIMUM         76R   243 PM  73    2000  62     14       60
                                      1950
                                      1907
  MINIMUM         67    450 AM  23    1888  48     19       47
  AVERAGE         72                        55     17       54

PRECIPITATION (IN)
  TODAY            0.00          2.31 2001   0.14  -0.14     0.60
  MONTH TO DATE    0.46                      2.12  -1.66     1.60
  SINCE DEC 1     11.54                      5.64   5.90     5.09
  SINCE JAN 1      0.46                      2.12  -1.66     1.60

SNOWFALL (IN)
  TODAY            0.0           0.0  2002  MM     MM       MM
  MONTH TO DATE    0.0                       0.0    0.0      0.0
  SINCE DEC 1      0.0                       0.0    0.0      0.0
  SINCE JUL 1      0.0                       0.0    0.0      0.0
  SNOW DEPTH       0

DEGREE DAYS
 HEATING
  TODAY            0                        10    -10       11
  MONTH TO DATE   92                       160    -68      185
  SINCE DEC 1    227                       417   -190      345
  SINCE JUL 1    239                       520   -281      398

 COOLING
  TODAY            7                         0      7        0
  MONTH TO DATE   40                         0     40        0
  SINCE DEC 1    118                        19     99       50
  SINCE JAN 1     40                         0     40        0
..................................................................


WIND (MPH)
  RESULTANT WIND SPEED  12   RESULTANT WIND DIRECTION  SE (150)
  HIGHEST WIND SPEED    18   HIGHEST WIND DIRECTION     S (160)
  HIGHEST GUST SPEED    24   HIGHEST GUST DIRECTION    SE (140)
  AVERAGE WIND SPEED    12.7


SKY COVER
  AVERAGE SKY COVER 0.1


WEATHER CONDITIONS
 THE FOLLOWING WEATHER WAS RECORDED TODAY.
  FOG


RELATIVE HUMIDITY (PERCENT)
 HIGHEST    97           800 AM
 LOWEST     79          1100 AM
 AVERAGE    88

..........................................................


THE GALVESTON CLIMATE NORMALS FOR TOMORROW
                         NORMAL    RECORD    YEAR
 MAXIMUM TEMPERATURE (F)   62        75      1935
 MINIMUM TEMPERATURE (F)   48        23      1885


SUNRISE AND SUNSET
JANUARY 16 2017.......SUNRISE   714 AM CST   SUNSET   545 PM CST
JANUARY 17 2017.......SUNRISE   714 AM CST   SUNSET   545 PM CST


-  INDICATES NEGATIVE NUMBERS.
R  INDICATES RECORD WAS SET OR TIED.
MM INDICATES DATA IS MISSING.
T  INDICATES TRACE AMOUNT.




$$
