000
CDUS42 KJAX 160547
CLIGNV


CLIMATE REPORT
NATIONAL WEATHER SERVICE JACKSONVILLE FL
1247 AM EST MON JAN 16 2017


...................................

...THE GAINESVILLE CLIMATE SUMMARY FOR JANUARY 15 2017...

CLIMATE NORMAL PERIOD 1981 TO 2010
CLIMATE RECORD PERIOD 1890 TO 2017


WEATHER ITEM   OBSERVED TIME   RECORD YEAR NORMAL DEPARTURE LAST
                VALUE   (LST)  VALUE       VALUE  FROM      YEAR
                                                  NORMAL
..................................................................
TEMPERATURE (F)
 YESTERDAY
  MAXIMUM         79    346 PM  83    1989  66     13       75
  MINIMUM         50    728 AM  20    1948  42      8       50
  AVERAGE         65                        54     11       63

PRECIPITATION (IN)
  YESTERDAY        0.00          1.28 1921   0.11  -0.11     0.38
  MONTH TO DATE    1.02                      1.42  -0.40     1.16
  SINCE DEC 1      3.71                      3.90  -0.19     3.13
  SINCE JAN 1      1.02                      1.42  -0.40     1.16

SNOWFALL (IN)
  YESTERDAY        0.0           0.0    MM   0.0    0.0      0.0
  MONTH TO DATE    0.0                       0.0    0.0      0.0
  SINCE DEC 1      0.0                       0.0    0.0      0.0
  SINCE JUL 1      0.0                       0.0    0.0      0.0
  SNOW DEPTH       0

DEGREE DAYS
 HEATING
  YESTERDAY        0                        11    -11        2
  MONTH TO DATE   91                       173    -82      170
  SINCE DEC 1    229                       469   -240      242
  SINCE JUL 1    335                       630   -295      281

 COOLING
  YESTERDAY        0                         0      0        0
  MONTH TO DATE   16                         0     16        2
  SINCE DEC 1     92                        22     70      148
  SINCE JAN 1     16                         0     16        2
..................................................................


WIND (MPH)
  HIGHEST WIND SPEED    12   HIGHEST WIND DIRECTION    SE (150)
  HIGHEST GUST SPEED    14   HIGHEST GUST DIRECTION    SE (150)
  AVERAGE WIND SPEED     3.7


SKY COVER
  POSSIBLE SUNSHINE  MM
  AVERAGE SKY COVER 0.6


WEATHER CONDITIONS
 THE FOLLOWING WEATHER WAS RECORDED YESTERDAY.
  FOG
  FOG W/VISIBILITY <= 1/4 MILE


RELATIVE HUMIDITY (PERCENT)
 HIGHEST   100           100 AM
 LOWEST     39           100 PM
 AVERAGE    70

..........................................................


THE GAINESVILLE CLIMATE NORMALS FOR TODAY
                         NORMAL    RECORD    YEAR
 MAXIMUM TEMPERATURE (F)   66        84      1950
                                             1947
                                             1928
 MINIMUM TEMPERATURE (F)   42        20      1927


SUNRISE AND SUNSET
JANUARY 16 2017.......SUNRISE   725 AM EST   SUNSET   553 PM EST
JANUARY 17 2017.......SUNRISE   725 AM EST   SUNSET   554 PM EST


-  INDICATES NEGATIVE NUMBERS.
R  INDICATES RECORD WAS SET OR TIED.
MM INDICATES DATA IS MISSING.
T  INDICATES TRACE AMOUNT.




$$
