000
CDUS42 KJAX 260526
CLIGNV


CLIMATE REPORT
NATIONAL WEATHER SERVICE JACKSONVILLE FL
126 AM EDT MON JUN 26 2017


...................................

...THE GAINESVILLE CLIMATE SUMMARY FOR JUNE 25 2017...

CLIMATE NORMAL PERIOD 1981 TO 2010
CLIMATE RECORD PERIOD 1890 TO 2017


WEATHER ITEM   OBSERVED TIME   RECORD YEAR NORMAL DEPARTURE LAST
                VALUE   (LST)  VALUE       VALUE  FROM      YEAR
                                                  NORMAL
..................................................................
TEMPERATURE (F)
 YESTERDAY
  MAXIMUM         91    202 PM 102    1950  90      1       96
                                      1897
  MINIMUM         72    554 AM  60    1985  71      1       72
  AVERAGE         82                        80      2       84

PRECIPITATION (IN)
  YESTERDAY        T             4.15 1972   0.27  -0.27     0.00
  MONTH TO DATE   14.38                      5.76   8.62     8.06
  SINCE JUN 1     14.38                      5.76   8.62     8.06
  SINCE JAN 1     24.08                     21.75   2.33    23.00

SNOWFALL (IN)
  YESTERDAY        0.0           0.0    MM   0.0    0.0      0.0
  MONTH TO DATE    0.0                       0.0    0.0      0.0
  SINCE JUN 1      0.0                       0.0    0.0      0.0
  SINCE JUL 1      0.0                       0.0    0.0      0.0
  SNOW DEPTH       0

DEGREE DAYS
 HEATING
  YESTERDAY        0                         0      0        0
  MONTH TO DATE    0                         0      0        0
  SINCE JUN 1      0                         0      0        0
  SINCE JUL 1    646                      1218   -572      852

 COOLING
  YESTERDAY       17                        15      2       19
  MONTH TO DATE  348                       359    -11      416
  SINCE JUN 1    348                       359    -11      416
  SINCE JAN 1   1031                       869    162     1021
..................................................................


WIND (MPH)
  HIGHEST WIND SPEED    18   HIGHEST WIND DIRECTION    NW (310)
  HIGHEST GUST SPEED    23   HIGHEST GUST DIRECTION    NW (310)
  AVERAGE WIND SPEED     4.2


SKY COVER
  POSSIBLE SUNSHINE  MM
  AVERAGE SKY COVER 0.2


WEATHER CONDITIONS
 THE FOLLOWING WEATHER WAS RECORDED YESTERDAY.
  THUNDERSTORM
  LIGHT RAIN


RELATIVE HUMIDITY (PERCENT)
 HIGHEST   100           600 AM
 LOWEST     56          1200 PM
 AVERAGE    78

..........................................................


THE GAINESVILLE CLIMATE NORMALS FOR TODAY
                         NORMAL    RECORD    YEAR
 MAXIMUM TEMPERATURE (F)   90       103      1950
 MINIMUM TEMPERATURE (F)   71        59      1966


SUNRISE AND SUNSET
JUNE 26 2017..........SUNRISE   631 AM EDT   SUNSET   833 PM EDT
JUNE 27 2017..........SUNRISE   631 AM EDT   SUNSET   833 PM EDT


-  INDICATES NEGATIVE NUMBERS.
R  INDICATES RECORD WAS SET OR TIED.
MM INDICATES DATA IS MISSING.
T  INDICATES TRACE AMOUNT.




$$
