000
CDUS42 KJAX 020532
CLIGNV


CLIMATE REPORT
NATIONAL WEATHER SERVICE JACKSONVILLE FL
130 AM EDT SUN AUG 2 2015


...................................

...THE GAINESVILLE CLIMATE SUMMARY FOR AUGUST 1 2015...

CLIMATE NORMAL PERIOD 1981 TO 2010
CLIMATE RECORD PERIOD 1890 TO 2015


WEATHER ITEM   OBSERVED TIME   RECORD YEAR NORMAL DEPARTURE LAST
                VALUE   (LST)  VALUE       VALUE  FROM      YEAR
                                                  NORMAL
..................................................................
TEMPERATURE (F)
 YESTERDAY
  MAXIMUM         80    440 PM 100    1896  91    -11       91
  MINIMUM         74   1251 PM  66    1966  72      2       72
  AVERAGE         77                        81     -4       82

PRECIPITATION (IN)
  YESTERDAY        1.57          3.56 1968   0.20   1.37     0.00
  MONTH TO DATE    1.57                      0.20   1.37     0.00
  SINCE JUN 1     13.27                     13.39  -0.12    11.31
  SINCE JAN 1     25.46                     29.38  -3.92    31.85

SNOWFALL (IN)
  YESTERDAY        0.0           0.0    MM   0.0    0.0      0.0
  MONTH TO DATE    0.0                       0.0    0.0      0.0
  SINCE JUN 1      0.0                       0.0    0.0      0.0
  SINCE JUL 1      0.0                       0.0    0.0      0.0
  SNOW DEPTH       0

DEGREE DAYS
 HEATING
  YESTERDAY        0                         0      0        0
  MONTH TO DATE    0                         0      0        0
  SINCE JUN 1      0                         0      0        0
  SINCE JUL 1      0                         0      0        0

 COOLING
  YESTERDAY       12                        16     -4       17
  MONTH TO DATE   12                        16     -4       17
  SINCE JUN 1   1041                       957     84      937
  SINCE JAN 1   1777                      1467    310     1438
..................................................................


WIND (MPH)
  HIGHEST WIND SPEED    15   HIGHEST WIND DIRECTION     W (260)
  HIGHEST GUST SPEED    21   HIGHEST GUST DIRECTION    SW (210)
  AVERAGE WIND SPEED     7.9


SKY COVER
  POSSIBLE SUNSHINE  MM
  AVERAGE SKY COVER 0.8


WEATHER CONDITIONS
 THE FOLLOWING WEATHER WAS RECORDED YESTERDAY.
  HEAVY RAIN
  RAIN
  LIGHT RAIN
  FOG


RELATIVE HUMIDITY (PERCENT)
 HIGHEST   100          1200 PM
 LOWEST     85           900 AM
 AVERAGE    93

..........................................................


THE GAINESVILLE CLIMATE NORMALS FOR TODAY
                         NORMAL    RECORD    YEAR
 MAXIMUM TEMPERATURE (F)   91        99      1999
 MINIMUM TEMPERATURE (F)   72        68      1978
                                             1971
                                             1966


SUNRISE AND SUNSET
AUGUST  2 2015........SUNRISE   649 AM EDT   SUNSET   821 PM EDT
AUGUST  3 2015........SUNRISE   650 AM EDT   SUNSET   820 PM EDT


-  INDICATES NEGATIVE NUMBERS.
R  INDICATES RECORD WAS SET OR TIED.
MM INDICATES DATA IS MISSING.
T  INDICATES TRACE AMOUNT.




$$
