000
CDUS42 KJAX 142228
CLIGNV


CLIMATE REPORT
NATIONAL WEATHER SERVICE JACKSONVILLE FL
527 PM EST THU DEC 14 2017


...................................

...THE GAINESVILLE CLIMATE SUMMARY FOR DECEMBER 14 2017...
VALID TODAY AS OF 0500 PM LOCAL TIME.

CLIMATE NORMAL PERIOD 1981 TO 2010
CLIMATE RECORD PERIOD 1890 TO 2017


WEATHER ITEM   OBSERVED TIME   RECORD YEAR NORMAL DEPARTURE LAST
                VALUE   (LST)  VALUE       VALUE  FROM      YEAR
                                                  NORMAL
..................................................................
TEMPERATURE (F)
 TODAY
  MAXIMUM         69    324 PM  84    1967  68      1       79
                                      1931
  MINIMUM         37    216 AM  19    1962  45     -8       63
  AVERAGE         53                        56     -3       71

PRECIPITATION (IN)
  TODAY            0.00          2.23 1953   0.07  -0.07      T
  MONTH TO DATE    2.62                      1.05   1.57     1.64
  SINCE DEC 1      2.62                      1.05   1.57     1.64
  SINCE JAN 1     71.28                     45.98  25.30    41.00

SNOWFALL (IN)
  TODAY            0.0           0.0    MM   0.0    0.0      0.0
  MONTH TO DATE    0.0                       0.0    0.0      0.0
  SINCE DEC 1      0.0                       0.0    0.0      0.0
  SINCE JUL 1      0.0                       0.0    0.0      0.0
  SNOW DEPTH       0

DEGREE DAYS
 HEATING
  TODAY           12                         9      3        0
  MONTH TO DATE  134                       115     19       56
  SINCE DEC 1    134                       115     19       56
  SINCE JUL 1    268                       276     -8      162

 COOLING
  TODAY            0                         1     -1        6
  MONTH TO DATE    7                        14     -7       32
  SINCE DEC 1      7                        14     -7       32
  SINCE JAN 1   2895                      2630    265     3066
..................................................................


WIND (MPH)
  HIGHEST WIND SPEED    14   HIGHEST WIND DIRECTION     W (250)
  HIGHEST GUST SPEED    17   HIGHEST GUST DIRECTION     W (250)
  AVERAGE WIND SPEED     3.1


SKY COVER
  POSSIBLE SUNSHINE  MM
  AVERAGE SKY COVER 0.1


WEATHER CONDITIONS
 THE FOLLOWING WEATHER WAS RECORDED TODAY.
  NO SIGNIFICANT WEATHER WAS OBSERVED.


RELATIVE HUMIDITY (PERCENT)
 HIGHEST   100           600 AM
 LOWEST     51           200 PM
 AVERAGE    76

..........................................................


THE GAINESVILLE CLIMATE NORMALS FOR TOMORROW
                         NORMAL    RECORD    YEAR
 MAXIMUM TEMPERATURE (F)   68        85      1971
                                             1948
 MINIMUM TEMPERATURE (F)   44        22      2010


SUNRISE AND SUNSET
DECEMBER 14 2017......SUNRISE   716 AM EST   SUNSET   532 PM EST
DECEMBER 15 2017......SUNRISE   717 AM EST   SUNSET   532 PM EST


-  INDICATES NEGATIVE NUMBERS.
R  INDICATES RECORD WAS SET OR TIED.
MM INDICATES DATA IS MISSING.
T  INDICATES TRACE AMOUNT.




$$
