000
CDUS45 KMSO 230742
CLIGPI


CLIMATE REPORT
NATIONAL WEATHER SERVICE MISSOULA, MT
141 AM MDT SAT JUL 23 2016


...................................

...THE KALISPELL MT CLIMATE SUMMARY FOR JULY 22 2016...

CLIMATE NORMAL PERIOD 1981 TO 2010
CLIMATE RECORD PERIOD 1894 TO 2016


WEATHER ITEM   OBSERVED TIME   RECORD YEAR NORMAL DEPARTURE LAST
                VALUE   (LST)  VALUE       VALUE  FROM      YEAR
                                                  NORMAL
..................................................................
TEMPERATURE (F)
 YESTERDAY
  MAXIMUM         84    112 PM  98    1936  83      1       86
  MINIMUM         51    225 AM  37    1967  49      2       47
                                      2000
  AVERAGE         68                        66      2       67

PRECIPITATION (IN)
  YESTERDAY        T             0.36 1924   0.03  -0.03      T
  MONTH TO DATE    1.51                      1.16   0.35     0.36
  SINCE OCT 1     15.19                     14.33   0.86    12.80
  SINCE JAN 1     11.14                     10.33   0.81     6.72

SNOWFALL (IN)
  YESTERDAY        0.0
  MONTH TO DATE    0.0
  SINCE JAN 1     14.6
  SINCE JUL 1      0.0
  SNOW DEPTH       0

DEGREE DAYS
 HEATING
  YESTERDAY        0                         2     -2        0
  MONTH TO DATE   76                        64     12       40
  SINCE JUN 1    255                       280    -25      121
  SINCE JUL 1     76                        64     12       40

 COOLING
  YESTERDAY        3                         3      0        2
  MONTH TO DATE   14                        40    -26       72
  SINCE JUN 1     61                        53      8      158
  SINCE JAN 1     61                        56      5      158
..................................................................


WIND (MPH)
  HIGHEST WIND SPEED    25   HIGHEST WIND DIRECTION     W (260)
  HIGHEST GUST SPEED    36   HIGHEST GUST DIRECTION     W (270)
  AVERAGE WIND SPEED    10.0


SKY COVER
  POSSIBLE SUNSHINE  MM
  AVERAGE SKY COVER 0.3


WEATHER CONDITIONS
 THE FOLLOWING WEATHER WAS RECORDED YESTERDAY.
  LIGHT RAIN


RELATIVE HUMIDITY (PERCENT)
 HIGHEST    89           200 AM
 LOWEST     31           100 PM
 AVERAGE    60

..........................................................


THE KALISPELL MT CLIMATE NORMALS FOR TODAY
                         NORMAL    RECORD    YEAR
 MAXIMUM TEMPERATURE (F)   84       101      2003
 MINIMUM TEMPERATURE (F)   49        35      1963


SUNRISE AND SUNSET
JULY 23 2016..........SUNRISE   602 AM MDT   SUNSET   925 PM MDT
JULY 24 2016..........SUNRISE   603 AM MDT   SUNSET   923 PM MDT


-  INDICATES NEGATIVE NUMBERS.
R  INDICATES RECORD WAS SET OR TIED.
MM INDICATES DATA IS MISSING.
T  INDICATES TRACE AMOUNT.




$$
