000
CDUS45 KMSO 142331
CLIGPI


CLIMATE REPORT
NATIONAL WEATHER SERVICE MISSOULA, MT
430 PM MST THU DEC 14 2017


...................................

...THE KALISPELL MT CLIMATE SUMMARY FOR DECEMBER 14 2017...
VALID TODAY AS OF 0400 PM LOCAL TIME.

CLIMATE NORMAL PERIOD 1981 TO 2010
CLIMATE RECORD PERIOD 1894 TO 2017


WEATHER ITEM   OBSERVED TIME   RECORD YEAR NORMAL DEPARTURE LAST
                VALUE   (LST)  VALUE       VALUE  FROM      YEAR
                                                  NORMAL
..................................................................
TEMPERATURE (F)
 TODAY
  MAXIMUM         30    359 PM  54    1924  29      1       14
  MINIMUM         23    103 AM -19    1922  16      7      -14
  AVERAGE         27                        22      5        0

PRECIPITATION (IN)
  TODAY            0.00          0.31 1901   0.05  -0.05     0.00
  MONTH TO DATE    0.18                      0.67  -0.49     1.01
  SINCE OCT 1      2.96                      3.11  -0.15     6.49
  SINCE JAN 1     14.81                     16.10  -1.29    19.58

SNOWFALL (IN)
  TODAY            0.0
  MONTH TO DATE    0.5
  SINCE JAN 1     64.2
  SINCE JUL 1      9.7
  SNOW DEPTH       0

DEGREE DAYS
 HEATING
  TODAY           38                        43     -5       65
  MONTH TO DATE  511                       573    -62      670
  SINCE DEC 1    511                       573    -62      670
  SINCE JUL 1   2524                      2777   -253     2629

 COOLING
  TODAY            0                         0      0        0
  MONTH TO DATE    0                         0      0        0
  SINCE DEC 1      0                         0      0        0
  SINCE JAN 1    228                       147     81      157
..................................................................


WIND (MPH)
  HIGHEST WIND SPEED     5   HIGHEST WIND DIRECTION     N (360)
  HIGHEST GUST SPEED     5   HIGHEST GUST DIRECTION    NW (310)
  AVERAGE WIND SPEED     0.2


SKY COVER
  POSSIBLE SUNSHINE  MM
  AVERAGE SKY COVER 1.0


WEATHER CONDITIONS
 THE FOLLOWING WEATHER WAS RECORDED TODAY.
  NO SIGNIFICANT WEATHER WAS OBSERVED.


RELATIVE HUMIDITY (PERCENT)
 HIGHEST    96           100 AM
 LOWEST     84          1000 AM
 AVERAGE    90

..........................................................


THE KALISPELL MT CLIMATE NORMALS FOR TOMORROW
                         NORMAL    RECORD    YEAR
 MAXIMUM TEMPERATURE (F)   29        50      1939
 MINIMUM TEMPERATURE (F)   15       -17      1924


SUNRISE AND SUNSET
DECEMBER 14 2017......SUNRISE   821 AM MST   SUNSET   443 PM MST
DECEMBER 15 2017......SUNRISE   822 AM MST   SUNSET   443 PM MST


-  INDICATES NEGATIVE NUMBERS.
R  INDICATES RECORD WAS SET OR TIED.
MM INDICATES DATA IS MISSING.
T  INDICATES TRACE AMOUNT.




$$
