000
CDUS45 KMSO 292250
CLIGPI


CLIMATE REPORT
NATIONAL WEATHER SERVICE MISSOULA, MT
450 PM MDT WED JUL 29 2015


...................................

...THE KALISPELL MT CLIMATE SUMMARY FOR JULY 29 2015...
VALID TODAY AS OF 0400 PM LOCAL TIME.

CLIMATE NORMAL PERIOD 1981 TO 2010
CLIMATE RECORD PERIOD 1894 TO 2015


WEATHER ITEM   OBSERVED TIME   RECORD YEAR NORMAL DEPARTURE LAST
                VALUE   (LST)  VALUE       VALUE  FROM      YEAR
                                                  NORMAL
..................................................................
TEMPERATURE (F)
 TODAY
  MAXIMUM         82    244 PM  98    1934  84     -2       94
  MINIMUM         39    502 AM  33    1959  49    -10       51
  AVERAGE         61                        67     -6       73

PRECIPITATION (IN)
  TODAY            0.00          0.66 1957   0.03  -0.03     0.00
  MONTH TO DATE    0.36                      1.39  -1.03     0.39
  SINCE OCT 1     12.80                     14.56  -1.76    17.33
  SINCE JAN 1      6.72                     10.56  -3.84    12.88

SNOWFALL (IN)
  TODAY            0.0
  MONTH TO DATE    0.0
  SINCE JAN 1     32.9
  SINCE JUL 1      0.0
  SNOW DEPTH       0

DEGREE DAYS
 HEATING
  TODAY            4                         1      3        0
  MONTH TO DATE   62                        75    -13       14
  SINCE JUN 1    143                       291   -148      267
  SINCE JUL 1     62                        75    -13       14

 COOLING
  TODAY            0                         3     -3        8
  MONTH TO DATE   74                        61     13      114
  SINCE JUN 1    160                        74     86      114
  SINCE JAN 1    160                        77     83      114
..................................................................


WIND (MPH)
  HIGHEST WIND SPEED    16   HIGHEST WIND DIRECTION     S (160)
  HIGHEST GUST SPEED    27   HIGHEST GUST DIRECTION    SE (150)
  AVERAGE WIND SPEED     4.5


SKY COVER
  POSSIBLE SUNSHINE  MM
  AVERAGE SKY COVER 0.1


WEATHER CONDITIONS
 THE FOLLOWING WEATHER WAS RECORDED TODAY.
  NO SIGNIFICANT WEATHER WAS OBSERVED.


RELATIVE HUMIDITY (PERCENT)
 HIGHEST   100           400 AM
 LOWEST     23           300 PM
 AVERAGE    62

..........................................................


THE KALISPELL MT CLIMATE NORMALS FOR TOMORROW
                         NORMAL    RECORD    YEAR
 MAXIMUM TEMPERATURE (F)   84        99      1960
 MINIMUM TEMPERATURE (F)   49        35      2001


SUNRISE AND SUNSET
JULY 29 2015..........SUNRISE   608 AM MDT   SUNSET   918 PM MDT
JULY 30 2015..........SUNRISE   609 AM MDT   SUNSET   917 PM MDT


-  INDICATES NEGATIVE NUMBERS.
R  INDICATES RECORD WAS SET OR TIED.
MM INDICATES DATA IS MISSING.
T  INDICATES TRACE AMOUNT.




$$
