000
CDUS45 KMSO 172242
CLIGPI


CLIMATE REPORT
NATIONAL WEATHER SERVICE MISSOULA, MT
431 PM MDT TUE OCT 17 2017


...................................

...THE KALISPELL MT CLIMATE SUMMARY FOR OCTOBER 17 2017...
VALID TODAY AS OF 0400 PM LOCAL TIME.

CLIMATE NORMAL PERIOD 1981 TO 2010
CLIMATE RECORD PERIOD 1894 TO 2017


WEATHER ITEM   OBSERVED TIME   RECORD YEAR NORMAL DEPARTURE LAST
                VALUE   (LST)  VALUE       VALUE  FROM      YEAR
                                                  NORMAL
..................................................................
TEMPERATURE (F)
 TODAY
  MAXIMUM         72R   109 PM  72    1974  54     18       52
  MINIMUM         27    557 AM  15    1905  29     -2       39
  AVERAGE         50                        42      8       46

PRECIPITATION (IN)
  TODAY            0.00          0.55 1905   0.03  -0.03     0.08
  MONTH TO DATE    0.71                      0.50   0.21     2.84
  SINCE OCT 1      0.71                      0.50   0.21     2.84
  SINCE JAN 1     12.56                     13.49  -0.93    15.93

SNOWFALL (IN)
  TODAY            0.0
  MONTH TO DATE    T
  SINCE JAN 1     54.5
  SINCE JUL 1      T
  SNOW DEPTH       0

DEGREE DAYS
 HEATING
  TODAY           15                        23     -8       19
  MONTH TO DATE  395                       346     49      353
  SINCE SEP 1    678                       676      2      694
  SINCE JUL 1    727                       846   -119      841

 COOLING
  TODAY            0                         0      0        0
  MONTH TO DATE    0                         0      0        0
  SINCE SEP 1      4                         4      0        1
  SINCE JAN 1    228                       147     81      157
..................................................................


WIND (MPH)
  HIGHEST WIND SPEED    43   HIGHEST WIND DIRECTION    SW (230)
  HIGHEST GUST SPEED    56   HIGHEST GUST DIRECTION    SW (230)
  AVERAGE WIND SPEED    11.1


SKY COVER
  POSSIBLE SUNSHINE  MM
  AVERAGE SKY COVER 0.2


WEATHER CONDITIONS
 THE FOLLOWING WEATHER WAS RECORDED TODAY.
  NO SIGNIFICANT WEATHER WAS OBSERVED.


RELATIVE HUMIDITY (PERCENT)
 HIGHEST   100           600 AM
 LOWEST     17           200 PM
 AVERAGE    59

..........................................................


THE KALISPELL MT CLIMATE NORMALS FOR TOMORROW
                         NORMAL    RECORD    YEAR
 MAXIMUM TEMPERATURE (F)   54        73      1973
 MINIMUM TEMPERATURE (F)   29         8      1905


SUNRISE AND SUNSET
OCTOBER 17 2017.......SUNRISE   800 AM MDT   SUNSET   644 PM MDT
OCTOBER 18 2017.......SUNRISE   802 AM MDT   SUNSET   642 PM MDT


-  INDICATES NEGATIVE NUMBERS.
R  INDICATES RECORD WAS SET OR TIED.
MM INDICATES DATA IS MISSING.
T  INDICATES TRACE AMOUNT.




$$
