000
CDUS45 KMSO 020738
CLIGPI


CLIMATE REPORT
NATIONAL WEATHER SERVICE MISSOULA, MT
137 AM MDT THU JUL 2 2015


...................................

...THE KALISPELL MT CLIMATE SUMMARY FOR JULY 1 2015...

CLIMATE NORMAL PERIOD 1981 TO 2010
CLIMATE RECORD PERIOD 1894 TO 2015


WEATHER ITEM   OBSERVED TIME   RECORD YEAR NORMAL DEPARTURE LAST
                VALUE   (LST)  VALUE       VALUE  FROM      YEAR
                                                  NORMAL
..................................................................
TEMPERATURE (F)
 YESTERDAY
  MAXIMUM         93    629 PM  96    2013  77     16       83
  MINIMUM         52    432 AM  35    1970  46      6       46
  AVERAGE         73                        61     12       65

PRECIPITATION (IN)
  YESTERDAY        0.00          0.99 1954   0.07  -0.07     0.00
  MONTH TO DATE    0.00                      0.07  -0.07     0.00
  SINCE OCT 1     12.44                     13.24  -0.80    16.94
  SINCE JAN 1      6.36                      9.24  -2.88    12.49

SNOWFALL (IN)
  YESTERDAY        0.0
  MONTH TO DATE    0.0
  SINCE JAN 1     32.9
  SINCE JUL 1      0.0
  SNOW DEPTH       0

DEGREE DAYS
 HEATING
  YESTERDAY        0                         5     -5        0
  MONTH TO DATE    0                         5     -5        0
  SINCE JUN 1     81                       221   -140      253
  SINCE JUL 1      0                         5     -5        0

 COOLING
  YESTERDAY        8                         1      7        0
  MONTH TO DATE    8                         1      7        0
  SINCE JUN 1     94                        14     80        0
  SINCE JAN 1     94                        17     77        0
..................................................................


WIND (MPH)
  HIGHEST WIND SPEED    22   HIGHEST WIND DIRECTION    NE (30)
  HIGHEST GUST SPEED    25   HIGHEST GUST DIRECTION     N (20)
  AVERAGE WIND SPEED     6.1


SKY COVER
  POSSIBLE SUNSHINE  MM
  AVERAGE SKY COVER 0.1


WEATHER CONDITIONS
 THE FOLLOWING WEATHER WAS RECORDED YESTERDAY.
  NO SIGNIFICANT WEATHER WAS OBSERVED.


RELATIVE HUMIDITY (PERCENT)
 HIGHEST    89           400 AM
 LOWEST     18           300 PM
 AVERAGE    54

..........................................................


THE KALISPELL MT CLIMATE NORMALS FOR TODAY
                         NORMAL    RECORD    YEAR
 MAXIMUM TEMPERATURE (F)   77        95      1924
 MINIMUM TEMPERATURE (F)   46        32      1973


SUNRISE AND SUNSET
JULY  2 2015..........SUNRISE   541 AM MDT   SUNSET   941 PM MDT
JULY  3 2015..........SUNRISE   541 AM MDT   SUNSET   941 PM MDT


-  INDICATES NEGATIVE NUMBERS.
R  INDICATES RECORD WAS SET OR TIED.
MM INDICATES DATA IS MISSING.
T  INDICATES TRACE AMOUNT.




$$
