000
CDUS45 KMSO 232235
CLIGPI


CLIMATE REPORT
NATIONAL WEATHER SERVICE MISSOULA, MT
435 PM MDT THU MAR 23 2017


...................................

...THE KALISPELL MT CLIMATE SUMMARY FOR MARCH 23 2017...
VALID TODAY AS OF 0400 PM LOCAL TIME.

CLIMATE NORMAL PERIOD 1981 TO 2010
CLIMATE RECORD PERIOD 1894 TO 2017


WEATHER ITEM   OBSERVED TIME   RECORD YEAR NORMAL DEPARTURE LAST
                VALUE   (LST)  VALUE       VALUE  FROM      YEAR
                                                  NORMAL
..................................................................
TEMPERATURE (F)
 TODAY
  MAXIMUM         51    253 PM  63    1940  48      3       50
  MINIMUM         35    657 AM  -3    1964  27      8       35
  AVERAGE         43                        38      5       43

PRECIPITATION (IN)
  TODAY            0.00          0.39 1995   0.03  -0.03     0.02
  MONTH TO DATE    2.17                      0.80   1.37     1.10
  SINCE OCT 1     13.15                      7.10   6.05     7.45
  SINCE JAN 1      5.92                      3.10   2.82     3.40

SNOWFALL (IN)
  TODAY            0.0
  MONTH TO DATE   10.0
  SINCE JAN 1     53.0
  SINCE JUL 1     88.3
  SNOW DEPTH       0

DEGREE DAYS
 HEATING
  TODAY           22                        27     -5       22
  MONTH TO DATE  685                       713    -28      627
  SINCE MAR 1    685                       713    -28      627
  SINCE JUL 1   6885                      6565    320     5929

 COOLING
  TODAY            0                         0      0        0
  MONTH TO DATE    0                         0      0        0
  SINCE MAR 1      0                         0      0        0
  SINCE JAN 1      0                         0      0        0
..................................................................


WIND (MPH)
  HIGHEST WIND SPEED    15   HIGHEST WIND DIRECTION     W (270)
  HIGHEST GUST SPEED    19   HIGHEST GUST DIRECTION     W (270)
  AVERAGE WIND SPEED     6.7


SKY COVER
  POSSIBLE SUNSHINE  MM
  AVERAGE SKY COVER 0.9


WEATHER CONDITIONS
 THE FOLLOWING WEATHER WAS RECORDED TODAY.
  FOG


RELATIVE HUMIDITY (PERCENT)
 HIGHEST   100          1200 AM
 LOWEST     36           300 PM
 AVERAGE    68

..........................................................


THE KALISPELL MT CLIMATE NORMALS FOR TOMORROW
                         NORMAL    RECORD    YEAR
 MAXIMUM TEMPERATURE (F)   49        66      1999
 MINIMUM TEMPERATURE (F)   28        -7      1955


SUNRISE AND SUNSET
MARCH 23 2017.........SUNRISE   733 AM MDT   SUNSET   755 PM MDT
MARCH 24 2017.........SUNRISE   731 AM MDT   SUNSET   756 PM MDT


-  INDICATES NEGATIVE NUMBERS.
R  INDICATES RECORD WAS SET OR TIED.
MM INDICATES DATA IS MISSING.
T  INDICATES TRACE AMOUNT.




$$
