000
CDUS45 KMSO 222235
CLIGPI


CLIMATE REPORT
NATIONAL WEATHER SERVICE MISSOULA, MT
434 PM MDT MON SEP 22 2014


...................................

...THE KALISPELL MT CLIMATE SUMMARY FOR SEPTEMBER 22 2014...
VALID TODAY AS OF 0400 PM LOCAL TIME.

CLIMATE NORMAL PERIOD 1981 TO 2010
CLIMATE RECORD PERIOD 1894 TO 2014


WEATHER ITEM   OBSERVED TIME   RECORD YEAR NORMAL DEPARTURE LAST
                VALUE   (LST)  VALUE       VALUE  FROM      YEAR
                                                  NORMAL
..................................................................
TEMPERATURE (F)
 TODAY
  MAXIMUM         81    231 PM  84    1938  67     14       62
  MINIMUM         42    354 AM  22    2000  36      6       36
  AVERAGE         62                        52     10       49

PRECIPITATION (IN)
  TODAY            0.00          0.80 1930   0.05  -0.05     0.00
  MONTH TO DATE    0.72                      1.06  -0.34     2.00
  SINCE OCT 1     19.51                     16.67   2.84    18.00
  SINCE JAN 1     15.06                     12.67   2.39    12.62

SNOWFALL (IN)
  TODAY            0.0
  MONTH TO DATE    0.0
  SINCE JAN 1     38.2
  SINCE JUL 1      0.0
  SNOW DEPTH       0

DEGREE DAYS
 HEATING
  TODAY            3                        13    -10       16
  MONTH TO DATE  219                       208     11       92
  SINCE SEP 1    219                       208     11       92
  SINCE JUL 1    296                       378    -82      133

 COOLING
  TODAY            0                         0      0        0
  MONTH TO DATE    0                         1     -1       29
  SINCE SEP 1      0                         1     -1       29
  SINCE JAN 1    215                       144     71      264
..................................................................


WIND (MPH)
  HIGHEST WIND SPEED    10   HIGHEST WIND DIRECTION     S (160)
  HIGHEST GUST SPEED    14   HIGHEST GUST DIRECTION     S (200)
  AVERAGE WIND SPEED     2.9


SKY COVER
  POSSIBLE SUNSHINE  MM
  AVERAGE SKY COVER 0.0


WEATHER CONDITIONS
 THE FOLLOWING WEATHER WAS RECORDED TODAY.
  NO SIGNIFICANT WEATHER WAS OBSERVED.


RELATIVE HUMIDITY (PERCENT)
 HIGHEST    92           300 AM
 LOWEST     28           200 PM
 AVERAGE    60

..........................................................


THE KALISPELL MT CLIMATE NORMALS FOR TOMORROW
                         NORMAL    RECORD    YEAR
 MAXIMUM TEMPERATURE (F)   67        87      2011
 MINIMUM TEMPERATURE (F)   36        13      1926


SUNRISE AND SUNSET
SEPTEMBER 22 2014.....SUNRISE   724 AM MDT   SUNSET   735 PM MDT
SEPTEMBER 23 2014.....SUNRISE   725 AM MDT   SUNSET   733 PM MDT


-  INDICATES NEGATIVE NUMBERS.
R  INDICATES RECORD WAS SET OR TIED.
MM INDICATES DATA IS MISSING.
T  INDICATES TRACE AMOUNT.




$$
