110
CDUS45 KMSO 142332
CLIGPI


CLIMATE REPORT
NATIONAL WEATHER SERVICE MISSOULA, MT
432 PM MST SUN FEB 14 2016


...................................

...THE KALISPELL MT CLIMATE SUMMARY FOR FEBRUARY 14 2016...
VALID TODAY AS OF 0400 PM LOCAL TIME.

CLIMATE NORMAL PERIOD 1981 TO 2010
CLIMATE RECORD PERIOD 1894 TO 2016


WEATHER ITEM   OBSERVED TIME   RECORD YEAR NORMAL DEPARTURE LAST
                VALUE   (LST)  VALUE       VALUE  FROM      YEAR
                                                  NORMAL
..................................................................
TEMPERATURE (F)
 TODAY
  MAXIMUM         45    208 PM  51    1971  36      9       47
  MINIMUM         33    303 AM -23    1936  18     15       23
  AVERAGE         39                        27     12       35

PRECIPITATION (IN)
  TODAY            0.06          0.48 1910   0.03   0.03     0.00
  MONTH TO DATE    0.43                      0.47  -0.04     1.02
  SINCE OCT 1      5.96                      5.80   0.16     9.51
  SINCE JAN 1      1.91                      1.80   0.11     3.43

SNOWFALL (IN)
  TODAY            T
  MONTH TO DATE    2.5
  SINCE JAN 1     14.1
  SINCE JUL 1     40.9
  SNOW DEPTH       2

DEGREE DAYS
 HEATING
  TODAY           26                        38    -12       30
  MONTH TO DATE  487                       544    -57      409
  SINCE DEC 1   2866                      3131   -265     2940
  SINCE JUL 1   4885                      5335   -450     4938

 COOLING
  TODAY            0                         0      0        0
  MONTH TO DATE    0                         0      0        0
  SINCE DEC 1      0                         0      0        0
  SINCE JAN 1      0                         0      0        0
..................................................................


WIND (MPH)
  HIGHEST WIND SPEED    14   HIGHEST WIND DIRECTION     S (160)
  HIGHEST GUST SPEED    18   HIGHEST GUST DIRECTION    SW (220)
  AVERAGE WIND SPEED     8.4


SKY COVER
  POSSIBLE SUNSHINE  MM
  AVERAGE SKY COVER 0.9


WEATHER CONDITIONS
 THE FOLLOWING WEATHER WAS RECORDED TODAY.
  LIGHT SNOW
  FOG


RELATIVE HUMIDITY (PERCENT)
 HIGHEST    96           200 AM
 LOWEST     62           200 PM
 AVERAGE    79

..........................................................


THE KALISPELL MT CLIMATE NORMALS FOR TOMORROW
                         NORMAL    RECORD    YEAR
 MAXIMUM TEMPERATURE (F)   36        53      1950
 MINIMUM TEMPERATURE (F)   18       -28      1936


SUNRISE AND SUNSET
FEBRUARY 14 2016......SUNRISE   746 AM MST   SUNSET   557 PM MST
FEBRUARY 15 2016......SUNRISE   745 AM MST   SUNSET   558 PM MST


-  INDICATES NEGATIVE NUMBERS.
R  INDICATES RECORD WAS SET OR TIED.
MM INDICATES DATA IS MISSING.
T  INDICATES TRACE AMOUNT.




$$
