000
CDUS45 KMSO 230757
CLIGPI


CLIMATE REPORT
NATIONAL WEATHER SERVICE MISSOULA, MT
1257 AM MST SUN NOV 23 2014


...................................

...THE KALISPELL MT CLIMATE SUMMARY FOR NOVEMBER 22 2014...

CLIMATE NORMAL PERIOD 1981 TO 2010
CLIMATE RECORD PERIOD 1894 TO 2014


WEATHER ITEM   OBSERVED TIME   RECORD YEAR NORMAL DEPARTURE LAST
                VALUE   (LST)  VALUE       VALUE  FROM      YEAR
                                                  NORMAL
..................................................................
TEMPERATURE (F)
 YESTERDAY
  MAXIMUM         44    314 PM  59    1917  37      7       32
  MINIMUM         29   1156 PM -15    1985  23      6        8
  AVERAGE         37                        30      7       20

PRECIPITATION (IN)
  YESTERDAY        0.18          1.00 1926   0.04   0.14     0.00
  MONTH TO DATE    1.69                      1.04   0.65     2.40
  SINCE OCT 1      2.88                      2.05   0.83     2.73
  SINCE JAN 1     18.36                     15.04   3.32    15.76

SNOWFALL (IN)
  YESTERDAY        0.0
  MONTH TO DATE    1.0
  SINCE JAN 1     39.2
  SINCE JUL 1      1.0
  SNOW DEPTH       0

DEGREE DAYS
 HEATING
  YESTERDAY       28                        35     -7       45
  MONTH TO DATE  814                       700    114      692
  SINCE SEP 1   1641                      1738    -97     1717
  SINCE JUL 1   1718                      1908   -190     1758

 COOLING
  YESTERDAY        0                         0      0        0
  MONTH TO DATE    0                         0      0        0
  SINCE SEP 1      2                         4     -2       29
  SINCE JAN 1    217                       147     70      264
..................................................................


WIND (MPH)
  HIGHEST WIND SPEED    20   HIGHEST WIND DIRECTION     W (250)
  HIGHEST GUST SPEED    26   HIGHEST GUST DIRECTION     W (260)
  AVERAGE WIND SPEED     8.9


SKY COVER
  POSSIBLE SUNSHINE  MM
  AVERAGE SKY COVER 0.9


WEATHER CONDITIONS
 THE FOLLOWING WEATHER WAS RECORDED YESTERDAY.
  RAIN
  LIGHT RAIN
  FOG


RELATIVE HUMIDITY (PERCENT)
 HIGHEST   100           400 AM
 LOWEST     45           400 PM
 AVERAGE    73

..........................................................


THE KALISPELL MT CLIMATE NORMALS FOR TODAY
                         NORMAL    RECORD    YEAR
 MAXIMUM TEMPERATURE (F)   36        57      1919
 MINIMUM TEMPERATURE (F)   22       -15      1985


SUNRISE AND SUNSET
NOVEMBER 23 2014......SUNRISE   756 AM MST   SUNSET   450 PM MST
NOVEMBER 24 2014......SUNRISE   758 AM MST   SUNSET   450 PM MST


-  INDICATES NEGATIVE NUMBERS.
R  INDICATES RECORD WAS SET OR TIED.
MM INDICATES DATA IS MISSING.
T  INDICATES TRACE AMOUNT.




$$
