000
CDUS43 KGRB 010703
CLIGRB


CLIMATE REPORT
NATIONAL WEATHER SERVICE GREEN BAY
202 AM CDT SAT AUG 1 2015


...................................

...THE GREEN BAY WI CLIMATE SUMMARY FOR JULY 31 2015...

CLIMATE NORMAL PERIOD 1981 TO 2010
CLIMATE RECORD PERIOD 1886 TO 2015


WEATHER ITEM   OBSERVED TIME   RECORD YEAR NORMAL DEPARTURE LAST
                VALUE   (LST)  VALUE       VALUE  FROM      YEAR
                                                  NORMAL
..................................................................
TEMPERATURE (F)
 YESTERDAY
  MAXIMUM         82    340 PM  96    1995  79      3       81
                                      1917
  MINIMUM         61   1054 PM  45    1971  58      3       54
  AVERAGE         72                        69      3       68

PRECIPITATION (IN)
  YESTERDAY        T             0.73 1913   0.11  -0.11     0.00
  MONTH TO DATE    1.80                      3.50  -1.70     1.21
  SINCE JUN 1      5.04                      7.38  -2.34     5.26
  SINCE JAN 1     11.98                     17.03  -5.05    15.92

SNOWFALL (IN)
  YESTERDAY        0.0           0.0    MM   0.0    0.0      0.0
  MONTH TO DATE    0.0                       0.0    0.0      0.0
  SINCE JUN 1      0.0                       0.0    0.0      0.0
  SINCE JUL 1      0.0                       0.0    0.0      0.0
  SNOW DEPTH       0

DEGREE DAYS
 HEATING
  YESTERDAY        0                         1     -1        0
  MONTH TO DATE   19                        31    -12       15
  SINCE JUN 1     72                       115    -43       46
  SINCE JUL 1     19                        23     -4       15

 COOLING
  YESTERDAY        7                         5      2        3
  MONTH TO DATE  176                       150     26       99
  SINCE JUN 1    243                       233     10      205
  SINCE JAN 1    271                       251     20      221
..................................................................


WIND (MPH)
  HIGHEST WIND SPEED    22   HIGHEST WIND DIRECTION    NW (310)
  HIGHEST GUST SPEED    28   HIGHEST GUST DIRECTION    NW (300)
  AVERAGE WIND SPEED    11.3


SKY COVER
  POSSIBLE SUNSHINE  MM
  AVERAGE SKY COVER 0.2


WEATHER CONDITIONS
 THE FOLLOWING WEATHER WAS RECORDED YESTERDAY.
  NO SIGNIFICANT WEATHER WAS OBSERVED.


RELATIVE HUMIDITY (PERCENT)
 HIGHEST    84          1100 PM
 LOWEST     37           100 PM
 AVERAGE    61

..........................................................


THE GREEN BAY WI CLIMATE NORMALS FOR TODAY
                         NORMAL    RECORD    YEAR
 MAXIMUM TEMPERATURE (F)   79        93      1988
                                             1975
                                             1955
 MINIMUM TEMPERATURE (F)   58        45      1976


SUNRISE AND SUNSET
AUGUST  1 2015........SUNRISE   539 AM CDT   SUNSET   818 PM CDT
AUGUST  2 2015........SUNRISE   540 AM CDT   SUNSET   817 PM CDT


-  INDICATES NEGATIVE NUMBERS.
R  INDICATES RECORD WAS SET OR TIED.
MM INDICATES DATA IS MISSING.
T  INDICATES TRACE AMOUNT.




$$
