000
CDUS43 KGRB 270635
CLIGRB


CLIMATE REPORT
NATIONAL WEATHER SERVICE GREEN BAY
135 AM CDT TUE SEP 27 2016


...................................

...THE GREEN BAY WI CLIMATE SUMMARY FOR SEPTEMBER 26 2016...

CLIMATE NORMAL PERIOD 1981 TO 2010
CLIMATE RECORD PERIOD 1886 TO 2016


WEATHER ITEM   OBSERVED TIME   RECORD YEAR NORMAL DEPARTURE LAST
                VALUE   (LST)  VALUE       VALUE  FROM      YEAR
                                                  NORMAL
..................................................................
TEMPERATURE (F)
 YESTERDAY
  MAXIMUM         64    255 PM  86    1973  66     -2       76
                                      1908
  MINIMUM         52    611 AM  28    1966  44      8       54
  AVERAGE         58                        55      3       65

PRECIPITATION (IN)
  YESTERDAY        T             1.89 1998   0.10  -0.10     0.00
  MONTH TO DATE    4.11                      2.67   1.44     5.73
  SINCE SEP 1      4.11                      2.67   1.44     5.73
  SINCE JAN 1     25.73                     23.07   2.66    21.93

SNOWFALL (IN)
  YESTERDAY        0.0           T    1965   0.0    0.0      0.0
                                      1942
  MONTH TO DATE    0.0                       0.0    0.0      0.0
  SINCE SEP 1      0.0                       0.0    0.0      0.0
  SINCE JUL 1      0.0                       0.0    0.0      0.0
  SNOW DEPTH       0

DEGREE DAYS
 HEATING
  YESTERDAY        7                        10     -3        0
  MONTH TO DATE   36                       161   -125       41
  SINCE SEP 1     36                       161   -125       41
  SINCE JUL 1     49                       224   -175       91

 COOLING
  YESTERDAY        0                         0      0        0
  MONTH TO DATE   52                        32     20      106
  SINCE SEP 1     52                        32     20      106
  SINCE JAN 1    574                       394    180      508
..................................................................


WIND (MPH)
  HIGHEST WIND SPEED    28   HIGHEST WIND DIRECTION     W (260)
  HIGHEST GUST SPEED    39   HIGHEST GUST DIRECTION     W (280)
  AVERAGE WIND SPEED    13.4


SKY COVER
  POSSIBLE SUNSHINE  MM
  AVERAGE SKY COVER 0.5


WEATHER CONDITIONS
 THE FOLLOWING WEATHER WAS RECORDED YESTERDAY.
  LIGHT RAIN


RELATIVE HUMIDITY (PERCENT)
 HIGHEST    87           100 AM
 LOWEST     43           200 PM
 AVERAGE    65

..........................................................


THE GREEN BAY WI CLIMATE NORMALS FOR TODAY
                         NORMAL    RECORD    YEAR
 MAXIMUM TEMPERATURE (F)   65        89      1891
 MINIMUM TEMPERATURE (F)   44        29      1991


SUNRISE AND SUNSET
SEPTEMBER 27 2016.....SUNRISE   646 AM CDT   SUNSET   640 PM CDT
SEPTEMBER 28 2016.....SUNRISE   647 AM CDT   SUNSET   638 PM CDT


-  INDICATES NEGATIVE NUMBERS.
R  INDICATES RECORD WAS SET OR TIED.
MM INDICATES DATA IS MISSING.
T  INDICATES TRACE AMOUNT.




$$
