000
CDUS43 KGRB 220654
CLIGRB


CLIMATE REPORT
NATIONAL WEATHER SERVICE GREEN BAY
150 AM CDT TUE AUG 22 2017


...................................

...THE GREEN BAY WI CLIMATE SUMMARY FOR AUGUST 21 2017...

CLIMATE NORMAL PERIOD 1981 TO 2010
CLIMATE RECORD PERIOD 1886 TO 2017


WEATHER ITEM   OBSERVED TIME   RECORD YEAR NORMAL DEPARTURE LAST
                VALUE   (LST)  VALUE       VALUE  FROM      YEAR
                                                  NORMAL
..................................................................
TEMPERATURE (F)
 YESTERDAY
  MAXIMUM         80    147 PM  99    1955  77      3       71
  MINIMUM         62    501 AM  39    2004  57      5       53
  AVERAGE         71                        67      4       62

PRECIPITATION (IN)
  YESTERDAY        0.01          2.57 1983   0.10  -0.09      T
  MONTH TO DATE    2.71                      2.36   0.35     1.52
  SINCE JUN 1     11.05                      9.74   1.31     9.18
  SINCE JAN 1     24.05                     19.39   4.66    20.36

SNOWFALL (IN)
  YESTERDAY        0.0           0.0    MM   0.0    0.0      0.0
  MONTH TO DATE    0.0                       0.0    0.0      0.0
  SINCE JUN 1      0.0                       0.0    0.0      0.0
  SINCE JUL 1      0.0                       0.0    0.0      0.0
  SNOW DEPTH       0

DEGREE DAYS
 HEATING
  YESTERDAY        0                         1     -1        3
  MONTH TO DATE    8                        21    -13        3
  SINCE JUN 1     36                       136   -100       34
  SINCE JUL 1      9                        44    -35        9

 COOLING
  YESTERDAY        6                         3      3        0
  MONTH TO DATE   65                        81    -16      147
  SINCE JUN 1    366                       314     52      445
  SINCE JAN 1    374                       332     42      478
..................................................................


WIND (MPH)
  HIGHEST WIND SPEED    12   HIGHEST WIND DIRECTION     W (270)
  HIGHEST GUST SPEED    16   HIGHEST GUST DIRECTION    SW (210)
  AVERAGE WIND SPEED     4.5


SKY COVER
  POSSIBLE SUNSHINE  MM
  AVERAGE SKY COVER 0.2


WEATHER CONDITIONS
 THE FOLLOWING WEATHER WAS RECORDED YESTERDAY.
  LIGHT RAIN
  FOG
  FOG W/VISIBILITY <= 1/4 MILE


RELATIVE HUMIDITY (PERCENT)
 HIGHEST   100           100 AM
 LOWEST     74           300 PM
 AVERAGE    87

..........................................................


THE GREEN BAY WI CLIMATE NORMALS FOR TODAY
                         NORMAL    RECORD    YEAR
 MAXIMUM TEMPERATURE (F)   77        95      1947
 MINIMUM TEMPERATURE (F)   56        38      1967
                                             1950


SUNRISE AND SUNSET
AUGUST 22 2017........SUNRISE   604 AM CDT   SUNSET   746 PM CDT
AUGUST 23 2017........SUNRISE   605 AM CDT   SUNSET   744 PM CDT


-  INDICATES NEGATIVE NUMBERS.
R  INDICATES RECORD WAS SET OR TIED.
MM INDICATES DATA IS MISSING.
T  INDICATES TRACE AMOUNT.




$$
