000
CDUS43 KGRB 012131
CLIGRB


CLIMATE REPORT
NATIONAL WEATHER SERVICE GREEN BAY
431 PM CDT FRI AUG 1 2014


...................................

...THE GREEN BAY WI CLIMATE SUMMARY FOR AUGUST 1 2014...
VALID TODAY AS OF 0400 PM LOCAL TIME.

CLIMATE NORMAL PERIOD 1981 TO 2010
CLIMATE RECORD PERIOD 1886 TO 2014


WEATHER ITEM   OBSERVED TIME   RECORD YEAR NORMAL DEPARTURE LAST
                VALUE   (LST)  VALUE       VALUE  FROM      YEAR
                                                  NORMAL
..................................................................
TEMPERATURE (F)
 TODAY
  MAXIMUM         83    143 PM  93    1988  79      4       78
                                      1975
                                      1955
  MINIMUM         56    435 AM  45    1976  58     -2       57
  AVERAGE         70                        69      1       68

PRECIPITATION (IN)
  TODAY            0.00          1.29 2003   0.11  -0.11     0.00
  MONTH TO DATE    0.00                      0.11  -0.11     0.00
  SINCE JUN 1      5.26                      7.49  -2.23     7.17
  SINCE JAN 1     15.92                     17.14  -1.22    20.94

SNOWFALL (IN)
  TODAY            0.0           0.0    MM   0.0    0.0      0.0
  MONTH TO DATE    0.0                       0.0    0.0      0.0
  SINCE JUN 1      0.0                       0.0    0.0      0.0
  SINCE JUL 1      0.0                       0.0    0.0      0.0
  SNOW DEPTH       0

DEGREE DAYS
 HEATING
  TODAY            0                         1     -1        0
  MONTH TO DATE    0                         1     -1        0
  SINCE JUN 1     46                       116    -70       94
  SINCE JUL 1     15                        24     -9       22

 COOLING
  TODAY            5                         5      0        3
  MONTH TO DATE    5                         5      0        3
  SINCE JUN 1    210                       238    -28      306
  SINCE JAN 1    226                       256    -30      344
..................................................................


WIND (MPH)
  HIGHEST WIND SPEED     8   HIGHEST WIND DIRECTION     W (270)
  HIGHEST GUST SPEED    10   HIGHEST GUST DIRECTION     W (290)
  AVERAGE WIND SPEED     2.8


SKY COVER
  POSSIBLE SUNSHINE  MM
  AVERAGE SKY COVER 0.1


WEATHER CONDITIONS
 THE FOLLOWING WEATHER WAS RECORDED TODAY.
  FOG


RELATIVE HUMIDITY (PERCENT)
 HIGHEST   100           400 AM
 LOWEST     51           100 PM
 AVERAGE    76

..........................................................


THE GREEN BAY WI CLIMATE NORMALS FOR TOMORROW
                         NORMAL    RECORD    YEAR
 MAXIMUM TEMPERATURE (F)   79        99      1988
 MINIMUM TEMPERATURE (F)   58        45      1959


SUNRISE AND SUNSET
AUGUST  1 2014........SUNRISE   539 AM CDT   SUNSET   818 PM CDT
AUGUST  2 2014........SUNRISE   540 AM CDT   SUNSET   816 PM CDT


-  INDICATES NEGATIVE NUMBERS.
R  INDICATES RECORD WAS SET OR TIED.
MM INDICATES DATA IS MISSING.
T  INDICATES TRACE AMOUNT.




$$
