000
CDUS43 KGRB 232127
CLIGRB


CLIMATE REPORT
NATIONAL WEATHER SERVICE GREEN BAY
427 PM CDT MON OCT 23 2017


...................................

...THE GREEN BAY WI CLIMATE SUMMARY FOR OCTOBER 23 2017...
VALID TODAY AS OF 0400 PM LOCAL TIME.

CLIMATE NORMAL PERIOD 1981 TO 2010
CLIMATE RECORD PERIOD 1886 TO 2017


WEATHER ITEM   OBSERVED TIME   RECORD YEAR NORMAL DEPARTURE LAST
                VALUE   (LST)  VALUE       VALUE  FROM      YEAR
                                                  NORMAL
..................................................................
TEMPERATURE (F)
 TODAY
  MAXIMUM         54    208 PM  81    1899  54      0       62
  MINIMUM         43    749 AM  16    1969  36      7       35
  AVERAGE         49                        45      4       49

PRECIPITATION (IN)
  TODAY            0.00          1.47 1959   0.07  -0.07      T
  MONTH TO DATE    2.98                      1.84   1.14     1.40
  SINCE SEP 1      3.99                      4.88  -0.89     5.69
  SINCE JAN 1     29.38                     25.28   4.10    27.31

SNOWFALL (IN)
  TODAY            0.0           9.9  1887   0.0    0.0      0.0
  MONTH TO DATE    0.0                       0.1   -0.1      0.0
  SINCE SEP 1      0.0                       0.1   -0.1      0.0
  SINCE JUL 1      0.0                       0.1   -0.1      0.0
  SNOW DEPTH       0

DEGREE DAYS
 HEATING
  TODAY           16                        20     -4       16
  MONTH TO DATE  182                       381   -199      232
  SINCE SEP 1    302                       588   -286      297
  SINCE JUL 1    343                       651   -308      310

 COOLING
  TODAY            0                         0      0        0
  MONTH TO DATE    8                         0      8        3
  SINCE SEP 1    100                        33     67       55
  SINCE JAN 1    477                       395     82      577
..................................................................


WIND (MPH)
  HIGHEST WIND SPEED     7   HIGHEST WIND DIRECTION     S (160)
  HIGHEST GUST SPEED     8   HIGHEST GUST DIRECTION    SE (140)
  AVERAGE WIND SPEED     1.4


SKY COVER
  POSSIBLE SUNSHINE  MM
  AVERAGE SKY COVER 0.6


WEATHER CONDITIONS
 THE FOLLOWING WEATHER WAS RECORDED TODAY.
  FOG
  FOG W/VISIBILITY <= 1/4 MILE


RELATIVE HUMIDITY (PERCENT)
 HIGHEST   100          1200 AM
 LOWEST     77           200 PM
 AVERAGE    89

..........................................................


THE GREEN BAY WI CLIMATE NORMALS FOR TOMORROW
                         NORMAL    RECORD    YEAR
 MAXIMUM TEMPERATURE (F)   53        76      1989
                                             1973
                                             1963
 MINIMUM TEMPERATURE (F)   35        19      1981
                                             1887


SUNRISE AND SUNSET
OCTOBER 23 2017.......SUNRISE   718 AM CDT   SUNSET   555 PM CDT
OCTOBER 24 2017.......SUNRISE   720 AM CDT   SUNSET   553 PM CDT


-  INDICATES NEGATIVE NUMBERS.
R  INDICATES RECORD WAS SET OR TIED.
MM INDICATES DATA IS MISSING.
T  INDICATES TRACE AMOUNT.




$$
