000
CDUS43 KGRB 300712
CLIGRB


CLIMATE REPORT
NATIONAL WEATHER SERVICE GREEN BAY
210 AM CDT MON MAY 30 2016


...................................

...THE GREEN BAY WI CLIMATE SUMMARY FOR MAY 29 2016...

CLIMATE NORMAL PERIOD 1981 TO 2010
CLIMATE RECORD PERIOD 1886 TO 2016


WEATHER ITEM   OBSERVED TIME   RECORD YEAR NORMAL DEPARTURE LAST
                VALUE   (LST)  VALUE       VALUE  FROM      YEAR
                                                  NORMAL
..................................................................
TEMPERATURE (F)
 YESTERDAY
  MAXIMUM         75    602 PM  91    1895  70      5       80
  MINIMUM         63   1156 PM  32    1965  48     15       64
  AVERAGE         69                        59     10       72

PRECIPITATION (IN)
  YESTERDAY        0.09          2.60 1942   0.11  -0.02     0.21
  MONTH TO DATE    3.35                      2.69   0.66     2.96
  SINCE MAR 1      8.69                      7.17   1.52     5.49
  SINCE JAN 1     11.17                      9.41   1.76     6.46

SNOWFALL (IN)
  YESTERDAY        0.0           T    1947   0.0    0.0      0.0
  MONTH TO DATE    T                         0.2   -0.2      0.0
  SINCE MAR 1     16.2                      11.2    5.0      4.2
  SINCE JUL 1     50.0                      51.4   -1.4     32.7
  SNOW DEPTH       0

DEGREE DAYS
 HEATING
  YESTERDAY        0                         7     -7        0
  MONTH TO DATE  247                       313    -66      184
  SINCE MAR 1   1784                      2010   -226     1716
  SINCE JUL 1   6595                      7850  -1255     7754

 COOLING
  YESTERDAY        4                         1      3        7
  MONTH TO DATE   28                        12     16       28
  SINCE MAR 1     28                        14     14       28
  SINCE JAN 1     28                        14     14       28
..................................................................


WIND (MPH)
  HIGHEST WIND SPEED    22   HIGHEST WIND DIRECTION     W (270)
  HIGHEST GUST SPEED    29   HIGHEST GUST DIRECTION     W (260)
  AVERAGE WIND SPEED    10.1


SKY COVER
  POSSIBLE SUNSHINE  MM
  AVERAGE SKY COVER 0.3


WEATHER CONDITIONS
 THE FOLLOWING WEATHER WAS RECORDED YESTERDAY.
  RAIN
  LIGHT RAIN
  FOG
  HAZE


RELATIVE HUMIDITY (PERCENT)
 HIGHEST    93           300 AM
 LOWEST     60           500 PM
 AVERAGE    77

..........................................................


THE GREEN BAY WI CLIMATE NORMALS FOR TODAY
                         NORMAL    RECORD    YEAR
 MAXIMUM TEMPERATURE (F)   70        92      1939
 MINIMUM TEMPERATURE (F)   49        33      1894


SUNRISE AND SUNSET
MAY 30 2016...........SUNRISE   512 AM CDT   SUNSET   829 PM CDT
MAY 31 2016...........SUNRISE   511 AM CDT   SUNSET   830 PM CDT


-  INDICATES NEGATIVE NUMBERS.
R  INDICATES RECORD WAS SET OR TIED.
MM INDICATES DATA IS MISSING.
T  INDICATES TRACE AMOUNT.

$$
