328
CDUS43 KGID 220738
CLIGRI


CLIMATE REPORT
NATIONAL WEATHER SERVICE HASTINGS NE
237 AM CDT THU JUN 22 2017


...................................

...THE GRAND ISLAND NE CLIMATE SUMMARY FOR JUNE 21 2017...

CLIMATE NORMAL PERIOD 1981 TO 2010
CLIMATE RECORD PERIOD 1895 TO 2017


WEATHER ITEM   OBSERVED TIME   RECORD YEAR NORMAL DEPARTURE LAST
                VALUE   (LST)  VALUE       VALUE  FROM      YEAR
                                                  NORMAL
..................................................................
TEMPERATURE (F)
 YESTERDAY
  MAXIMUM         97    442 PM 107    1988  85     12      101
  MINIMUM         69    206 AM  36    1902  61      8       64
  AVERAGE         83                        73     10       83

PRECIPITATION (IN)
  YESTERDAY        0.00          2.05 1941   0.14  -0.14     0.00
  MONTH TO DATE    1.63                      3.10  -1.47     0.01
  SINCE JUN 1      1.63                      3.10  -1.47     0.01
  SINCE JAN 1     11.68                     13.05  -1.37    14.69

SNOWFALL (IN)
  YESTERDAY        0.0                       0.0    0.0      0.0
  MONTH TO DATE    0.0                       0.0    0.0      0.0
  SINCE JUN 1      0.0                       0.0    0.0      0.0
  SINCE JUL 1      9.2                      29.0  -19.8     33.8
  SNOW DEPTH       0

DEGREE DAYS
 HEATING
  YESTERDAY        0                         0      0        0
  MONTH TO DATE    0                        21    -21        0
  SINCE JUN 1      0                        21    -21        0
  SINCE JUL 1   5357                      6196   -839     5131

 COOLING
  YESTERDAY       18                         8     10       18
  MONTH TO DATE  243                       125    118      253
  SINCE JUN 1    243                       125    118      253
  SINCE JAN 1    293                       190    103      287
..................................................................


WIND (MPH)
  HIGHEST WIND SPEED    31   HIGHEST WIND DIRECTION     S (190)
  HIGHEST GUST SPEED    37   HIGHEST GUST DIRECTION     S (180)
  AVERAGE WIND SPEED    15.1


SKY COVER
  AVERAGE SKY COVER 0.0


WEATHER CONDITIONS
 THE FOLLOWING WEATHER WAS RECORDED YESTERDAY.
  NO SIGNIFICANT WEATHER WAS OBSERVED.


RELATIVE HUMIDITY (PERCENT)
 HIGHEST    84           100 AM
 LOWEST     42           300 PM
 AVERAGE    63

..........................................................


THE GRAND ISLAND NE CLIMATE NORMALS FOR TODAY
                         NORMAL    RECORD    YEAR
 MAXIMUM TEMPERATURE (F)   86       102      1937
 MINIMUM TEMPERATURE (F)   61        46      2001
                                             1936
                                             1920


SUNRISE AND SUNSET
JUNE 22 2017..........SUNRISE   602 AM CDT   SUNSET   909 PM CDT
JUNE 23 2017..........SUNRISE   602 AM CDT   SUNSET   909 PM CDT


-  INDICATES NEGATIVE NUMBERS.
R  INDICATES RECORD WAS SET OR TIED.
MM INDICATES DATA IS MISSING.
T  INDICATES TRACE AMOUNT.




$$
