000
CDUS43 KGID 280635
CLIGRI


CLIMATE REPORT
NATIONAL WEATHER SERVICE HASTINGS NE
135 AM CDT FRI AUG 28 2015


...................................

...THE GRAND ISLAND NE CLIMATE SUMMARY FOR AUGUST 27 2015...

CLIMATE NORMAL PERIOD 1981 TO 2010
CLIMATE RECORD PERIOD 1895 TO 2015


WEATHER ITEM   OBSERVED TIME   RECORD YEAR NORMAL DEPARTURE LAST
                VALUE   (LST)  VALUE       VALUE  FROM      YEAR
                                                  NORMAL
..................................................................
TEMPERATURE (F)
 YESTERDAY
  MAXIMUM         84    524 PM 104    1936  84      0       78
  MINIMUM         67    720 AM  44    1906  60      7       68
  AVERAGE         76                        72      4       73

PRECIPITATION (IN)
  YESTERDAY        T             2.12 1989   0.09  -0.09     0.41
  MONTH TO DATE    1.24                      2.77  -1.53     5.09
  SINCE JUN 1      9.49                     10.47  -0.98    16.93
  SINCE JAN 1     16.65                     20.42  -3.77    21.42

SNOWFALL (IN)
  YESTERDAY        0.0                       0.0    0.0      0.0
  MONTH TO DATE    0.0                       0.0    0.0      0.0
  SINCE JUN 1      0.0                       0.0    0.0      0.0
  SINCE JUL 1      0.0                       0.0    0.0      0.0
  SNOW DEPTH       0

DEGREE DAYS
 HEATING
  YESTERDAY        0                         0      0        0
  MONTH TO DATE    8                         0      8        0
  SINCE JUN 1     18                        26     -8       14
  SINCE JUL 1     13                         2     11        4

 COOLING
  YESTERDAY       11                         8      3        8
  MONTH TO DATE  216                       258    -42      258
  SINCE JUN 1    769                       820    -51      780
  SINCE JAN 1    796                       885    -89      899
..................................................................


WIND (MPH)
  HIGHEST WIND SPEED    25   HIGHEST WIND DIRECTION     S (170)
  HIGHEST GUST SPEED    34   HIGHEST GUST DIRECTION     S (180)
  AVERAGE WIND SPEED    14.3


SKY COVER
  AVERAGE SKY COVER 0.3


WEATHER CONDITIONS
 THE FOLLOWING WEATHER WAS RECORDED YESTERDAY.
  FOG


RELATIVE HUMIDITY (PERCENT)
 HIGHEST    93           400 AM
 LOWEST     62           600 PM
 AVERAGE    78

..........................................................


THE GRAND ISLAND NE CLIMATE NORMALS FOR TODAY
                         NORMAL    RECORD    YEAR
 MAXIMUM TEMPERATURE (F)   84       106      1913
 MINIMUM TEMPERATURE (F)   60        42      1917
                                             1911


SUNRISE AND SUNSET
AUGUST 28 2015........SUNRISE   656 AM CDT   SUNSET   812 PM CDT
AUGUST 29 2015........SUNRISE   657 AM CDT   SUNSET   811 PM CDT


-  INDICATES NEGATIVE NUMBERS.
R  INDICATES RECORD WAS SET OR TIED.
MM INDICATES DATA IS MISSING.
T  INDICATES TRACE AMOUNT.




$$
