000
CDUS43 KGID 290628
CLIGRI


CLIMATE REPORT
NATIONAL WEATHER SERVICE HASTINGS NE
128 AM CDT THU SEP 29 2016


...................................

...THE GRAND ISLAND NE CLIMATE SUMMARY FOR SEPTEMBER 28 2016...

CLIMATE NORMAL PERIOD 1981 TO 2010
CLIMATE RECORD PERIOD 1895 TO 2016


WEATHER ITEM   OBSERVED TIME   RECORD YEAR NORMAL DEPARTURE LAST
                VALUE   (LST)  VALUE       VALUE  FROM      YEAR
                                                  NORMAL
..................................................................
TEMPERATURE (F)
 YESTERDAY
  MAXIMUM         70    417 PM  97    1953  73     -3       84
  MINIMUM         43   1028 PM  25    1984  47     -4       57
  AVERAGE         57                        60     -3       71

PRECIPITATION (IN)
  YESTERDAY        0.00          4.60 1923   0.07  -0.07     0.00
  MONTH TO DATE    2.53                      2.10   0.43     3.23
  SINCE SEP 1      2.53                      2.10   0.43     3.23
  SINCE JAN 1     21.93                     22.87  -0.94    19.88

SNOWFALL (IN)
  YESTERDAY        0.0                       0.0    0.0      0.0
  MONTH TO DATE    0.0                       0.1   -0.1      0.0
  SINCE SEP 1      0.0                       0.1   -0.1      0.0
  SINCE JUL 1      0.0                       0.1   -0.1      0.0
  SNOW DEPTH       0

DEGREE DAYS
 HEATING
  YESTERDAY        8                         7      1        0
  MONTH TO DATE   44                        91    -47       16
  SINCE SEP 1     44                        91    -47       16
  SINCE JUL 1     51                       101    -50       29

 COOLING
  YESTERDAY        0                         1     -1        6
  MONTH TO DATE  127                       107     20      201
  SINCE SEP 1    127                       107     20      201
  SINCE JAN 1   1141                      1021    120     1023
..................................................................


WIND (MPH)
  HIGHEST WIND SPEED    18   HIGHEST WIND DIRECTION     N (360)
  HIGHEST GUST SPEED    28   HIGHEST GUST DIRECTION     N (10)
  AVERAGE WIND SPEED     8.1


SKY COVER
  AVERAGE SKY COVER 0.0


WEATHER CONDITIONS
 THE FOLLOWING WEATHER WAS RECORDED YESTERDAY.
  HAZE


RELATIVE HUMIDITY (PERCENT)
 HIGHEST    86           600 AM
 LOWEST     35           500 PM
 AVERAGE    61

..........................................................


THE GRAND ISLAND NE CLIMATE NORMALS FOR TODAY
                         NORMAL    RECORD    YEAR
 MAXIMUM TEMPERATURE (F)   72        92      1994
                                             1952
 MINIMUM TEMPERATURE (F)   46        23      1984


SUNRISE AND SUNSET
SEPTEMBER 29 2016.....SUNRISE   728 AM CDT   SUNSET   718 PM CDT
SEPTEMBER 30 2016.....SUNRISE   729 AM CDT   SUNSET   716 PM CDT


-  INDICATES NEGATIVE NUMBERS.
R  INDICATES RECORD WAS SET OR TIED.
MM INDICATES DATA IS MISSING.
T  INDICATES TRACE AMOUNT.




$$
