000
CDUS43 KGID 180640
CLIGRI


CLIMATE REPORT
NATIONAL WEATHER SERVICE HASTINGS NE
1238 AM CST THU DEC 18 2014


...................................

...THE GRAND ISLAND NE CLIMATE SUMMARY FOR DECEMBER 17 2014...

CLIMATE NORMAL PERIOD 1981 TO 2010
CLIMATE RECORD PERIOD 1895 TO 2014


WEATHER ITEM   OBSERVED TIME   RECORD YEAR NORMAL DEPARTURE LAST
                VALUE   (LST)  VALUE       VALUE  FROM      YEAR
                                                  NORMAL
..................................................................
TEMPERATURE (F)
 YESTERDAY
  MAXIMUM         26    325 PM  71    1980  36    -10       48
  MINIMUM         20    955 AM -11    1964  16      4       22
  AVERAGE         23                        26     -3       35

PRECIPITATION (IN)
  YESTERDAY        0.00          0.27 1916   0.02  -0.02     0.00
  MONTH TO DATE    0.42                      0.38   0.04     0.10
  SINCE DEC 1      0.42                      0.38   0.04     0.10
  SINCE JAN 1     27.22                     26.41   0.81    26.91

SNOWFALL (IN)
  YESTERDAY        0.0           3.0  1916   0.2   -0.2      0.0
  MONTH TO DATE    T                         2.7   -2.7      2.1
  SINCE DEC 1      T                         2.7   -2.7      2.1
  SINCE JUL 1      2.2                       6.9   -4.7      2.3
  SNOW DEPTH       0

DEGREE DAYS
 HEATING
  YESTERDAY       42                        39      3       30
  MONTH TO DATE  533                       632    -99      708
  SINCE DEC 1    533                       632    -99      708
  SINCE JUL 1   1866                      1962    -96     1936

 COOLING
  YESTERDAY        0                         0      0        0
  MONTH TO DATE    0                         0      0        0
  SINCE DEC 1      0                         0      0        0
  SINCE JAN 1   1031                      1034     -3     1265
..................................................................


WIND (MPH)
  HIGHEST WIND SPEED    10   HIGHEST WIND DIRECTION     E (90)
  HIGHEST GUST SPEED    12   HIGHEST GUST DIRECTION    SE (130)
  AVERAGE WIND SPEED     6.0


SKY COVER
  AVERAGE SKY COVER 1.0


WEATHER CONDITIONS
 THE FOLLOWING WEATHER WAS RECORDED YESTERDAY.
  NO SIGNIFICANT WEATHER WAS OBSERVED.


RELATIVE HUMIDITY (PERCENT)
 HIGHEST    91           500 AM
 LOWEST     74           600 PM
 AVERAGE    83

..........................................................


THE GRAND ISLAND NE CLIMATE NORMALS FOR TODAY
                         NORMAL    RECORD    YEAR
 MAXIMUM TEMPERATURE (F)   36        67      2013
                                             1976
 MINIMUM TEMPERATURE (F)   16       -14      1983
                                             1963


SUNRISE AND SUNSET
DECEMBER 18 2014......SUNRISE   753 AM CST   SUNSET   507 PM CST
DECEMBER 19 2014......SUNRISE   753 AM CST   SUNSET   507 PM CST


-  INDICATES NEGATIVE NUMBERS.
R  INDICATES RECORD WAS SET OR TIED.
MM INDICATES DATA IS MISSING.
T  INDICATES TRACE AMOUNT.




$$

BRYANT
