000
CDUS43 KGID 220654
CLIGRI


CLIMATE REPORT
NATIONAL WEATHER SERVICE HASTINGS NE
153 AM CDT WED OCT 22 2014


...................................

...THE GRAND ISLAND NE CLIMATE SUMMARY FOR OCTOBER 21 2014...

CLIMATE NORMAL PERIOD 1981 TO 2010
CLIMATE RECORD PERIOD 1895 TO 2014


WEATHER ITEM   OBSERVED TIME   RECORD YEAR NORMAL DEPARTURE LAST
                VALUE   (LST)  VALUE       VALUE  FROM      YEAR
                                                  NORMAL
..................................................................
TEMPERATURE (F)
 YESTERDAY
  MAXIMUM         78    230 PM  90    1947  63     15       59
  MINIMUM         41    650 AM  14    1936  38      3       30
  AVERAGE         60                        50     10       45

PRECIPITATION (IN)
  YESTERDAY        0.00          2.45 1900   0.06  -0.06      T
  MONTH TO DATE    0.52                      1.37  -0.85     3.64
  SINCE SEP 1      3.55                      3.60  -0.05     6.02
  SINCE JAN 1     25.75                     24.37   1.38    25.43

SNOWFALL (IN)
  YESTERDAY        0.0           T    2006   0.1   -0.1      0.0
                                      1951
                                      1949
  MONTH TO DATE    0.0                       0.5   -0.5      0.0
  SINCE SEP 1      0.0                       0.6   -0.6      0.0
  SINCE JUL 1      0.0                       0.6   -0.6      0.0
  SNOW DEPTH       0

DEGREE DAYS
 HEATING
  YESTERDAY        5                        15    -10       20
  MONTH TO DATE  197                       237    -40      216
  SINCE SEP 1    299                       342    -43      237
  SINCE JUL 1    303                       352    -49      240

 COOLING
  YESTERDAY        0                         0      0        0
  MONTH TO DATE    4                        10     -6       15
  SINCE SEP 1    101                       119    -18      202
  SINCE JAN 1   1031                      1033     -2     1265
..................................................................


WIND (MPH)
  HIGHEST WIND SPEED    23   HIGHEST WIND DIRECTION     S (160)
  HIGHEST GUST SPEED    29   HIGHEST GUST DIRECTION     S (170)
  AVERAGE WIND SPEED    10.5


SKY COVER
  AVERAGE SKY COVER 0.0


WEATHER CONDITIONS
 THE FOLLOWING WEATHER WAS RECORDED YESTERDAY.
  NO SIGNIFICANT WEATHER WAS OBSERVED.


RELATIVE HUMIDITY (PERCENT)
 HIGHEST    82           500 AM
 LOWEST     22           200 PM
 AVERAGE    52

..........................................................


THE GRAND ISLAND NE CLIMATE NORMALS FOR TODAY
                         NORMAL    RECORD    YEAR
 MAXIMUM TEMPERATURE (F)   62        91      1899
 MINIMUM TEMPERATURE (F)   37        22      1898


SUNRISE AND SUNSET
OCTOBER 22 2014.......SUNRISE   752 AM CDT   SUNSET   642 PM CDT
OCTOBER 23 2014.......SUNRISE   754 AM CDT   SUNSET   641 PM CDT


-  INDICATES NEGATIVE NUMBERS.
R  INDICATES RECORD WAS SET OR TIED.
MM INDICATES DATA IS MISSING.
T  INDICATES TRACE AMOUNT.




$$
