000
CDUS43 KGID 202224
CLIGRI


CLIMATE REPORT
NATIONAL WEATHER SERVICE HASTINGS NE
524 PM CDT WED AUG 20 2014


...................................

...THE GRAND ISLAND NE CLIMATE SUMMARY FOR AUGUST 20 2014...
VALID TODAY AS OF 0500 PM LOCAL TIME.

CLIMATE NORMAL PERIOD 1981 TO 2010
CLIMATE RECORD PERIOD 1895 TO 2014


WEATHER ITEM   OBSERVED TIME   RECORD YEAR NORMAL DEPARTURE LAST
                VALUE   (LST)  VALUE       VALUE  FROM      YEAR
                                                  NORMAL
..................................................................
TEMPERATURE (F)
 TODAY
  MAXIMUM         90    359 PM 102    1936  85      5       90
                                      1900
                                      1898
  MINIMUM         74    724 AM  40    1950  62     12       69
  AVERAGE         82                        74      8       80

PRECIPITATION (IN)
  TODAY            T             2.13 1982   0.10  -0.10     0.00
  MONTH TO DATE    3.19                      2.13   1.06     2.28
  SINCE JUN 1     15.03                      9.83   5.20     5.30
  SINCE JAN 1     19.52                     19.78  -0.26    18.67

SNOWFALL (IN)
  TODAY            0.0                       0.0    0.0      0.0
  MONTH TO DATE    0.0                       0.0    0.0      0.0
  SINCE JUN 1      0.0                       0.0    0.0      0.0
  SINCE JUL 1      0.0                       0.0    0.0      0.0
  SNOW DEPTH       0

DEGREE DAYS
 HEATING
  TODAY            0                         0      0        0
  MONTH TO DATE    0                         0      0        0
  SINCE JUN 1     14                        26    -12       24
  SINCE JUL 1      4                         2      2        3

 COOLING
  TODAY           17                         9      8       15
  MONTH TO DATE  193                       200     -7      162
  SINCE JUN 1    715                       762    -47      782
  SINCE JAN 1    834                       827      7      877
..................................................................


WIND (MPH)
  HIGHEST WIND SPEED    22   HIGHEST WIND DIRECTION    SE (150)
  HIGHEST GUST SPEED    30   HIGHEST GUST DIRECTION    SE (140)
  AVERAGE WIND SPEED    12.0


SKY COVER
  POSSIBLE SUNSHINE  MM
  AVERAGE SKY COVER 0.1


WEATHER CONDITIONS
 THE FOLLOWING WEATHER WAS RECORDED TODAY.
  NO SIGNIFICANT WEATHER WAS OBSERVED.


RELATIVE HUMIDITY (PERCENT)
 HIGHEST    79          1200 AM
 LOWEST     59           200 PM
 AVERAGE    69

..........................................................


THE GRAND ISLAND NE CLIMATE NORMALS FOR TOMORROW
                         NORMAL    RECORD    YEAR
 MAXIMUM TEMPERATURE (F)   85       105      1929
 MINIMUM TEMPERATURE (F)   62        48      1939
                                             1920


SUNRISE AND SUNSET
AUGUST 20 2014........SUNRISE   648 AM CDT   SUNSET   824 PM CDT
AUGUST 21 2014........SUNRISE   649 AM CDT   SUNSET   823 PM CDT


-  INDICATES NEGATIVE NUMBERS.
R  INDICATES RECORD WAS SET OR TIED.
MM INDICATES DATA IS MISSING.
T  INDICATES TRACE AMOUNT.




$$
