238
CDUS43 KGID 090632
CLIGRI


CLIMATE REPORT
NATIONAL WEATHER SERVICE HASTINGS NE
1229 AM CST FRI DEC 9 2016


...................................

...THE GRAND ISLAND NE CLIMATE SUMMARY FOR DECEMBER 8 2016...

CLIMATE NORMAL PERIOD 1981 TO 2010
CLIMATE RECORD PERIOD 1895 TO 2016


WEATHER ITEM   OBSERVED TIME   RECORD YEAR NORMAL DEPARTURE LAST
                VALUE   (LST)  VALUE       VALUE  FROM      YEAR
                                                  NORMAL
..................................................................
TEMPERATURE (F)
 YESTERDAY
  MAXIMUM         24    344 PM  73    1970  38    -14       63
  MINIMUM          3   1159 PM -15    1927  18    -15       38
  AVERAGE         14                        28    -14       51

PRECIPITATION (IN)
  YESTERDAY        0.00          0.59 2009   0.03  -0.03     0.00
  MONTH TO DATE    0.09                      0.20  -0.11     0.01
  SINCE DEC 1      0.09                      0.20  -0.11     0.01
  SINCE JAN 1     23.51                     26.23  -2.72    24.11

SNOWFALL (IN)
  YESTERDAY        0.0           9.7  2009   0.2   -0.2      0.0
  MONTH TO DATE    0.3                       1.2   -0.9      0.1
  SINCE DEC 1      0.3                       1.2   -0.9      0.1
  SINCE JUL 1      0.7                       5.4   -4.7      5.7
  SNOW DEPTH       0

DEGREE DAYS
 HEATING
  YESTERDAY       51                        37     14       14
  MONTH TO DATE  292                       287      5      206
  SINCE DEC 1    292                       287      5      206
  SINCE JUL 1   1212                      1617   -405     1172

 COOLING
  YESTERDAY        0                         0      0        0
  MONTH TO DATE    0                         0      0        0
  SINCE DEC 1      0                         0      0        0
  SINCE JAN 1   1146                      1034    112     1048
..................................................................


WIND (MPH)
  HIGHEST WIND SPEED    22   HIGHEST WIND DIRECTION    NW (330)
  HIGHEST GUST SPEED    27   HIGHEST GUST DIRECTION    NW (330)
  AVERAGE WIND SPEED    11.3


SKY COVER
  AVERAGE SKY COVER 0.0


WEATHER CONDITIONS
 THE FOLLOWING WEATHER WAS RECORDED YESTERDAY.
  NO SIGNIFICANT WEATHER WAS OBSERVED.


RELATIVE HUMIDITY (PERCENT)
 HIGHEST    80          1100 PM
 LOWEST     45           300 PM
 AVERAGE    63

..........................................................


THE GRAND ISLAND NE CLIMATE NORMALS FOR TODAY
                         NORMAL    RECORD    YEAR
 MAXIMUM TEMPERATURE (F)   38        70      1957
 MINIMUM TEMPERATURE (F)   17       -14      1919


SUNRISE AND SUNSET
DECEMBER  9 2016......SUNRISE   747 AM CST   SUNSET   505 PM CST
DECEMBER 10 2016......SUNRISE   747 AM CST   SUNSET   505 PM CST


-  INDICATES NEGATIVE NUMBERS.
R  INDICATES RECORD WAS SET OR TIED.
MM INDICATES DATA IS MISSING.
T  INDICATES TRACE AMOUNT.

$$

KELLEY
