000
CDUS43 KGID 180658
CLIGRI


CLIMATE REPORT
NATIONAL WEATHER SERVICE HASTINGS NE
157 AM CDT THU SEP 18 2014


...................................

...THE GRAND ISLAND NE CLIMATE SUMMARY FOR SEPTEMBER 17 2014...

CLIMATE NORMAL PERIOD 1981 TO 2010
CLIMATE RECORD PERIOD 1895 TO 2014


WEATHER ITEM   OBSERVED TIME   RECORD YEAR NORMAL DEPARTURE LAST
                VALUE   (LST)  VALUE       VALUE  FROM      YEAR
                                                  NORMAL
..................................................................
TEMPERATURE (F)
 YESTERDAY
  MAXIMUM         81    430 PM  98    1983  78      3       74
                                      1947
  MINIMUM         49    642 AM  28    1903  52     -3       57
  AVERAGE         65                        65      0       66

PRECIPITATION (IN)
  YESTERDAY        0.00          1.43 1959   0.08  -0.08     0.05
  MONTH TO DATE    2.06                      1.30   0.76     1.72
  SINCE SEP 1      2.06                      1.30   0.76     1.72
  SINCE JAN 1     24.26                     22.07   2.19    21.13

SNOWFALL (IN)
  YESTERDAY        0.0                       0.0    0.0      0.0
  MONTH TO DATE    0.0                       0.0    0.0      0.0
  SINCE SEP 1      0.0                       0.0    0.0      0.0
  SINCE JUL 1      0.0                       0.0    0.0      0.0
  SNOW DEPTH       0

DEGREE DAYS
 HEATING
  YESTERDAY        0                         4     -4        0
  MONTH TO DATE   93                        34     59        6
  SINCE SEP 1     93                        34     59        6
  SINCE JUL 1     97                        44     53        9

 COOLING
  YESTERDAY        0                         3     -3        1
  MONTH TO DATE   38                        83    -45      139
  SINCE SEP 1     38                        83    -45      139
  SINCE JAN 1    968                       997    -29     1202
..................................................................


WIND (MPH)
  HIGHEST WIND SPEED    13   HIGHEST WIND DIRECTION     E (110)
  HIGHEST GUST SPEED    17   HIGHEST GUST DIRECTION     E (100)
  AVERAGE WIND SPEED     5.4


SKY COVER
  AVERAGE SKY COVER 0.0


WEATHER CONDITIONS
 THE FOLLOWING WEATHER WAS RECORDED YESTERDAY.
  FOG


RELATIVE HUMIDITY (PERCENT)
 HIGHEST    93           600 AM
 LOWEST     54           100 PM
 AVERAGE    74

..........................................................


THE GRAND ISLAND NE CLIMATE NORMALS FOR TODAY
                         NORMAL    RECORD    YEAR
 MAXIMUM TEMPERATURE (F)   77       102      1925
 MINIMUM TEMPERATURE (F)   51        29      1902
                                             1901


SUNRISE AND SUNSET
SEPTEMBER 18 2014.....SUNRISE   717 AM CDT   SUNSET   737 PM CDT
SEPTEMBER 19 2014.....SUNRISE   718 AM CDT   SUNSET   735 PM CDT


-  INDICATES NEGATIVE NUMBERS.
R  INDICATES RECORD WAS SET OR TIED.
MM INDICATES DATA IS MISSING.
T  INDICATES TRACE AMOUNT.




$$
