000
CDUS43 KGID 310629
CLIGRI


CLIMATE REPORT
NATIONAL WEATHER SERVICE HASTINGS NE
129 AM CDT FRI OCT 31 2014


...................................

...THE GRAND ISLAND NE CLIMATE SUMMARY FOR OCTOBER 30 2014...

CLIMATE NORMAL PERIOD 1981 TO 2010
CLIMATE RECORD PERIOD 1895 TO 2014


WEATHER ITEM   OBSERVED TIME   RECORD YEAR NORMAL DEPARTURE LAST
                VALUE   (LST)  VALUE       VALUE  FROM      YEAR
                                                  NORMAL
..................................................................
TEMPERATURE (F)
 YESTERDAY
  MAXIMUM         64    200 PM  88    1950  59      5       51
  MINIMUM         35   1159 PM  12    1923  34      1       34
  AVERAGE         50                        46      4       43

PRECIPITATION (IN)
  YESTERDAY        0.00          1.48 1979   0.05  -0.05     0.32
  MONTH TO DATE    1.28                      1.82  -0.54     4.05
  SINCE SEP 1      4.31                      4.05   0.26     6.43
  SINCE JAN 1     26.51                     24.82   1.69    25.84

SNOWFALL (IN)
  YESTERDAY        0.0           2.5  1923   0.0    0.0      0.0
  MONTH TO DATE    0.0                       0.9   -0.9      0.0
  SINCE SEP 1      0.0                       1.0   -1.0      0.0
  SINCE JUL 1      0.0                       1.0   -1.0      0.0
  SNOW DEPTH       0

DEGREE DAYS
 HEATING
  YESTERDAY       15                        19     -4       22
  MONTH TO DATE  278                       389   -111      384
  SINCE SEP 1    380                       494   -114      405
  SINCE JUL 1    384                       504   -120      408

 COOLING
  YESTERDAY        0                         0      0        0
  MONTH TO DATE    4                        10     -6       15
  SINCE SEP 1    101                       119    -18      202
  SINCE JAN 1   1031                      1033     -2     1265
..................................................................


WIND (MPH)
  HIGHEST WIND SPEED    28   HIGHEST WIND DIRECTION     N (340)
  HIGHEST GUST SPEED    33   HIGHEST GUST DIRECTION     N (340)
  AVERAGE WIND SPEED    15.3


SKY COVER
  AVERAGE SKY COVER 0.1


WEATHER CONDITIONS
 THE FOLLOWING WEATHER WAS RECORDED YESTERDAY.
  NO SIGNIFICANT WEATHER WAS OBSERVED.


RELATIVE HUMIDITY (PERCENT)
 HIGHEST    85           400 AM
 LOWEST     36          1200 PM
 AVERAGE    61

..........................................................


THE GRAND ISLAND NE CLIMATE NORMALS FOR TODAY
                         NORMAL    RECORD    YEAR
 MAXIMUM TEMPERATURE (F)   58        82      1915
 MINIMUM TEMPERATURE (F)   34        12      1923


SUNRISE AND SUNSET
OCTOBER 31 2014.......SUNRISE   803 AM CDT   SUNSET   630 PM CDT
NOVEMBER  1 2014......SUNRISE   804 AM CDT   SUNSET   629 PM CDT


-  INDICATES NEGATIVE NUMBERS.
R  INDICATES RECORD WAS SET OR TIED.
MM INDICATES DATA IS MISSING.
T  INDICATES TRACE AMOUNT.




$$
