245
CDUS43 KGID 170725
CLIGRI


CLIMATE REPORT
NATIONAL WEATHER SERVICE HASTINGS NE
224 AM CDT THU AUG 17 2017


...................................

...THE GRAND ISLAND NE CLIMATE SUMMARY FOR AUGUST 16 2017...

CLIMATE NORMAL PERIOD 1981 TO 2010
CLIMATE RECORD PERIOD 1895 TO 2017


WEATHER ITEM   OBSERVED TIME   RECORD YEAR NORMAL DEPARTURE LAST
                VALUE   (LST)  VALUE       VALUE  FROM      YEAR
                                                  NORMAL
..................................................................
TEMPERATURE (F)
 YESTERDAY
  MAXIMUM         81    223 PM 110    1983  86     -5       85
  MINIMUM         61   1159 PM  46    1897  63     -2       65
  AVERAGE         71                        74     -3       75

PRECIPITATION (IN)
  YESTERDAY        0.62          1.10 1912   0.11   0.51      T
  MONTH TO DATE    5.08                      1.73   3.35     0.12
  SINCE JUN 1     10.23                      9.43   0.80     4.27
  SINCE JAN 1     20.28                     19.38   0.90    18.95

SNOWFALL (IN)
  YESTERDAY        0.0                       0.0    0.0      0.0
  MONTH TO DATE    0.0                       0.0    0.0      0.0
  SINCE JUN 1      0.0                       0.0    0.0      0.0
  SINCE JUL 1      0.0                       0.0    0.0      0.0
  6 AM SNOW DEPTH  0

DEGREE DAYS
 HEATING
  YESTERDAY        0                         0      0        0
  MONTH TO DATE    4                         0      4        0
  SINCE JUN 1      7                        26    -19        6
  SINCE JUL 1      4                         2      2        6

 COOLING
  YESTERDAY        6                         9     -3       10
  MONTH TO DATE   67                       164    -97      171
  SINCE JUN 1    761                       726     35      877
  SINCE JAN 1    811                       791     20      911
..................................................................


WIND (MPH)
  HIGHEST WIND SPEED    26   HIGHEST WIND DIRECTION    NW (310)
  HIGHEST GUST SPEED    32   HIGHEST GUST DIRECTION    NW (310)
  AVERAGE WIND SPEED    12.0


SKY COVER
  AVERAGE SKY COVER 0.6


WEATHER CONDITIONS
 THE FOLLOWING WEATHER WAS RECORDED YESTERDAY.
  THUNDERSTORM
  HEAVY RAIN
  RAIN
  LIGHT RAIN
  FOG


RELATIVE HUMIDITY (PERCENT)
 HIGHEST   100           100 AM
 LOWEST     62           200 PM
 AVERAGE    81

..........................................................


THE GRAND ISLAND NE CLIMATE NORMALS FOR TODAY
                         NORMAL    RECORD    YEAR
 MAXIMUM TEMPERATURE (F)   86       106      1936
 MINIMUM TEMPERATURE (F)   63        45      2012
                                             1943


SUNRISE AND SUNSET
AUGUST 17 2017........SUNRISE   645 AM CDT   SUNSET   828 PM CDT
AUGUST 18 2017........SUNRISE   646 AM CDT   SUNSET   827 PM CDT


-  INDICATES NEGATIVE NUMBERS.
R  INDICATES RECORD WAS SET OR TIED.
MM INDICATES DATA IS MISSING.
T  INDICATES TRACE AMOUNT.




$$
