151
CDUS43 KGID 250632
CLIGRI


CLIMATE REPORT
NATIONAL WEATHER SERVICE HASTINGS NE
132 AM CDT SAT MAR 25 2017


...................................

...THE GRAND ISLAND NE CLIMATE SUMMARY FOR MARCH 24 2017...

CLIMATE NORMAL PERIOD 1981 TO 2010
CLIMATE RECORD PERIOD 1895 TO 2017


WEATHER ITEM   OBSERVED TIME   RECORD YEAR NORMAL DEPARTURE LAST
                VALUE   (LST)  VALUE       VALUE  FROM      YEAR
                                                  NORMAL
..................................................................
TEMPERATURE (F)
 YESTERDAY
  MAXIMUM         58   1200 AM  90    1910  55      3       43
  MINIMUM         39   1159 PM   4    1965  30      9       24
  AVERAGE         49                        42      7       34

PRECIPITATION (IN)
  YESTERDAY        0.26          0.73 1901   0.07   0.19     0.16
  MONTH TO DATE    0.39                      1.29  -0.90     0.39
  SINCE MAR 1      0.39                      1.29  -0.90     0.39
  SINCE JAN 1      1.71                      2.50  -0.79     2.57

SNOWFALL (IN)
  YESTERDAY        0.0           4.3  1971   0.1   -0.1      2.5
  MONTH TO DATE    1.2                       4.3   -3.1      2.6
  SINCE MAR 1      1.2                       4.3   -3.1      2.6
  SINCE JUL 1      8.9                      26.4  -17.5     33.8
  SNOW DEPTH       0

DEGREE DAYS
 HEATING
  YESTERDAY       16                        23     -7       31
  MONTH TO DATE  539                       647   -108      454
  SINCE MAR 1    539                       647   -108      454
  SINCE JUL 1   4605                      5408   -803     4452

 COOLING
  YESTERDAY        0                         0      0        0
  MONTH TO DATE    0                         0      0        0
  SINCE MAR 1      0                         0      0        0
  SINCE JAN 1      0                         0      0        0
..................................................................


WIND (MPH)
  HIGHEST WIND SPEED    28   HIGHEST WIND DIRECTION     N (20)
  HIGHEST GUST SPEED    35   HIGHEST GUST DIRECTION     N (10)
  AVERAGE WIND SPEED    18.2


SKY COVER
  AVERAGE SKY COVER 1.0


WEATHER CONDITIONS
 THE FOLLOWING WEATHER WAS RECORDED YESTERDAY.
  RAIN
  LIGHT RAIN
  FOG


RELATIVE HUMIDITY (PERCENT)
 HIGHEST   100           300 AM
 LOWEST     93           100 AM
 AVERAGE    97

..........................................................


THE GRAND ISLAND NE CLIMATE NORMALS FOR TODAY
                         NORMAL    RECORD    YEAR
 MAXIMUM TEMPERATURE (F)   55        88      1910
 MINIMUM TEMPERATURE (F)   30        -5      1965


SUNRISE AND SUNSET
MARCH 25 2017.........SUNRISE   728 AM CDT   SUNSET   751 PM CDT
MARCH 26 2017.........SUNRISE   726 AM CDT   SUNSET   752 PM CDT


-  INDICATES NEGATIVE NUMBERS.
R  INDICATES RECORD WAS SET OR TIED.
MM INDICATES DATA IS MISSING.
T  INDICATES TRACE AMOUNT.




$$
