000
CDUS43 KGID 022223
CLIGRI


CLIMATE REPORT
NATIONAL WEATHER SERVICE HASTINGS NE
522 PM CDT TUE JUN 2 2015


...................................

...THE GRAND ISLAND NE CLIMATE SUMMARY FOR JUNE 2 2015...
VALID TODAY AS OF 0500 PM LOCAL TIME.

CLIMATE NORMAL PERIOD 1981 TO 2010
CLIMATE RECORD PERIOD 1895 TO 2015


WEATHER ITEM   OBSERVED TIME   RECORD YEAR NORMAL DEPARTURE LAST
                VALUE   (LST)  VALUE       VALUE  FROM      YEAR
                                                  NORMAL
..................................................................
TEMPERATURE (F)
 TODAY
  MAXIMUM         82    356 PM  99    2002  78      4       86
  MINIMUM         59    613 AM  39    1964  55      4       59
  AVERAGE         71                        67      4       73

PRECIPITATION (IN)
  TODAY            0.00          1.52 1932   0.15  -0.15     0.00
  MONTH TO DATE    0.00                      0.31  -0.31     0.39
  SINCE JUN 1      0.00                      0.31  -0.31     0.39
  SINCE JAN 1      7.16                     10.26  -3.10     4.88

SNOWFALL (IN)
  TODAY            0.0          MM      MM   0.0    0.0      0.0
  MONTH TO DATE    0.0                       0.0    0.0      0.0
  SINCE JUN 1      0.0                       0.0    0.0      0.0
  SINCE JUL 1     24.3                      29.0   -4.7     16.4
  SNOW DEPTH       0

DEGREE DAYS
 HEATING
  TODAY            0                         2     -2        0
  MONTH TO DATE    0                         4     -4        0
  SINCE JUN 1      0                         4     -4        0
  SINCE JUL 1   5961                      6179   -218     6256

 COOLING
  TODAY            6                         4      2        8
  MONTH TO DATE    9                         8      1       19
  SINCE JUN 1      9                         8      1       19
  SINCE JAN 1     36                        73    -37      138
..................................................................


WIND (MPH)
  HIGHEST WIND SPEED    29   HIGHEST WIND DIRECTION    SE (140)
  HIGHEST GUST SPEED    33   HIGHEST GUST DIRECTION    SE (140)
  AVERAGE WIND SPEED    15.3


SKY COVER
  POSSIBLE SUNSHINE  MM
  AVERAGE SKY COVER 0.7


WEATHER CONDITIONS
 THE FOLLOWING WEATHER WAS RECORDED TODAY.
  NO SIGNIFICANT WEATHER WAS OBSERVED.


RELATIVE HUMIDITY (PERCENT)
 HIGHEST    93           600 AM
 LOWEST     51           400 PM
 AVERAGE    72

..........................................................


THE GRAND ISLAND NE CLIMATE NORMALS FOR TOMORROW
                         NORMAL    RECORD    YEAR
 MAXIMUM TEMPERATURE (F)   79        98      1968
                                             1931
 MINIMUM TEMPERATURE (F)   56        41      1998
                                             1951


SUNRISE AND SUNSET
JUNE  2 2015..........SUNRISE   603 AM CDT   SUNSET   900 PM CDT
JUNE  3 2015..........SUNRISE   603 AM CDT   SUNSET   900 PM CDT


-  INDICATES NEGATIVE NUMBERS.
R  INDICATES RECORD WAS SET OR TIED.
MM INDICATES DATA IS MISSING.
T  INDICATES TRACE AMOUNT.




$$
