000
CDUS42 KRAH 212100
CLIGSO


CLIMATE REPORT
NATIONAL WEATHER SERVICE RALEIGH NC
454 PM EDT MON AUG 21 2017


...................................

...THE PIEDMONT TRIAD INTL AIRPORT NC CLIMATE SUMMARY FOR AUGUST 21 2017...
VALID TODAY AS OF 0454 PM LOCAL TIME.

CLIMATE NORMAL PERIOD 1981 TO 2010
CLIMATE RECORD PERIOD 1903 TO 2017


WEATHER ITEM   OBSERVED TIME   RECORD YEAR NORMAL DEPARTURE LAST
                VALUE   (LST)  VALUE       VALUE  FROM      YEAR
                                                  NORMAL
..................................................................
TEMPERATURE (F)
 TODAY
  MAXIMUM         89   1101 AM 100    2007  86      3       90
                                      1983
  MINIMUM         74    603 AM  52    1918  68      6       72
  AVERAGE         82                        77      5       81

PRECIPITATION (IN)
  TODAY            0.15          2.81 1965   0.13   0.02     0.55
  MONTH TO DATE    2.13                      2.58  -0.45     4.57
  SINCE JUN 1     13.11                     10.79   2.32    11.43
  SINCE JAN 1     34.14                     27.49   6.65    30.40

DEGREE DAYS
 HEATING
  TODAY            0                         0      0        0
  MONTH TO DATE    0                         0      0        0
  SINCE JUN 1      1                         6     -5        0
  SINCE JUL 1      0                         0      0        0

 COOLING
  TODAY           17                        12      5       16
  MONTH TO DATE  269                       267      2      332
  SINCE JUN 1   1032                       993     39     1221
  SINCE JAN 1   1266                      1152    114     1421
..................................................................


WIND (MPH)
  HIGHEST WIND SPEED    22   HIGHEST WIND DIRECTION    NE (50)
  HIGHEST GUST SPEED    26   HIGHEST GUST DIRECTION    NE (60)
  AVERAGE WIND SPEED     4.6


SKY COVER
  POSSIBLE SUNSHINE  MM
  AVERAGE SKY COVER 0.6


WEATHER CONDITIONS
 THE FOLLOWING WEATHER WAS RECORDED TODAY.
  THUNDERSTORM
  RAIN
  LIGHT RAIN


RELATIVE HUMIDITY (PERCENT)
 HIGHEST    93           600 AM
 LOWEST     59          1100 AM
 AVERAGE    76

..........................................................


THE PIEDMONT TRIAD INTL AIRPORT NC CLIMATE NORMALS FOR TOMORROW
                         NORMAL    RECORD    YEAR
 MAXIMUM TEMPERATURE (F)   86       100      1983
 MINIMUM TEMPERATURE (F)   68        50      1922


SUNRISE AND SUNSET
AUGUST 21 2017........SUNRISE   643 AM EDT   SUNSET   802 PM EDT
AUGUST 22 2017........SUNRISE   644 AM EDT   SUNSET   801 PM EDT


-  INDICATES NEGATIVE NUMBERS.
R  INDICATES RECORD WAS SET OR TIED.
MM INDICATES DATA IS MISSING.
T  INDICATES TRACE AMOUNT.




$$
