000
CDUS42 KRAH 120546
CLIGSO


CLIMATE REPORT
NATIONAL WEATHER SERVICE RALEIGH NC
1243 AM EST TUE DEC 12 2017


...................................

...THE PIEDMONT TRIAD INTL AIRPORT NC CLIMATE SUMMARY FOR DECEMBER 11 2017...

CLIMATE NORMAL PERIOD 1981 TO 2010
CLIMATE RECORD PERIOD 1903 TO 2017


WEATHER ITEM   OBSERVED TIME   RECORD YEAR NORMAL DEPARTURE LAST
                VALUE   (LST)  VALUE       VALUE  FROM      YEAR
                                                  NORMAL
..................................................................
TEMPERATURE (F)
 YESTERDAY
  MAXIMUM         51    420 PM  78    2007  52     -1       44
  MINIMUM         25    643 AM  10    1958  33     -8       22
                                      1917
  AVERAGE         38                        42     -4       33

PRECIPITATION (IN)
  YESTERDAY        0.00          1.46 1961   0.10  -0.10     0.02
  MONTH TO DATE    1.14                      1.10   0.04     1.19
  SINCE DEC 1      1.14                      1.10   0.04     1.19
  SINCE JAN 1     42.37                     40.32   2.05    39.14

SNOWFALL (IN)
  YESTERDAY        0.0           2.4  1958   0.0    0.0      0.0
  MONTH TO DATE    2.2                       0.1    2.1      0.0
  SINCE DEC 1      2.2                       0.1    2.1      0.0
  SINCE JUL 1      2.2                       0.2    2.0      0.0
  SNOW DEPTH       1

DEGREE DAYS
 HEATING
  YESTERDAY       27                        23      4       32
  MONTH TO DATE  232                       237     -5      256
  SINCE DEC 1    232                       237     -5      256
  SINCE JUL 1    859                       917    -58      706

 COOLING
  YESTERDAY        0                         0      0        0
  MONTH TO DATE    0                         0      0        0
  SINCE DEC 1      0                         0      0        0
  SINCE JAN 1   1612                      1483    129     1974
..................................................................


WIND (MPH)
  HIGHEST WIND SPEED    12   HIGHEST WIND DIRECTION     S (190)
  HIGHEST GUST SPEED    14   HIGHEST GUST DIRECTION    SW (230)
  AVERAGE WIND SPEED     5.8


SKY COVER
  POSSIBLE SUNSHINE  MM
  AVERAGE SKY COVER 0.1


WEATHER CONDITIONS
 THE FOLLOWING WEATHER WAS RECORDED YESTERDAY.
  NO SIGNIFICANT WEATHER WAS OBSERVED.


RELATIVE HUMIDITY (PERCENT)
 HIGHEST    85           800 AM
 LOWEST     46           300 PM
 AVERAGE    66

..........................................................


THE PIEDMONT TRIAD INTL AIRPORT NC CLIMATE NORMALS FOR TODAY
                         NORMAL    RECORD    YEAR
 MAXIMUM TEMPERATURE (F)   51        77      2007
 MINIMUM TEMPERATURE (F)   33         1      1958


SUNRISE AND SUNSET
DECEMBER 12 2017......SUNRISE   721 AM EST   SUNSET   506 PM EST
DECEMBER 13 2017......SUNRISE   722 AM EST   SUNSET   506 PM EST


-  INDICATES NEGATIVE NUMBERS.
R  INDICATES RECORD WAS SET OR TIED.
MM INDICATES DATA IS MISSING.
T  INDICATES TRACE AMOUNT.




$$
