000
CDUS42 KRAH 060751
CLIGSO


CLIMATE REPORT
NATIONAL WEATHER SERVICE RALEIGH NC
349 AM EDT FRI MAY 6 2016


...................................

...THE PIEDMONT TRIAD INTL AIRPORT NC CLIMATE SUMMARY FOR MAY 5 2016...

CLIMATE NORMAL PERIOD 1981 TO 2010
CLIMATE RECORD PERIOD 1903 TO 2016


WEATHER ITEM   OBSERVED TIME   RECORD YEAR NORMAL DEPARTURE LAST
                VALUE   (LST)  VALUE       VALUE  FROM      YEAR
                                                  NORMAL
..................................................................
TEMPERATURE (F)
 YESTERDAY
  MAXIMUM         56    304 AM  91    1928  75    -19       83
  MINIMUM         46   1159 PM  34    1940  53     -7       59
  AVERAGE         51                        64    -13       71

PRECIPITATION (IN)
  YESTERDAY        1.44          1.75 2009   0.10   1.34     0.00
  MONTH TO DATE    4.57                      0.51   4.06     1.16
  SINCE MAR 1      8.73                      7.81   0.92     6.38
  SINCE JAN 1     14.87                     13.83   1.04    11.06

SNOWFALL (IN)
  YESTERDAY        0.0           0.0  2002   0.0    0.0      0.0
                                      2001
  MONTH TO DATE    0.0                       0.0    0.0      0.0
  SINCE MAR 1      0.0                       0.8   -0.8       T
  SINCE JUL 1      4.5                       7.5   -3.0      9.6
  SNOW DEPTH       0

DEGREE DAYS
 HEATING
  YESTERDAY       14                         3     11        0
  MONTH TO DATE   16                        19     -3       16
  SINCE MAR 1    469                       710   -241      606
  SINCE JUL 1   2855                      3565   -710     3691

 COOLING
  YESTERDAY        0                         2     -2        6
  MONTH TO DATE   15                        10      5       10
  SINCE MAR 1     92                        48     44       47
  SINCE JAN 1     92                        48     44       47
..................................................................


WIND (MPH)
  HIGHEST WIND SPEED    15   HIGHEST WIND DIRECTION    NW (310)
  HIGHEST GUST SPEED    21   HIGHEST GUST DIRECTION     N (20)
  AVERAGE WIND SPEED     7.6


SKY COVER
  POSSIBLE SUNSHINE  MM
  AVERAGE SKY COVER 1.0


WEATHER CONDITIONS
 THE FOLLOWING WEATHER WAS RECORDED YESTERDAY.
  HEAVY RAIN
  RAIN
  LIGHT RAIN
  FOG


RELATIVE HUMIDITY (PERCENT)
 HIGHEST   100          1000 AM
 LOWEST     66          1200 AM
 AVERAGE    83

..........................................................


THE PIEDMONT TRIAD INTL AIRPORT NC CLIMATE NORMALS FOR TODAY
                         NORMAL    RECORD    YEAR
 MAXIMUM TEMPERATURE (F)   75        91      1950
 MINIMUM TEMPERATURE (F)   53        36      1973


SUNRISE AND SUNSET
MAY  6 2016...........SUNRISE   621 AM EDT   SUNSET   812 PM EDT
MAY  7 2016...........SUNRISE   620 AM EDT   SUNSET   813 PM EDT


-  INDICATES NEGATIVE NUMBERS.
R  INDICATES RECORD WAS SET OR TIED.
MM INDICATES DATA IS MISSING.
T  INDICATES TRACE AMOUNT.




$$
