000
CDUS42 KRAH 140534
CLIGSO


CLIMATE REPORT
NATIONAL WEATHER SERVICE RALEIGH NC
133 AM EDT MON JUL 14 2014


...................................

...THE PIEDMONT TRIAD INTL AIRPORT NC CLIMATE SUMMARY FOR JULY 13 2014...

CLIMATE NORMAL PERIOD 1981 TO 2010
CLIMATE RECORD PERIOD 1903 TO 2014


WEATHER ITEM   OBSERVED TIME   RECORD YEAR NORMAL DEPARTURE LAST
                VALUE   (LST)  VALUE       VALUE  FROM      YEAR
                                                  NORMAL
..................................................................
TEMPERATURE (F)
 YESTERDAY
  MAXIMUM         93    244 PM  99    1914  88      5       79
  MINIMUM         71    600 AM  53    1963  69      2       68
  AVERAGE         82                        79      3       74

PRECIPITATION (IN)
  YESTERDAY        0.00          3.20 2010   0.15  -0.15     0.02
  MONTH TO DATE    0.14                      1.74  -1.60     4.24
  SINCE JUN 1      3.14                      5.47  -2.33    12.61
  SINCE JAN 1     20.63                     22.17  -1.54    30.96

DEGREE DAYS
 HEATING
  YESTERDAY        0                         0      0        0
  MONTH TO DATE    0                         0      0        0
  SINCE JUN 1      0                         6     -6        0
  SINCE JUL 1      0                         0      0        0

 COOLING
  YESTERDAY       17                        14      3        9
  MONTH TO DATE  187                       176     11      159
  SINCE JUN 1    544                       483     61      458
  SINCE JAN 1    741                       642     99      608
..................................................................


WIND (MPH)
  HIGHEST WIND SPEED    15   HIGHEST WIND DIRECTION    SW (210)
  HIGHEST GUST SPEED    21   HIGHEST GUST DIRECTION    SW (240)
  AVERAGE WIND SPEED     7.4


SKY COVER
  POSSIBLE SUNSHINE  MM
  AVERAGE SKY COVER 0.5


WEATHER CONDITIONS
 THE FOLLOWING WEATHER WAS RECORDED YESTERDAY.
  NO SIGNIFICANT WEATHER WAS OBSERVED.


RELATIVE HUMIDITY (PERCENT)
 HIGHEST    90           600 AM
 LOWEST     44           300 PM
 AVERAGE    67

..........................................................


THE PIEDMONT TRIAD INTL AIRPORT NC CLIMATE NORMALS FOR TODAY
                         NORMAL    RECORD    YEAR
 MAXIMUM TEMPERATURE (F)   88       102      1954
 MINIMUM TEMPERATURE (F)   69        54      1940


SUNRISE AND SUNSET
JULY 14 2014..........SUNRISE   614 AM EDT   SUNSET   837 PM EDT
JULY 15 2014..........SUNRISE   614 AM EDT   SUNSET   837 PM EDT


-  INDICATES NEGATIVE NUMBERS.
R  INDICATES RECORD WAS SET OR TIED.
MM INDICATES DATA IS MISSING.
T  INDICATES TRACE AMOUNT.




$$
