000
CDUS42 KRAH 210625
CLIGSO


CLIMATE REPORT
NATIONAL WEATHER SERVICE RALEIGH NC
119 AM EST WED FEB 21 2018


...................................

...THE PIEDMONT TRIAD INTL AIRPORT NC CLIMATE SUMMARY FOR FEBRUARY 20 2018...

CLIMATE NORMAL PERIOD 1981 TO 2010
CLIMATE RECORD PERIOD 1903 TO 2018


WEATHER ITEM   OBSERVED TIME   RECORD YEAR NORMAL DEPARTURE LAST
                VALUE   (LST)  VALUE       VALUE  FROM      YEAR
                                                  NORMAL
..................................................................
TEMPERATURE (F)
 YESTERDAY
  MAXIMUM         71    327 PM  74    1922  54     17       72
  MINIMUM         51    527 AM   6    2015  33     18       39
  AVERAGE         61                        44     17       56

PRECIPITATION (IN)
  YESTERDAY        T             1.48 1904   0.11  -0.11     0.00
  MONTH TO DATE    2.53                      2.04   0.49     0.34
  SINCE DEC 1      7.78                      8.08  -0.30     7.16
  SINCE JAN 1      6.18                      5.10   1.08     5.46

SNOWFALL (IN)
  YESTERDAY        0.0           2.0  1904   0.1   -0.1      0.0
  MONTH TO DATE    T                         1.8   -1.8       T
  SINCE DEC 1      9.7                       6.0    3.7      8.0
  SINCE JUL 1      9.7                       6.1    3.6      8.0
  SNOW DEPTH       0

DEGREE DAYS
 HEATING
  YESTERDAY        4                        22    -18        9
  MONTH TO DATE  359                       469   -110      311
  SINCE DEC 1   2008                      2012     -4     1644
  SINCE JUL 1   2635                      2692    -57     2094

 COOLING
  YESTERDAY        0                         0      0        0
  MONTH TO DATE    1                         0      1        4
  SINCE DEC 1      1                         1      0        4
  SINCE JAN 1      1                         0      1        4
..................................................................


WIND (MPH)
  HIGHEST WIND SPEED    18   HIGHEST WIND DIRECTION    SW (210)
  HIGHEST GUST SPEED    24   HIGHEST GUST DIRECTION    SW (220)
  AVERAGE WIND SPEED     4.9


SKY COVER
  POSSIBLE SUNSHINE  MM
  AVERAGE SKY COVER 0.9


WEATHER CONDITIONS
 THE FOLLOWING WEATHER WAS RECORDED YESTERDAY.
  LIGHT RAIN
  FOG
  FOG W/VISIBILITY <= 1/4 MILE


RELATIVE HUMIDITY (PERCENT)
 HIGHEST   100          1200 AM
 LOWEST     73           300 PM
 AVERAGE    87

..........................................................


THE PIEDMONT TRIAD INTL AIRPORT NC CLIMATE NORMALS FOR TODAY
                         NORMAL    RECORD    YEAR
 MAXIMUM TEMPERATURE (F)   54        74      2011
 MINIMUM TEMPERATURE (F)   34        13      1959


SUNRISE AND SUNSET
FEBRUARY 21 2018......SUNRISE   700 AM EST   SUNSET   607 PM EST
FEBRUARY 22 2018......SUNRISE   659 AM EST   SUNSET   608 PM EST


-  INDICATES NEGATIVE NUMBERS.
R  INDICATES RECORD WAS SET OR TIED.
MM INDICATES DATA IS MISSING.
T  INDICATES TRACE AMOUNT.




$$
