000
CDUS42 KRAH 240719
CLIGSO


CLIMATE REPORT
NATIONAL WEATHER SERVICE RALEIGH NC
318 AM EDT SUN MAY 24 2015


...................................

...THE PIEDMONT TRIAD INTL AIRPORT NC CLIMATE SUMMARY FOR MAY 23 2015...

CLIMATE NORMAL PERIOD 1981 TO 2010
CLIMATE RECORD PERIOD 1903 TO 2015


WEATHER ITEM   OBSERVED TIME   RECORD YEAR NORMAL DEPARTURE LAST
                VALUE   (LST)  VALUE       VALUE  FROM      YEAR
                                                  NORMAL
..................................................................
TEMPERATURE (F)
 YESTERDAY
  MAXIMUM         77    437 PM  97    1925  79     -2       83
  MINIMUM         52    524 AM  38    2002  58     -6       66
  AVERAGE         65                        69     -4       75

PRECIPITATION (IN)
  YESTERDAY        0.00          1.22 1984   0.11  -0.11      T
  MONTH TO DATE    2.64                      2.42   0.22     1.92
  SINCE MAR 1      7.86                      9.72  -1.86    10.58
  SINCE JAN 1     12.54                     15.74  -3.20    16.80

DEGREE DAYS
 HEATING
  YESTERDAY        0                         1     -1        0
  MONTH TO DATE   20                        59    -39       31
  SINCE MAR 1    610                       750   -140      841
  SINCE JUL 1   3695                      3605     90     3818

 COOLING
  YESTERDAY        0                         5     -5       10
  MONTH TO DATE  122                        74     48      114
  SINCE MAR 1    159                       112     47      134
  SINCE JAN 1    159                       112     47      134
..................................................................


WIND (MPH)
  HIGHEST WIND SPEED    17   HIGHEST WIND DIRECTION     E (70)
  HIGHEST GUST SPEED    22   HIGHEST GUST DIRECTION     E (70)
  AVERAGE WIND SPEED     3.8


SKY COVER
  POSSIBLE SUNSHINE  MM
  AVERAGE SKY COVER 0.4


WEATHER CONDITIONS
 THE FOLLOWING WEATHER WAS RECORDED YESTERDAY.
  NO SIGNIFICANT WEATHER WAS OBSERVED.


RELATIVE HUMIDITY (PERCENT)
 HIGHEST    83           300 AM
 LOWEST     33           200 PM
 AVERAGE    58

..........................................................


THE PIEDMONT TRIAD INTL AIRPORT NC CLIMATE NORMALS FOR TODAY
                         NORMAL    RECORD    YEAR
 MAXIMUM TEMPERATURE (F)   79        93      1915
 MINIMUM TEMPERATURE (F)   59        38      1931


SUNRISE AND SUNSET
MAY 24 2015...........SUNRISE   608 AM EDT   SUNSET   826 PM EDT
MAY 25 2015...........SUNRISE   607 AM EDT   SUNSET   826 PM EDT


-  INDICATES NEGATIVE NUMBERS.
R  INDICATES RECORD WAS SET OR TIED.
MM INDICATES DATA IS MISSING.
T  INDICATES TRACE AMOUNT.




$$
