000
CDUS42 KGSP 012138
CLIGSP

CLIMATE REPORT
NATIONAL WEATHER SERVICE GREENVILLE-SPARTANBURG SC
435 PM EST SUN FEB 1 2015


...................................

...THE GREENVILLE-SPARTANBURG SC CLIMATE SUMMARY FOR FEBRUARY 1 2015...
VALID TODAY AS OF 0400 PM LOCAL TIME.

CLIMATE NORMAL PERIOD 1981 TO 2010
CLIMATE RECORD PERIOD 1884 TO 2015


WEATHER ITEM   OBSERVED TIME   RECORD YEAR NORMAL DEPARTURE LAST
                VALUE   (LST)  VALUE       VALUE  FROM      YEAR
                                                  NORMAL
..................................................................
TEMPERATURE (F)
 TODAY
  MAXIMUM         57    400 PM  73    1957  54      3       57
  MINIMUM         39    724 AM   9    1900  33      6       27
  AVERAGE         48                        43      5       42

PRECIPITATION (IN)
  TODAY            0.00          1.95 1902   0.13  -0.13     0.00
  MONTH TO DATE    0.00                      0.13  -0.13     0.00
  SINCE DEC 1      7.49                      8.06  -0.57     9.83
  SINCE JAN 1      3.86                      3.95  -0.09     3.16

SNOWFALL (IN)
  TODAY            0.0           1.5  2007   0.0    0.0      0.0
  MONTH TO DATE    0.0                       0.0    0.0      0.0
  SINCE DEC 1      0.0                       2.7   -2.7      0.8
  SINCE JUL 1      T                         2.8   -2.8      0.9
  SNOW DEPTH       0

DEGREE DAYS
 HEATING
  TODAY           17                        22     -5       23
  MONTH TO DATE   17                        22     -5       23
  SINCE DEC 1   1258                      1379   -121     1470
  SINCE JUL 1   1895                      1932    -37     2074

 COOLING
  TODAY            0                         0      0        0
  MONTH TO DATE    0                         0      0        0
  SINCE DEC 1      0                         1     -1        6
  SINCE JAN 1      0                         0      0        0
..................................................................


WIND (MPH)
  HIGHEST WIND SPEED    13   HIGHEST WIND DIRECTION    SW (210)
  HIGHEST GUST SPEED    16   HIGHEST GUST DIRECTION     S (200)
  AVERAGE WIND SPEED     6.8


SKY COVER
  POSSIBLE SUNSHINE  MM
  AVERAGE SKY COVER 0.3


WEATHER CONDITIONS
 THE FOLLOWING WEATHER WAS RECORDED TODAY.
  NO SIGNIFICANT WEATHER WAS OBSERVED.


RELATIVE HUMIDITY (PERCENT)
 HIGHEST    61          1200 PM
 LOWEST     43           300 AM
 AVERAGE    52

..........................................................


THE GREENVILLE-SPARTANBURG SC CLIMATE NORMALS FOR TOMORROW
                         NORMAL    RECORD    YEAR
 MAXIMUM TEMPERATURE (F)   54        77      1989
 MINIMUM TEMPERATURE (F)   33         9      1900


SUNRISE AND SUNSET
FEBRUARY  1 2015......SUNRISE   728 AM EST   SUNSET   558 PM EST
FEBRUARY  2 2015......SUNRISE   727 AM EST   SUNSET   559 PM EST


-  INDICATES NEGATIVE NUMBERS.
R  INDICATES RECORD WAS SET OR TIED.
MM INDICATES DATA IS MISSING.
T  INDICATES TRACE AMOUNT.




$$
