795
CDUS42 KGSP 100639
CLIGSP

CLIMATE REPORT
NATIONAL WEATHER SERVICE GREENVILLE-SPARTANBURG SC
136 AM EST WED FEB 10 2016


...................................

...THE GREENVILLE-SPARTANBURG SC CLIMATE SUMMARY FOR FEBRUARY 9 2016...

CLIMATE NORMAL PERIOD 1981 TO 2010
CLIMATE RECORD PERIOD 1884 TO 2016


WEATHER ITEM   OBSERVED TIME   RECORD YEAR NORMAL DEPARTURE LAST
                VALUE   (LST)  VALUE       VALUE  FROM      YEAR
                                                  NORMAL
..................................................................
TEMPERATURE (F)
 YESTERDAY
  MAXIMUM         40    353 PM  76    1994  55    -15       56
  MINIMUM         26   1159 PM   9    1995  34     -8       51
  AVERAGE         33                        45    -12       54

PRECIPITATION (IN)
  YESTERDAY        0.00          1.67 1921   0.13  -0.13     0.46
  MONTH TO DATE    1.62                      1.19   0.43     1.34
  SINCE DEC 1     15.24                      9.12   6.12     8.83
  SINCE JAN 1      5.16                      5.01   0.15     5.20

SNOWFALL (IN)
  YESTERDAY        0.0           5.3  1948   0.0    0.0      0.0
  MONTH TO DATE    T                         0.3   -0.3      0.0
  SINCE DEC 1      2.2                       3.0   -0.8      0.0
  SINCE JUL 1      2.2                       3.1   -0.9       T
  SNOW DEPTH       0

DEGREE DAYS
 HEATING
  YESTERDAY       32                        20     12       11
  MONTH TO DATE  163                       189    -26      189
  SINCE DEC 1   1231                      1546   -315     1430
  SINCE JUL 1   1676                      2099   -423     2067

 COOLING
  YESTERDAY        0                         0      0        0
  MONTH TO DATE    0                         0      0        0
  SINCE DEC 1     11                         1     10        0
  SINCE JAN 1      0                         0      0        0
..................................................................


WIND (MPH)
  HIGHEST WIND SPEED    22   HIGHEST WIND DIRECTION    SW (240)
  HIGHEST GUST SPEED    28   HIGHEST GUST DIRECTION     W (260)
  AVERAGE WIND SPEED    10.5


SKY COVER
  POSSIBLE SUNSHINE  MM
  AVERAGE SKY COVER 0.8


WEATHER CONDITIONS
 THE FOLLOWING WEATHER WAS RECORDED YESTERDAY.
  NO SIGNIFICANT WEATHER WAS OBSERVED.


RELATIVE HUMIDITY (PERCENT)
 HIGHEST    69           200 AM
 LOWEST     37           400 PM
 AVERAGE    53

..........................................................


THE GREENVILLE-SPARTANBURG SC CLIMATE NORMALS FOR TODAY
                         NORMAL    RECORD    YEAR
 MAXIMUM TEMPERATURE (F)   56        78      1938
 MINIMUM TEMPERATURE (F)   34        12      1971
                                             1899


SUNRISE AND SUNSET
FEBRUARY 10 2016......SUNRISE   720 AM EST   SUNSET   606 PM EST
FEBRUARY 11 2016......SUNRISE   719 AM EST   SUNSET   607 PM EST


-  INDICATES NEGATIVE NUMBERS.
R  INDICATES RECORD WAS SET OR TIED.
MM INDICATES DATA IS MISSING.
T  INDICATES TRACE AMOUNT.




$$
