000
CDUS42 KGSP 250635
CLIGSP

CLIMATE REPORT
NATIONAL WEATHER SERVICE GREENVILLE-SPARTANBURG SC
135 AM EST SAT FEB 25 2017


...................................

...THE GREENVILLE-SPARTANBURG SC CLIMATE SUMMARY FOR FEBRUARY 24 2017...

CLIMATE NORMAL PERIOD 1981 TO 2010
CLIMATE RECORD PERIOD 1884 TO 2017


WEATHER ITEM   OBSERVED TIME   RECORD YEAR NORMAL DEPARTURE LAST
                VALUE   (LST)  VALUE       VALUE  FROM      YEAR
                                                  NORMAL
..................................................................
TEMPERATURE (F)
 YESTERDAY
  MAXIMUM         76    328 PM  79    1982  59     17       70
  MINIMUM         49    608 AM  15    1967  37     12       41
                                      1901
  AVERAGE         63                        48     15       56

PRECIPITATION (IN)
  YESTERDAY        0.00          2.29 1917   0.15  -0.15     0.43
  MONTH TO DATE    1.20                      3.38  -2.18     4.72
  SINCE DEC 1      8.41                     11.31  -2.90    18.34
  SINCE JAN 1      5.72                      7.20  -1.48     8.26

SNOWFALL (IN)
  YESTERDAY        0.0           1.0  2015   0.1   -0.1      0.0
  MONTH TO DATE    0.0                       0.9   -0.9      0.4
  SINCE DEC 1      3.1                       3.6   -0.5      2.6
  SINCE JUL 1      3.1                       3.7   -0.6      2.6
  SNOW DEPTH       0

DEGREE DAYS
 HEATING
  YESTERDAY        2                        17    -15        9
  MONTH TO DATE  263                       472   -209      497
  SINCE DEC 1   1355                      1829   -474     1565
  SINCE JUL 1   1681                      2382   -701     2010

 COOLING
  YESTERDAY        0                         0      0        0
  MONTH TO DATE    6                         0      6        0
  SINCE DEC 1      6                         1      5       11
  SINCE JAN 1      6                         0      6        0
..................................................................


WIND (MPH)
  HIGHEST WIND SPEED    13   HIGHEST WIND DIRECTION     S (190)
  HIGHEST GUST SPEED    16   HIGHEST GUST DIRECTION     S (190)
  AVERAGE WIND SPEED     3.7


SKY COVER
  POSSIBLE SUNSHINE  MM
  AVERAGE SKY COVER 0.5


WEATHER CONDITIONS
 THE FOLLOWING WEATHER WAS RECORDED YESTERDAY.
  FOG
  FOG W/VISIBILITY <= 1/4 MILE


RELATIVE HUMIDITY (PERCENT)
 HIGHEST    93           600 AM
 LOWEST     46           400 PM
 AVERAGE    70

..........................................................


THE GREENVILLE-SPARTANBURG SC CLIMATE NORMALS FOR TODAY
                         NORMAL    RECORD    YEAR
 MAXIMUM TEMPERATURE (F)   59        79      1930
 MINIMUM TEMPERATURE (F)   37         8      1967


SUNRISE AND SUNSET
FEBRUARY 25 2017......SUNRISE   703 AM EST   SUNSET   621 PM EST
FEBRUARY 26 2017......SUNRISE   702 AM EST   SUNSET   622 PM EST


-  INDICATES NEGATIVE NUMBERS.
R  INDICATES RECORD WAS SET OR TIED.
MM INDICATES DATA IS MISSING.
T  INDICATES TRACE AMOUNT.

$$

OUTLAW
