000
CDUS42 KGSP 030835
CLIGSP

CLIMATE REPORT
NATIONAL WEATHER SERVICE GREENVILLE-SPARTANBURG SC
242 AM EDT TUE MAY 3 2016


...................................

...THE GREENVILLE-SPARTANBURG SC CLIMATE SUMMARY FOR MAY 2 2016...

CLIMATE NORMAL PERIOD 1981 TO 2010
CLIMATE RECORD PERIOD 1884 TO 2016


WEATHER ITEM   OBSERVED TIME   RECORD YEAR NORMAL DEPARTURE LAST
                VALUE   (LST)  VALUE       VALUE  FROM      YEAR
                                                  NORMAL
..................................................................
TEMPERATURE (F)
 YESTERDAY
  MAXIMUM         84    407 PM  91    1887  77      7       77
  MINIMUM         64    137 AM  38    1963  53     11       48
                                      1908
  AVERAGE         74                        65      9       63

PRECIPITATION (IN)
  YESTERDAY        0.07          1.59 2000   0.12  -0.05     0.00
  MONTH TO DATE    1.64                      0.24   1.40     0.00
  SINCE MAR 1      5.65                      8.12  -2.47     8.27
  SINCE JAN 1     13.91                     15.91  -2.00    15.59

SNOWFALL (IN)
  YESTERDAY        0.0           0.0    MM   0.0    0.0      0.0
  MONTH TO DATE    0.0                       0.0    0.0      0.0
  SINCE MAR 1      T                         0.9   -0.9      0.0
  SINCE JUL 1      2.6                       4.7   -2.1      3.7
  SNOW DEPTH       0

DEGREE DAYS
 HEATING
  YESTERDAY        0                         3     -3        2
  MONTH TO DATE    0                         6     -6        8
  SINCE MAR 1    367                       563   -196      403
  SINCE JUL 1   2464                      3012   -548     3017

 COOLING
  YESTERDAY        9                         2      7        0
  MONTH TO DATE   16                         4     12        0
  SINCE MAR 1    101                        52     49       56
  SINCE JAN 1    101                        52     49       56
..................................................................


WIND (MPH)
  HIGHEST WIND SPEED    20   HIGHEST WIND DIRECTION    SW (220)
  HIGHEST GUST SPEED    27   HIGHEST GUST DIRECTION    SW (230)
  AVERAGE WIND SPEED     8.5


SKY COVER
  POSSIBLE SUNSHINE  MM
  AVERAGE SKY COVER 0.4


WEATHER CONDITIONS
 THE FOLLOWING WEATHER WAS RECORDED YESTERDAY.
  THUNDERSTORM
  FOG


RELATIVE HUMIDITY (PERCENT)
 HIGHEST   100           100 AM
 LOWEST     44           400 PM
 AVERAGE    72

..........................................................


THE GREENVILLE-SPARTANBURG SC CLIMATE NORMALS FOR TODAY
                         NORMAL    RECORD    YEAR
 MAXIMUM TEMPERATURE (F)   77        91      1959
                                             1887
 MINIMUM TEMPERATURE (F)   53        27      1885


SUNRISE AND SUNSET
MAY  3 2016...........SUNRISE   636 AM EDT   SUNSET   816 PM EDT
MAY  4 2016...........SUNRISE   635 AM EDT   SUNSET   817 PM EDT


-  INDICATES NEGATIVE NUMBERS.
R  INDICATES RECORD WAS SET OR TIED.
MM INDICATES DATA IS MISSING.
T  INDICATES TRACE AMOUNT.




$$
