000
CDUS42 KGSP 020628 RRB
CLIGSP

CLIMATE REPORT
NATIONAL WEATHER SERVICE GREENVILLE-SPARTANBURG SC
127 AM EST MON MAR 2 2015


...................................

...THE GREENVILLE-SPARTANBURG SC CLIMATE SUMMARY FOR MARCH 1 2015...

CLIMATE NORMAL PERIOD 1981 TO 2010
CLIMATE RECORD PERIOD 1884 TO 2015


WEATHER ITEM   OBSERVED TIME   RECORD YEAR NORMAL DEPARTURE LAST
                VALUE   (LST)  VALUE       VALUE  FROM      YEAR
                                                  NORMAL
..................................................................
TEMPERATURE (F)
 YESTERDAY
  MAXIMUM         44   1101 PM  80    1918  60    -16       59
  MINIMUM         32    758 AM  19    1906  38     -6       35
  AVERAGE         38                        49    -11       47

PRECIPITATION (IN)
  YESTERDAY        0.13          2.83 2007   0.15  -0.02      T
  MONTH TO DATE    0.13                      0.15  -0.02      T
  SINCE MAR 1      0.13                      0.15  -0.02      T
  SINCE JAN 1      7.45                      7.94  -0.49     6.24

SNOWFALL (IN)
  YESTERDAY        0.0           5.5  1927   0.0    0.0       T
  MONTH TO DATE    0.0                       0.0    0.0       T
  SINCE MAR 1      0.0                       0.0    0.0       T
  SINCE JUL 1      3.7                       3.8   -0.1      7.2
  SNOW DEPTH       0

DEGREE DAYS
 HEATING
  YESTERDAY       27                        16     11       18
  MONTH TO DATE   27                        16     11       18
  SINCE MAR 1     27                        16     11       18
  SINCE JUL 1   2641                      2465    176     2577

 COOLING
  YESTERDAY        0                         0      0        0
  MONTH TO DATE    0                         0      0        0
  SINCE MAR 1      0                         0      0        0
  SINCE JAN 1      0                         0      0        0
..................................................................


WIND (MPH)
  HIGHEST WIND SPEED    12   HIGHEST WIND DIRECTION     W (250)
  HIGHEST GUST SPEED    16   HIGHEST GUST DIRECTION    NE (30)
  AVERAGE WIND SPEED     5.4


SKY COVER
  POSSIBLE SUNSHINE  MM
  AVERAGE SKY COVER 1.0


WEATHER CONDITIONS
 THE FOLLOWING WEATHER WAS RECORDED YESTERDAY.
  RAIN
  LIGHT RAIN
  FOG


RELATIVE HUMIDITY (PERCENT)
 HIGHEST   100           900 AM
 LOWEST     59          1200 AM
 AVERAGE    80

..........................................................


THE GREENVILLE-SPARTANBURG SC CLIMATE NORMALS FOR TODAY
                         NORMAL    RECORD    YEAR
 MAXIMUM TEMPERATURE (F)   60        81      1976
 MINIMUM TEMPERATURE (F)   38        16      1914


SUNRISE AND SUNSET
MARCH  2 2015.........SUNRISE   657 AM EST   SUNSET   625 PM EST
MARCH  3 2015.........SUNRISE   656 AM EST   SUNSET   626 PM EST


-  INDICATES NEGATIVE NUMBERS.
R  INDICATES RECORD WAS SET OR TIED.
MM INDICATES DATA IS MISSING.
T  INDICATES TRACE AMOUNT.

$$
07
