000
CDUS42 KGSP 210629
CLIGSP

CLIMATE REPORT
NATIONAL WEATHER SERVICE GREENVILLE-SPARTANBURG SC
228 AM EDT TUE OCT 21 2014


...................................

...THE GREENVILLE-SPARTANBURG SC CLIMATE SUMMARY FOR OCTOBER 20 2014...

CLIMATE NORMAL PERIOD 1981 TO 2010
CLIMATE RECORD PERIOD 1884 TO 2014


WEATHER ITEM   OBSERVED TIME   RECORD YEAR NORMAL DEPARTURE LAST
                VALUE   (LST)  VALUE       VALUE  FROM      YEAR
                                                  NORMAL
..................................................................
TEMPERATURE (F)
 YESTERDAY
  MAXIMUM         69    359 PM  86    1899  72     -3       67
  MINIMUM         44    722 AM  29    1972  49     -5       44
  AVERAGE         57                        60     -3       56

PRECIPITATION (IN)
  YESTERDAY        T             2.40 1950   0.10  -0.10     0.00
  MONTH TO DATE    3.57                      2.28   1.29     1.87
  SINCE SEP 1      7.25                      5.71   1.54     4.37
  SINCE JAN 1     42.21                     38.22   3.99    58.72

SNOWFALL (IN)
  YESTERDAY        0.0           T    1913   0.0    0.0      0.0
  MONTH TO DATE    0.0                       0.0    0.0      0.0
  SINCE SEP 1      0.0                       0.0    0.0      0.0
  SINCE JUL 1      0.0                       0.0    0.0      0.0
  SNOW DEPTH       0

DEGREE DAYS
 HEATING
  YESTERDAY        8                         6      2        9
  MONTH TO DATE   59                        74    -15       24
  SINCE SEP 1     65                        91    -26       25
  SINCE JUL 1     65                        91    -26       25

 COOLING
  YESTERDAY        0                         1     -1        0
  MONTH TO DATE   53                        39     14       53
  SINCE SEP 1    294                       266     28      277
  SINCE JAN 1   1691                      1701    -10     1526
..................................................................


WIND (MPH)
  HIGHEST WIND SPEED    16   HIGHEST WIND DIRECTION    SW (210)
  HIGHEST GUST SPEED    25   HIGHEST GUST DIRECTION     S (200)
  AVERAGE WIND SPEED     5.4


SKY COVER
  POSSIBLE SUNSHINE  MM
  AVERAGE SKY COVER 0.1


WEATHER CONDITIONS
 THE FOLLOWING WEATHER WAS RECORDED YESTERDAY.
  LIGHT RAIN


RELATIVE HUMIDITY (PERCENT)
 HIGHEST   100           300 AM
 LOWEST     47           300 PM
 AVERAGE    74

..........................................................


THE GREENVILLE-SPARTANBURG SC CLIMATE NORMALS FOR TODAY
                         NORMAL    RECORD    YEAR
 MAXIMUM TEMPERATURE (F)   71        86      1941
 MINIMUM TEMPERATURE (F)   49        28      1974


SUNRISE AND SUNSET
OCTOBER 21 2014.......SUNRISE   740 AM EDT   SUNSET   647 PM EDT
OCTOBER 22 2014.......SUNRISE   741 AM EDT   SUNSET   645 PM EDT


-  INDICATES NEGATIVE NUMBERS.
R  INDICATES RECORD WAS SET OR TIED.
MM INDICATES DATA IS MISSING.
T  INDICATES TRACE AMOUNT.




$$
