000
CDUS42 KGSP 212040 RRA
CLIGSP

CLIMATE REPORT
NATIONAL WEATHER SERVICE GREENVILLE-SPARTANBURG SC
439 PM EDT MON AUG 21 2017


...................................

...THE GREENVILLE-SPARTANBURG SC CLIMATE SUMMARY FOR AUGUST 21 2017...
VALID TODAY AS OF 0430 PM LOCAL TIME.

CLIMATE NORMAL PERIOD 1981 TO 2010
CLIMATE RECORD PERIOD 1884 TO 2017


WEATHER ITEM   OBSERVED TIME   RECORD YEAR NORMAL DEPARTURE LAST
                VALUE   (LST)  VALUE       VALUE  FROM      YEAR
                                                  NORMAL
..................................................................
TEMPERATURE (F)
 TODAY
  MAXIMUM         91    323 PM 102    2007  88      3       90
                                      1983
  MINIMUM         73    628 AM  56    1991  69      4       71
                                      1949
                                      1930
  AVERAGE         82                        78      4       81

PRECIPITATION (IN)
  TODAY            0.00          1.72 1990   0.14  -0.14      T
  MONTH TO DATE    2.78                      3.11  -0.33     4.24
  SINCE JUN 1     11.63                     11.71  -0.08    10.55
  SINCE JAN 1     37.00                     31.14   5.86    28.10

SNOWFALL (IN)
  TODAY            0.0           0.0    MM   0.0    0.0      0.0
  MONTH TO DATE    0.0                       0.0    0.0      0.0
  SINCE JUN 1      0.0                       0.0    0.0      0.0
  SINCE JUL 1      0.0                       0.0    0.0      0.0
  SNOW DEPTH       0

DEGREE DAYS
 HEATING
  TODAY            0                         0      0        0
  MONTH TO DATE    0                         0      0        0
  SINCE JUN 1      0                         2     -2        0
  SINCE JUL 1      0                         0      0        0

 COOLING
  TODAY           17                        13      4       16
  MONTH TO DATE  296                       298     -2      337
  SINCE JUN 1   1086                      1109    -23     1325
  SINCE JAN 1   1351                      1310     41     1564
..................................................................


WIND (MPH)
  HIGHEST WIND SPEED     9   HIGHEST WIND DIRECTION    SE (150)
  HIGHEST GUST SPEED    13   HIGHEST GUST DIRECTION    SE (150)
  AVERAGE WIND SPEED     3.9


SKY COVER
  POSSIBLE SUNSHINE  MM
  AVERAGE SKY COVER 0.1


WEATHER CONDITIONS
 THE FOLLOWING WEATHER WAS RECORDED TODAY.
  NO SIGNIFICANT WEATHER WAS OBSERVED.


RELATIVE HUMIDITY (PERCENT)
 HIGHEST    93           300 AM
 LOWEST     50          1200 PM
 AVERAGE    72

..........................................................


THE GREENVILLE-SPARTANBURG SC CLIMATE NORMALS FOR TOMORROW
                         NORMAL    RECORD    YEAR
 MAXIMUM TEMPERATURE (F)   88       103      1983
 MINIMUM TEMPERATURE (F)   68        55      1930


SUNRISE AND SUNSET
AUGUST 21 2017........SUNRISE   654 AM EDT   SUNSET   809 PM EDT
AUGUST 22 2017........SUNRISE   654 AM EDT   SUNSET   808 PM EDT


-  INDICATES NEGATIVE NUMBERS.
R  INDICATES RECORD WAS SET OR TIED.
MM INDICATES DATA IS MISSING.
T  INDICATES TRACE AMOUNT.




$$
