000
CDUS42 KGSP 180637
CLIGSP

CLIMATE REPORT
NATIONAL WEATHER SERVICE GREENVILLE-SPARTANBURG SC
134 AM EST THU JAN 18 2018


...................................

...THE GREENVILLE-SPARTANBURG SC CLIMATE SUMMARY FOR JANUARY 17 2018...

CLIMATE NORMAL PERIOD 1981 TO 2010
CLIMATE RECORD PERIOD 1884 TO 2018


WEATHER ITEM   OBSERVED TIME   RECORD YEAR NORMAL DEPARTURE LAST
                VALUE   (LST)  VALUE       VALUE  FROM      YEAR
                                                  NORMAL
..................................................................
TEMPERATURE (F)
 YESTERDAY
  MAXIMUM         41    227 AM  77    1943  52    -11       65
  MINIMUM         16   1120 PM  -4    1893  32    -16       51
  AVERAGE         29                        42    -13       58

PRECIPITATION (IN)
  YESTERDAY        0.29          2.22 2013   0.12   0.17     0.00
  MONTH TO DATE    1.79                      2.10  -0.31     2.60
  SINCE DEC 1      4.70                      6.21  -1.51     5.29
  SINCE JAN 1      1.79                      2.10  -0.31     2.60

SNOWFALL (IN)
  YESTERDAY        3.1 R         1.7  1994   0.1    3.0      0.0
  MONTH TO DATE    3.1                       1.3    1.8      3.1
  SINCE DEC 1      4.7                       1.7    3.0      3.1
  SINCE JUL 1      4.7                       1.8    2.9      3.1
  SNOW DEPTH       0

DEGREE DAYS
 HEATING
  YESTERDAY       36                        23     13        7
  MONTH TO DATE  541                       391    150      310
  SINCE DEC 1   1160                      1041    119      906
  SINCE JUL 1   1654                      1594     60     1232

 COOLING
  YESTERDAY        0                         0      0        0
  MONTH TO DATE    0                         0      0        0
  SINCE DEC 1      0                         1     -1        0
  SINCE JAN 1      0                         0      0        0
..................................................................


WIND (MPH)
  HIGHEST WIND SPEED    13   HIGHEST WIND DIRECTION     N (360)
  HIGHEST GUST SPEED    17   HIGHEST GUST DIRECTION     N (360)
  AVERAGE WIND SPEED     5.5


SKY COVER
  POSSIBLE SUNSHINE  MM
  AVERAGE SKY COVER 0.8


WEATHER CONDITIONS
 THE FOLLOWING WEATHER WAS RECORDED YESTERDAY.
  LIGHT RAIN
  SNOW
  LIGHT SNOW
  FOG


RELATIVE HUMIDITY (PERCENT)
 HIGHEST   100           600 AM
 LOWEST     55           500 PM
 AVERAGE    78

..........................................................


THE GREENVILLE-SPARTANBURG SC CLIMATE NORMALS FOR TODAY
                         NORMAL    RECORD    YEAR
 MAXIMUM TEMPERATURE (F)   52        78      2017
 MINIMUM TEMPERATURE (F)   32         5      1893


SUNRISE AND SUNSET
JANUARY 18 2018.......SUNRISE   735 AM EST   SUNSET   544 PM EST
JANUARY 19 2018.......SUNRISE   735 AM EST   SUNSET   545 PM EST


-  INDICATES NEGATIVE NUMBERS.
R  INDICATES RECORD WAS SET OR TIED.
MM INDICATES DATA IS MISSING.
T  INDICATES TRACE AMOUNT.




$$
