000
CDUS45 KTFX 271019
CLIGTF


CLIMATE REPORT
NATIONAL WEATHER SERVICE GREAT FALLS MT
418 AM MDT FRI MAY 27 2016


...................................

...THE GREAT FALLS MT CLIMATE SUMMARY FOR MAY 26 2016...

CLIMATE NORMAL PERIOD 1981 TO 2010
CLIMATE RECORD PERIOD 1886 TO 2016


WEATHER ITEM   OBSERVED TIME   RECORD YEAR NORMAL DEPARTURE LAST
                VALUE   (LST)  VALUE       VALUE  FROM      YEAR
                                                  NORMAL
..................................................................
TEMPERATURE (F)
 YESTERDAY
  MAXIMUM         68    247 PM  94    1936  67      1       66
  MINIMUM         41   1158 PM  30    1975  42     -1       50
                                      1932
                                      1920
  AVERAGE         55                        54      1       58

PRECIPITATION (IN)
  YESTERDAY        0.10          1.05 1922   0.10   0.00     0.31
  MONTH TO DATE    1.99                      1.88   0.11     2.76
  SINCE OCT 1     11.07                      7.19   3.88     8.09
  SINCE JAN 1      5.97                      5.19   0.78     5.14

SNOWFALL (IN)
  YESTERDAY        0.0           0.6  2012   0.1   -0.1      0.0
  MONTH TO DATE    T                         2.5   -2.5       T
  SINCE MAR 1      9.0                      23.0  -14.0      1.6
  SINCE JUL 1     46.9                      63.0  -16.1     57.9
  SNOW DEPTH       0

DEGREE DAYS
 HEATING
  YESTERDAY       10                        11     -1        7
  MONTH TO DATE  358                       368    -10      399
  SINCE MAR 1   1689                      1980   -291     1672
  SINCE JUL 1   6627                      7485   -858     6810

 COOLING
  YESTERDAY        0                         0      0        0
  MONTH TO DATE    0                         0      0        0
  SINCE MAR 1      0                         1     -1        0
  SINCE JAN 1      0                         1     -1        0
..................................................................


WIND (MPH)
  HIGHEST WIND SPEED    20   HIGHEST WIND DIRECTION     N (350)
  HIGHEST GUST SPEED    25   HIGHEST GUST DIRECTION     N (350)
  AVERAGE WIND SPEED     7.2


SKY COVER
  AVERAGE SKY COVER 0.6


WEATHER CONDITIONS
 THE FOLLOWING WEATHER WAS RECORDED YESTERDAY.
  THUNDERSTORM
  RAIN
  LIGHT RAIN
  FOG


RELATIVE HUMIDITY (PERCENT)
 HIGHEST    92          1200 AM
 LOWEST     45           300 PM
 AVERAGE    69

..........................................................


THE GREAT FALLS MT CLIMATE NORMALS FOR TODAY
                         NORMAL    RECORD    YEAR
 MAXIMUM TEMPERATURE (F)   68        95      1936
 MINIMUM TEMPERATURE (F)   42        28      1918


SUNRISE AND SUNSET
MAY 27 2016...........SUNRISE   536 AM MDT   SUNSET   910 PM MDT
MAY 28 2016...........SUNRISE   535 AM MDT   SUNSET   911 PM MDT


-  INDICATES NEGATIVE NUMBERS.
R  INDICATES RECORD WAS SET OR TIED.
MM INDICATES DATA IS MISSING.
T  INDICATES TRACE AMOUNT.




$$
