000
CDUS45 KTFX 261018
CLIGTF


CLIMATE REPORT
NATIONAL WEATHER SERVICE GREAT FALLS MT
418 AM MDT TUE JUL 26 2016


...................................

...THE GREAT FALLS MT CLIMATE SUMMARY FOR JULY 25 2016...

CLIMATE NORMAL PERIOD 1981 TO 2010
CLIMATE RECORD PERIOD 1886 TO 2016


WEATHER ITEM   OBSERVED TIME   RECORD YEAR NORMAL DEPARTURE LAST
                VALUE   (LST)  VALUE       VALUE  FROM      YEAR
                                                  NORMAL
..................................................................
TEMPERATURE (F)
 YESTERDAY
  MAXIMUM         91    403 PM 107    1933  86      5       88
  MINIMUM         50    524 AM  37    1918  53     -3       51
  AVERAGE         71                        69      2       70

PRECIPITATION (IN)
  YESTERDAY        0.00          0.54 1955   0.03  -0.03     0.07
  MONTH TO DATE    1.20                      1.27  -0.07     0.53
  SINCE OCT 1     13.28                     11.53   1.75     9.72
  SINCE JAN 1      8.18                      9.53  -1.35     6.77

SNOWFALL (IN)
  YESTERDAY        0.0           0.0  2002   0.0    0.0      0.0
  MONTH TO DATE    T                         0.0    0.0      0.0
  SINCE JUN 1      T                         0.3   -0.3      0.0
  SINCE JUL 1      T                         0.0    0.0      0.0
  SNOW DEPTH       0

DEGREE DAYS
 HEATING
  YESTERDAY        0                         1     -1        0
  MONTH TO DATE   44                        44      0       34
  SINCE JUN 1    152                       235    -83      116
  SINCE JUL 1     44                        44      0       34

 COOLING
  YESTERDAY        6                         5      1        5
  MONTH TO DATE   82                        95    -13      114
  SINCE JUN 1    125                       127     -2      208
  SINCE JAN 1    125                       134     -9      208
..................................................................


WIND (MPH)
  HIGHEST WIND SPEED    21   HIGHEST WIND DIRECTION    SW (220)
  HIGHEST GUST SPEED    25   HIGHEST GUST DIRECTION    SW (220)
  AVERAGE WIND SPEED     6.5


SKY COVER
  AVERAGE SKY COVER 0.0


WEATHER CONDITIONS
 THE FOLLOWING WEATHER WAS RECORDED YESTERDAY.
  NO SIGNIFICANT WEATHER WAS OBSERVED.


RELATIVE HUMIDITY (PERCENT)
 HIGHEST    74           500 AM
 LOWEST     18           200 PM
 AVERAGE    46

..........................................................


THE GREAT FALLS MT CLIMATE NORMALS FOR TODAY
                         NORMAL    RECORD    YEAR
 MAXIMUM TEMPERATURE (F)   86       103      1933
 MINIMUM TEMPERATURE (F)   53        41      2005


SUNRISE AND SUNSET
JULY 26 2016..........SUNRISE   557 AM MDT   SUNSET   907 PM MDT
JULY 27 2016..........SUNRISE   558 AM MDT   SUNSET   905 PM MDT


-  INDICATES NEGATIVE NUMBERS.
R  INDICATES RECORD WAS SET OR TIED.
MM INDICATES DATA IS MISSING.
T  INDICATES TRACE AMOUNT.




$$
