000
CDUS45 KTFX 231016
CLIGTF


CLIMATE REPORT
NATIONAL WEATHER SERVICE GREAT FALLS MT
415 AM MDT TUE AUG 23 2016


...................................

...THE GREAT FALLS MT CLIMATE SUMMARY FOR AUGUST 22 2016...

CLIMATE NORMAL PERIOD 1981 TO 2010
CLIMATE RECORD PERIOD 1886 TO 2016


WEATHER ITEM   OBSERVED TIME   RECORD YEAR NORMAL DEPARTURE LAST
                VALUE   (LST)  VALUE       VALUE  FROM      YEAR
                                                  NORMAL
..................................................................
TEMPERATURE (F)
 YESTERDAY
  MAXIMUM         81    254 PM  98    1976  81      0       65
                                      1935
  MINIMUM         55   1159 PM  32    1992  49      6       40
  AVERAGE         68                        65      3       53

PRECIPITATION (IN)
  YESTERDAY        0.00          1.59 1933   0.06  -0.06      T
  MONTH TO DATE    1.11                      1.07   0.04     0.36
  SINCE OCT 1     14.39                     12.83   1.56    10.98
  SINCE JAN 1      9.29                     10.83  -1.54     8.03

SNOWFALL (IN)
  YESTERDAY        0.0           1.7  1992   0.0    0.0      0.0
  MONTH TO DATE    T                         0.2   -0.2      0.0
  SINCE JUN 1      T                         0.5   -0.5      0.0
  SINCE JUL 1      T                         0.2   -0.2      0.0
  SNOW DEPTH       0

DEGREE DAYS
 HEATING
  YESTERDAY        0                         3     -3       12
  MONTH TO DATE   27                        37    -10       44
  SINCE JUN 1    179                       278    -99      173
  SINCE JUL 1     71                        87    -16       91

 COOLING
  YESTERDAY        3                         3      0        0
  MONTH TO DATE   54                        93    -39      116
  SINCE JUN 1    218                       249    -31      340
  SINCE JAN 1    218                       256    -38      340
..................................................................


WIND (MPH)
  HIGHEST WIND SPEED    32   HIGHEST WIND DIRECTION    SW (240)
  HIGHEST GUST SPEED    40   HIGHEST GUST DIRECTION    SW (230)
  AVERAGE WIND SPEED    19.0


SKY COVER
  AVERAGE SKY COVER 0.0


WEATHER CONDITIONS
 THE FOLLOWING WEATHER WAS RECORDED YESTERDAY.
  NO SIGNIFICANT WEATHER WAS OBSERVED.


RELATIVE HUMIDITY (PERCENT)
 HIGHEST    35          1200 AM
 LOWEST      9           100 PM
 AVERAGE    22

..........................................................


THE GREAT FALLS MT CLIMATE NORMALS FOR TODAY
                         NORMAL    RECORD    YEAR
 MAXIMUM TEMPERATURE (F)   80       102      1969
 MINIMUM TEMPERATURE (F)   49        32      1992


SUNRISE AND SUNSET
AUGUST 23 2016........SUNRISE   633 AM MDT   SUNSET   822 PM MDT
AUGUST 24 2016........SUNRISE   634 AM MDT   SUNSET   820 PM MDT


-  INDICATES NEGATIVE NUMBERS.
R  INDICATES RECORD WAS SET OR TIED.
MM INDICATES DATA IS MISSING.
T  INDICATES TRACE AMOUNT.




$$
