000
CDUS45 KTFX 292322
CLIGTF


CLIMATE REPORT
NATIONAL WEATHER SERVICE GREAT FALLS MT
521 PM MDT SAT AUG 29 2015


...................................

...THE GREAT FALLS MT CLIMATE SUMMARY FOR AUGUST 29 2015...
VALID TODAY AS OF 0500 PM LOCAL TIME.

CLIMATE NORMAL PERIOD 1981 TO 2010
CLIMATE RECORD PERIOD 1886 TO 2015


WEATHER ITEM   OBSERVED TIME   RECORD YEAR NORMAL DEPARTURE LAST
                VALUE   (LST)  VALUE       VALUE  FROM      YEAR
                                                  NORMAL
..................................................................
TEMPERATURE (F)
 TODAY
  MAXIMUM         92    310 PM  97    2005  78     14       82
  MINIMUM         67    522 AM  34    1992  47     20       47
  AVERAGE         80                        63     17       65

PRECIPITATION (IN)
  TODAY            0.00          0.90 1993   0.06  -0.06     0.00
  MONTH TO DATE    0.36                      1.46  -1.10     4.39
  SINCE OCT 1     10.98                     13.22  -2.24    18.51
  SINCE JAN 1      8.03                     11.22  -3.19    16.46

SNOWFALL (IN)
  TODAY            0.0           0.0  2002   0.0    0.0      0.0
  MONTH TO DATE    0.0                       0.3   -0.3      0.0
  SINCE JUN 1      0.0                       0.6   -0.6      0.0
  SINCE JUL 1      0.0                       0.3   -0.3      0.0
  SNOW DEPTH      MM

DEGREE DAYS
 HEATING
  TODAY            0                         4     -4        0
  MONTH TO DATE   48                        62    -14       57
  SINCE JUN 1    177                       303   -126      285
  SINCE JUL 1     95                       112    -17       62

 COOLING
  TODAY           15                         2     13        0
  MONTH TO DATE  168                       109     59      145
  SINCE JUN 1    392                       265    127      324
  SINCE JAN 1    392                       272    120      324
..................................................................


WIND (MPH)
  HIGHEST WIND SPEED    21   HIGHEST WIND DIRECTION     S (200)
  HIGHEST GUST SPEED    25   HIGHEST GUST DIRECTION     S (200)
  AVERAGE WIND SPEED     8.7


SKY COVER
  AVERAGE SKY COVER 0.1


WEATHER CONDITIONS
 THE FOLLOWING WEATHER WAS RECORDED TODAY.
  HAZE


RELATIVE HUMIDITY (PERCENT)
 HIGHEST    35           600 AM
 LOWEST     16           300 PM
 AVERAGE    26

..........................................................


THE GREAT FALLS MT CLIMATE NORMALS FOR TOMORROW
                         NORMAL    RECORD    YEAR
 MAXIMUM TEMPERATURE (F)   78        97      1999
                                             1929
 MINIMUM TEMPERATURE (F)   47        35      1993
                                             1924


SUNRISE AND SUNSET
AUGUST 29 2015........SUNRISE   640 AM MDT   SUNSET   812 PM MDT
AUGUST 30 2015........SUNRISE   641 AM MDT   SUNSET   810 PM MDT


-  INDICATES NEGATIVE NUMBERS.
R  INDICATES RECORD WAS SET OR TIED.
MM INDICATES DATA IS MISSING.
T  INDICATES TRACE AMOUNT.




$$
