000
CDUS45 KTFX 181010
CLIGTF


CLIMATE REPORT
NATIONAL WEATHER SERVICE GREAT FALLS MT
409 AM MDT FRI APR 18 2014


...................................

...THE GREAT FALLS MT CLIMATE SUMMARY FOR APRIL 17 2014...

CLIMATE NORMAL PERIOD 1981 TO 2010
CLIMATE RECORD PERIOD 1886 TO 2014


WEATHER ITEM   OBSERVED TIME   RECORD YEAR NORMAL DEPARTURE LAST
                VALUE   (LST)  VALUE       VALUE  FROM      YEAR
                                                  NORMAL
..................................................................
TEMPERATURE (F)
 YESTERDAY
  MAXIMUM         60    237 PM  82    1936  56      4       40
  MINIMUM         33    305 AM  12    1968  31      2       15
                                      1896
  AVERAGE         47                        43      4       28

PRECIPITATION (IN)
  YESTERDAY        0.03          0.56 1971   0.05  -0.02     0.01
  MONTH TO DATE    0.52                      0.76  -0.24     0.55
  SINCE OCT 1      6.30                      4.65   1.65     5.17
  SINCE JAN 1      4.25                      2.65   1.60     1.83

SNOWFALL (IN)
  YESTERDAY        0.0           5.4  2011   0.3   -0.3      0.4
  MONTH TO DATE    2.4                       5.3   -2.9      8.2
  SINCE MAR 1     15.2                      17.2   -2.0     12.2
  SINCE JUL 1     72.7                      57.2   15.5     68.0
  SNOW DEPTH       0

DEGREE DAYS
 HEATING
  YESTERDAY       18                        22     -4       37
  MONTH TO DATE  397                       404     -7      469
  SINCE MAR 1   1481                      1357    124     1361
  SINCE JUL 1   7135                      6862    273     6174

 COOLING
  YESTERDAY        0                         0      0        0
  MONTH TO DATE    0                         0      0        0
  SINCE MAR 1      0                         0      0        0
  SINCE JAN 1      0                         0      0        0
..................................................................


WIND (MPH)
  HIGHEST WIND SPEED    21   HIGHEST WIND DIRECTION    SW (220)
  HIGHEST GUST SPEED    26   HIGHEST GUST DIRECTION    SW (220)
  AVERAGE WIND SPEED    10.0


SKY COVER
  AVERAGE SKY COVER 0.7


WEATHER CONDITIONS
 THE FOLLOWING WEATHER WAS RECORDED YESTERDAY.
  LIGHT RAIN


RELATIVE HUMIDITY (PERCENT)
 HIGHEST    86          1000 PM
 LOWEST     36           300 PM
 AVERAGE    61

..........................................................


THE GREAT FALLS MT CLIMATE NORMALS FOR TODAY
                         NORMAL    RECORD    YEAR
 MAXIMUM TEMPERATURE (F)   56        86      1936
 MINIMUM TEMPERATURE (F)   31         6      1951


SUNRISE AND SUNSET
APRIL 18 2014.........SUNRISE   631 AM MDT   SUNSET   819 PM MDT
APRIL 19 2014.........SUNRISE   629 AM MDT   SUNSET   821 PM MDT


-  INDICATES NEGATIVE NUMBERS.
R  INDICATES RECORD WAS SET OR TIED.
MM INDICATES DATA IS MISSING.
T  INDICATES TRACE AMOUNT.




$$
