000
CDUS45 KTFX 010924
CLIGTF


CLIMATE REPORT
NATIONAL WEATHER SERVICE GREAT FALLS MT
324 AM MDT WED OCT 1 2014


...................................

...THE GREAT FALLS MT CLIMATE SUMMARY FOR SEPTEMBER 30 2014...

CLIMATE NORMAL PERIOD 1981 TO 2010
CLIMATE RECORD PERIOD 1886 TO 2014


WEATHER ITEM   OBSERVED TIME   RECORD YEAR NORMAL DEPARTURE LAST
                VALUE   (LST)  VALUE       VALUE  FROM      YEAR
                                                  NORMAL
..................................................................
TEMPERATURE (F)
 YESTERDAY
  MAXIMUM         63   1232 PM  91    1992  64     -1       58
  MINIMUM         42   1128 PM  22    1985  38      4       46
  AVERAGE         53                        51      2       52

PRECIPITATION (IN)
  YESTERDAY        0.08          0.92 1977   0.04   0.04     0.00
  MONTH TO DATE    0.72                      1.42  -0.70     0.84
  SINCE OCT 1     19.23                     14.75   4.48    13.07
  SINCE JAN 1     17.18                     12.75   4.43     9.73

SNOWFALL (IN)
  YESTERDAY        0.0           1.9  1950   0.1   -0.1      0.0
  MONTH TO DATE    T                         1.2   -1.2       T
  SINCE SEP 1      T                         1.2   -1.2       T
  SINCE JUL 1      T                         1.5   -1.5       T
  SNOW DEPTH       0

DEGREE DAYS
 HEATING
  YESTERDAY       12                        14     -2       13
  MONTH TO DATE  255                       286    -31      166
  SINCE SEP 1    255                       286    -31      166
  SINCE JUL 1    325                       407    -82      190

 COOLING
  YESTERDAY        0                         0      0        0
  MONTH TO DATE   25                        21      4       80
  SINCE SEP 1     25                        21      4       80
  SINCE JAN 1    349                       297     52      449
..................................................................


WIND (MPH)
  HIGHEST WIND SPEED    23   HIGHEST WIND DIRECTION     W (260)
  HIGHEST GUST SPEED    29   HIGHEST GUST DIRECTION     W (270)
  AVERAGE WIND SPEED    12.6


SKY COVER
  AVERAGE SKY COVER 0.9


WEATHER CONDITIONS
 THE FOLLOWING WEATHER WAS RECORDED YESTERDAY.
  RAIN
  LIGHT RAIN
  FOG


RELATIVE HUMIDITY (PERCENT)
 HIGHEST    93           800 PM
 LOWEST     49           100 PM
 AVERAGE    71

..........................................................


THE GREAT FALLS MT CLIMATE NORMALS FOR TODAY
                         NORMAL    RECORD    YEAR
 MAXIMUM TEMPERATURE (F)   64        91      1992
 MINIMUM TEMPERATURE (F)   37        22      1959
                                             1950


SUNRISE AND SUNSET
OCTOBER  1 2014.......SUNRISE   725 AM MDT   SUNSET   705 PM MDT
OCTOBER  2 2014.......SUNRISE   726 AM MDT   SUNSET   703 PM MDT


-  INDICATES NEGATIVE NUMBERS.
R  INDICATES RECORD WAS SET OR TIED.
MM INDICATES DATA IS MISSING.
T  INDICATES TRACE AMOUNT.




$$
