000
CDUS45 KTFX 250911
CLIGTF


CLIMATE REPORT
NATIONAL WEATHER SERVICE GREAT FALLS MT
310 AM MDT TUE APR 25 2017


...................................

...THE GREAT FALLS MT CLIMATE SUMMARY FOR APRIL 24 2017...

CLIMATE NORMAL PERIOD 1981 TO 2010
CLIMATE RECORD PERIOD 1886 TO 2017


WEATHER ITEM   OBSERVED TIME   RECORD YEAR NORMAL DEPARTURE LAST
                VALUE   (LST)  VALUE       VALUE  FROM      YEAR
                                                  NORMAL
..................................................................
TEMPERATURE (F)
 YESTERDAY
  MAXIMUM         58    129 PM  83    1910  58      0       50
  MINIMUM         36    529 AM  11    2009  32      4       38
  AVERAGE         47                        45      2       44

PRECIPITATION (IN)
  YESTERDAY        T             0.50 1906   0.05  -0.05     0.02
  MONTH TO DATE    3.01                      1.10   1.91     2.46
  SINCE OCT 1      7.77                      4.99   2.78     8.71
  SINCE JAN 1      4.84                      2.99   1.85     3.61

SNOWFALL (IN)
  YESTERDAY        0.0           4.4  1964   0.2   -0.2      0.0
  MONTH TO DATE    5.0                       7.2   -2.2      7.1
  SINCE MAR 1     10.6                      19.1   -8.5      8.9
  SINCE JUL 1     48.4                      59.1  -10.7     46.8
  SNOW DEPTH       0

DEGREE DAYS
 HEATING
  YESTERDAY       18                        20     -2       21
  MONTH TO DATE  500                       547    -47      400
  SINCE MAR 1   1339                      1500   -161     1182
  SINCE JUL 1   7037                      7005     32     6120

 COOLING
  YESTERDAY        0                         0      0        0
  MONTH TO DATE    0                         0      0        0
  SINCE MAR 1      0                         0      0        0
  SINCE JAN 1      0                         0      0        0
..................................................................


WIND (MPH)
  HIGHEST WIND SPEED    20   HIGHEST WIND DIRECTION    NE (30)
  HIGHEST GUST SPEED    23   HIGHEST GUST DIRECTION    NE (40)
  AVERAGE WIND SPEED     8.1


SKY COVER
  AVERAGE SKY COVER 0.6


WEATHER CONDITIONS
 THE FOLLOWING WEATHER WAS RECORDED YESTERDAY.
  LIGHT RAIN


RELATIVE HUMIDITY (PERCENT)
 HIGHEST    92           300 AM
 LOWEST     32           200 PM
 AVERAGE    62

..........................................................


THE GREAT FALLS MT CLIMATE NORMALS FOR TODAY
                         NORMAL    RECORD    YEAR
 MAXIMUM TEMPERATURE (F)   59        85      1910
 MINIMUM TEMPERATURE (F)   33        18      1924


SUNRISE AND SUNSET
APRIL 25 2017.........SUNRISE   618 AM MDT   SUNSET   829 PM MDT
APRIL 26 2017.........SUNRISE   616 AM MDT   SUNSET   831 PM MDT


-  INDICATES NEGATIVE NUMBERS.
R  INDICATES RECORD WAS SET OR TIED.
MM INDICATES DATA IS MISSING.
T  INDICATES TRACE AMOUNT.




$$
