000
CDUS45 KTFX 172218
CLIGTF


CLIMATE REPORT
NATIONAL WEATHER SERVICE GREAT FALLS MT
417 PM MDT WED SEP 17 2014


...................................

...THE GREAT FALLS MT CLIMATE SUMMARY FOR SEPTEMBER 17 2014...
VALID TODAY AS OF 0400 PM LOCAL TIME.

CLIMATE NORMAL PERIOD 1981 TO 2010
CLIMATE RECORD PERIOD 1886 TO 2014


WEATHER ITEM   OBSERVED TIME   RECORD YEAR NORMAL DEPARTURE LAST
                VALUE   (LST)  VALUE       VALUE  FROM      YEAR
                                                  NORMAL
..................................................................
TEMPERATURE (F)
 TODAY
  MAXIMUM         84    201 PM  92    2009  70     14       70
  MINIMUM         53    154 AM  26    1965  42     11       49
  AVERAGE         69                        56     13       60

PRECIPITATION (IN)
  TODAY            T             1.09 1996   0.05  -0.05      T
                                      1988
  MONTH TO DATE    0.30                      0.86  -0.56     0.38
  SINCE OCT 1     18.81                     14.19   4.62    12.61
  SINCE JAN 1     16.76                     12.19   4.57     9.27

SNOWFALL (IN)
  TODAY            0.0           4.5  1988   0.1   -0.1      0.0
  MONTH TO DATE    T                         0.5   -0.5      0.0
  SINCE SEP 1      T                         0.5   -0.5      0.0
  SINCE JUL 1      T                         0.8   -0.8      0.0
  SNOW DEPTH       0

DEGREE DAYS
 HEATING
  TODAY            0                        10    -10        5
  MONTH TO DATE  190                       126     64        9
  SINCE SEP 1    190                       126     64        9
  SINCE JUL 1    260                       247     13       33

 COOLING
  TODAY            4                         1      3        0
  MONTH TO DATE    4                        19    -15       74
  SINCE SEP 1      4                        19    -15       74
  SINCE JAN 1    328                       295     33      443
..................................................................


WIND (MPH)
  HIGHEST WIND SPEED    18   HIGHEST WIND DIRECTION     S (190)
  HIGHEST GUST SPEED    22   HIGHEST GUST DIRECTION     S (190)
  AVERAGE WIND SPEED     5.2


SKY COVER
  AVERAGE SKY COVER 0.1


WEATHER CONDITIONS
 THE FOLLOWING WEATHER WAS RECORDED TODAY.
  NO SIGNIFICANT WEATHER WAS OBSERVED.


RELATIVE HUMIDITY (PERCENT)
 HIGHEST    77           200 AM
 LOWEST     31           100 PM
 AVERAGE    54

..........................................................


THE GREAT FALLS MT CLIMATE NORMALS FOR TOMORROW
                         NORMAL    RECORD    YEAR
 MAXIMUM TEMPERATURE (F)   69        93      1981
 MINIMUM TEMPERATURE (F)   41        23      1965


SUNRISE AND SUNSET
SEPTEMBER 17 2014.....SUNRISE   706 AM MDT   SUNSET   733 PM MDT
SEPTEMBER 18 2014.....SUNRISE   707 AM MDT   SUNSET   731 PM MDT


-  INDICATES NEGATIVE NUMBERS.
R  INDICATES RECORD WAS SET OR TIED.
MM INDICATES DATA IS MISSING.
T  INDICATES TRACE AMOUNT.




$$
