000
CDGM40 PGUM 301828
CLIGUM


CLIMATE REPORT
NATIONAL WEATHER SERVICE TIYAN, GUAM
426 AM CHST WED JUL 1 2015


...................................

...THE GUAM INTERNATIONAL AIRPORT GU CLIMATE SUMMARY FOR JUNE 30 2015...

CLIMATE NORMAL PERIOD 1981 TO 2010
CLIMATE RECORD PERIOD 1945 TO 2015


WEATHER ITEM   OBSERVED TIME   RECORD YEAR NORMAL DEPARTURE LAST
                VALUE   (LST)  VALUE       VALUE  FROM      YEAR
                                                  NORMAL
..................................................................
TEMPERATURE (F)
 YESTERDAY
  MAXIMUM         90    115 PM  95    1969  88      2       89
  MINIMUM         78    300 AM  72    1952  77      1       79
  AVERAGE         84                        82      2       84

PRECIPITATION (IN)
  YESTERDAY        0.32          1.32 2002   0.32   0.00     0.15
  MONTH TO DATE    5.32                      7.09  -1.77     6.08
  SINCE JUN 1      5.32                      7.09  -1.77     6.08
  SINCE JAN 1     34.71                     27.23   7.48    37.12

SNOWFALL (IN)
  YESTERDAY        0.0
  MONTH TO DATE    0.0
  SINCE JUN 1      0.0
  SINCE JUL 1      0.0
  SNOW DEPTH       0

DEGREE DAYS
 HEATING
  YESTERDAY        0                         0      0        0
  MONTH TO DATE    0                         0      0        0
  SINCE JUN 1      0                         0      0        0
  SINCE JUL 1      0                         0      0        0

 COOLING
  YESTERDAY       19                        17      2       19
  MONTH TO DATE  548                       529     19      588
  SINCE JUN 1    548                       529     19      588
  SINCE JAN 1   3053                      2957     96     3224
..................................................................


WIND (MPH)
  RESULTANT WIND SPEED  10   RESULTANT WIND DIRECTION   E (70)
  HIGHEST WIND SPEED    18   HIGHEST WIND DIRECTION     E (80)
  HIGHEST GUST SPEED    23   HIGHEST GUST DIRECTION     E (90)
  AVERAGE WIND SPEED     9.8


SKY COVER
  POSSIBLE SUNSHINE  MM
  AVERAGE SKY COVER 0.3


WEATHER CONDITIONS
 THE FOLLOWING WEATHER WAS RECORDED YESTERDAY.
  HEAVY RAIN
  RAIN
  LIGHT RAIN
  FOG


RELATIVE HUMIDITY (PERCENT)
 HIGHEST    94           500 AM
 LOWEST     64          1200 PM
 AVERAGE    79

..........................................................


THE GUAM INTERNATIONAL AIRPORT GU CLIMATE NORMALS FOR TODAY
                         NORMAL    RECORD    YEAR
 MAXIMUM TEMPERATURE (F)   88        93      1969
 MINIMUM TEMPERATURE (F)   77        73      1967


SUNRISE AND SUNSET
JULY  1 2015..........SUNRISE   557 AM CHST  SUNSET   652 PM CHST
JULY  2 2015..........SUNRISE   557 AM CHST  SUNSET   652 PM CHST


-  INDICATES NEGATIVE NUMBERS.
R  INDICATES RECORD WAS SET OR TIED.
MM INDICATES DATA IS MISSING.
T  INDICATES TRACE AMOUNT.




$$
