000
CDGM40 PGUM 020642
CLIGUM


CLIMATE REPORT
NATIONAL WEATHER SERVICE TIYAN, GUAM
432 PM CHST SAT AUG 2 2014


...................................

...THE GUAM INTERNATIONAL AIRPORT GU CLIMATE SUMMARY FOR AUGUST 2 2014...
VALID TODAY AS OF 0400 PM LOCAL TIME.

CLIMATE NORMAL PERIOD 1981 TO 2010
CLIMATE RECORD PERIOD 1945 TO 2014


WEATHER ITEM   OBSERVED TIME   RECORD YEAR NORMAL DEPARTURE LAST
                VALUE   (LST)  VALUE       VALUE  FROM      YEAR
                                                  NORMAL
..................................................................
TEMPERATURE (F)
 TODAY
  MAXIMUM         87    142 PM  93    1994  87      0       91
  MINIMUM         76    607 AM  73    1996  76      0       83
                                      1952
  AVERAGE         82                        82      0       87

PRECIPITATION (IN)
  TODAY            1.12          5.73 1962   0.49   0.63     0.02
  MONTH TO DATE    1.57                      0.97   0.60     0.35
  SINCE JUN 1     37.04                     20.20  16.84    12.06
  SINCE JAN 1     68.08                     40.34  27.74    28.73

SNOWFALL (IN)
  TODAY            0.0
  MONTH TO DATE    0.0
  SINCE JUN 1      0.0
  SINCE JUL 1      0.0
  SNOW DEPTH       0

DEGREE DAYS
 HEATING
  TODAY            0
  MONTH TO DATE    0
  SINCE JUN 1      0
  SINCE JUL 1      0

 COOLING
  TODAY           17                        16      1       22
  MONTH TO DATE   34                        32      2       42
  SINCE JUN 1   1157                      1083     74     1296
  SINCE JAN 1   3793                      3511    282     4001
..................................................................


WIND (MPH)
  RESULTANT WIND SPEED   4   RESULTANT WIND DIRECTION   S (170)
  HIGHEST WIND SPEED    14   HIGHEST WIND DIRECTION     S (170)
  HIGHEST GUST SPEED    16   HIGHEST GUST DIRECTION     S (160)
  AVERAGE WIND SPEED     3.6


SKY COVER
  POSSIBLE SUNSHINE  MM
  AVERAGE SKY COVER 0.5


WEATHER CONDITIONS
 THE FOLLOWING WEATHER WAS RECORDED TODAY.
  HEAVY RAIN
  RAIN
  LIGHT RAIN
  FOG


RELATIVE HUMIDITY (PERCENT)
 HIGHEST   100          1200 AM
 LOWEST     70          1200 PM
 AVERAGE    85

..........................................................


THE GUAM INTERNATIONAL AIRPORT GU CLIMATE NORMALS FOR TOMORROW
                         NORMAL    RECORD    YEAR
 MAXIMUM TEMPERATURE (F)   87        91      1991
                                             1990
                                             1986
 MINIMUM TEMPERATURE (F)   76        71      1989


SUNRISE AND SUNSET
AUGUST  2 2014........SUNRISE   606 AM CHST  SUNSET   648 PM CHST
AUGUST  3 2014........SUNRISE   606 AM CHST  SUNSET   648 PM CHST


-  INDICATES NEGATIVE NUMBERS.
R  INDICATES RECORD WAS SET OR TIED.
MM INDICATES DATA IS MISSING.
T  INDICATES TRACE AMOUNT.




$$
