000
CDGM40 PGUM 250642
CLIGUM


CLIMATE REPORT
NATIONAL WEATHER SERVICE TIYAN, GUAM
432 PM CHST THU AUG 25 2016


...................................

...THE GUAM INTERNATIONAL AIRPORT GU CLIMATE SUMMARY FOR AUGUST 25 2016...
VALID TODAY AS OF 0400 PM LOCAL TIME.

CLIMATE NORMAL PERIOD 1981 TO 2010
CLIMATE RECORD PERIOD 1945 TO 2016


WEATHER ITEM   OBSERVED TIME   RECORD YEAR NORMAL DEPARTURE LAST
                VALUE   (LST)  VALUE       VALUE  FROM      YEAR
                                                  NORMAL
..................................................................
TEMPERATURE (F)
 TODAY
  MAXIMUM         90    140 PM  92    1983  87      3       88
                                      1969
  MINIMUM         79    636 AM  72    1986  76      3       77
                                      1954
  AVERAGE         85                        81      4       83

PRECIPITATION (IN)
  TODAY            0.00          3.69 1961   0.60  -0.60     0.73
  MONTH TO DATE   20.75                     13.57   7.18    21.05
  SINCE JUN 1     35.25                     32.80   2.45    48.17
  SINCE JAN 1     46.24                     52.94  -6.70    77.56

SNOWFALL (IN)
  TODAY            0.0
  MONTH TO DATE    0.0
  SINCE JUN 1      0.0
  SINCE JUL 1      0.0
  SNOW DEPTH       0

DEGREE DAYS
 HEATING
  TODAY            0
  MONTH TO DATE    0
  SINCE JUN 1      0
  SINCE JUL 1      0

 COOLING
  TODAY           20                        16      4       18
  MONTH TO DATE  437                       400     37      407
  SINCE JUN 1   1659                      1451    208     1478
  SINCE JAN 1   4345                      3879    466     3983
..................................................................


WIND (MPH)
  RESULTANT WIND SPEED   7   RESULTANT WIND DIRECTION   S (180)
  HIGHEST WIND SPEED    14   HIGHEST WIND DIRECTION     S (170)
  HIGHEST GUST SPEED    20   HIGHEST GUST DIRECTION     S (160)
  AVERAGE WIND SPEED     8.2


SKY COVER
  POSSIBLE SUNSHINE  MM
  AVERAGE SKY COVER 0.4


WEATHER CONDITIONS
 THE FOLLOWING WEATHER WAS RECORDED TODAY.
  NO SIGNIFICANT WEATHER WAS OBSERVED.


RELATIVE HUMIDITY (PERCENT)
 HIGHEST    91           100 AM
 LOWEST     68           300 PM
 AVERAGE    80

..........................................................


THE GUAM INTERNATIONAL AIRPORT GU CLIMATE NORMALS FOR TOMORROW
                         NORMAL    RECORD    YEAR
 MAXIMUM TEMPERATURE (F)   87        92      1987
 MINIMUM TEMPERATURE (F)   76        71      1986


SUNRISE AND SUNSET
AUGUST 25 2016........SUNRISE   609 AM CHST  SUNSET   637 PM CHST
AUGUST 26 2016........SUNRISE   609 AM CHST  SUNSET   636 PM CHST


-  INDICATES NEGATIVE NUMBERS.
R  INDICATES RECORD WAS SET OR TIED.
MM INDICATES DATA IS MISSING.
T  INDICATES TRACE AMOUNT.




$$
