000
CDUS44 KAMA 212133
CLIGUY


CLIMATE REPORT
NATIONAL WEATHER SERVICE AMARILLO TX
431 PM CDT SAT OCT 21 2017


...................................

...THE GUYMON CLIMATE SUMMARY FOR OCTOBER 21 2017...
VALID TODAY AS OF 0400 PM LOCAL TIME.

CLIMATE NORMAL PERIOD 1981 TO 2010
CLIMATE RECORD PERIOD 1998 TO 2017


WEATHER ITEM   OBSERVED TIME   RECORD YEAR NORMAL DEPARTURE LAST
                VALUE   (LST)  VALUE       VALUE  FROM      YEAR
                                                  NORMAL
..................................................................
TEMPERATURE (F)
 TODAY
  MAXIMUM         67   1229 AM  90    2012  70     -3       80
                                      2003
  MINIMUM         57    728 AM  31    2006  41     16       33
  AVERAGE         62                        55      7       57

PRECIPITATION (IN)
  TODAY            0.00          1.78 2015   0.05  -0.05     0.00
  MONTH TO DATE    1.34                      1.20   0.14     0.65
  SINCE SEP 1      6.13                      2.99   3.14     0.66
  SINCE JAN 1     21.69                     17.76   3.93    15.10

SNOWFALL (IN)
  TODAY            0.0          MM      MM  MM     MM        0.0
  MONTH TO DATE    0.0                      MM     MM        0.0
  SINCE SEP 1      0.0                      MM     MM        0.0
  SINCE JUL 1      0.0                      MM     MM        0.0
  SNOW DEPTH       0

DEGREE DAYS
 HEATING
  TODAY            3                        10     -7        8
  MONTH TO DATE   88                       148    -60       80
  SINCE SEP 1    120                       190    -70       91
  SINCE JUL 1    120                       191    -71       91

 COOLING
  TODAY            0                         0      0        0
  MONTH TO DATE   47                        25     22       76
  SINCE SEP 1    271                       230     41      341
  SINCE JAN 1   1592                      1479    113     1778
..................................................................


WIND (MPH)
  RESULTANT WIND SPEED   3   RESULTANT WIND DIRECTION  SW (240)
  HIGHEST WIND SPEED    28   HIGHEST WIND DIRECTION     N (360)
  HIGHEST GUST SPEED    35   HIGHEST GUST DIRECTION     S (190)
  AVERAGE WIND SPEED    18.3


SKY COVER
  AVERAGE SKY COVER 0.0


WEATHER CONDITIONS
 THE FOLLOWING WEATHER WAS RECORDED TODAY.
  NO SIGNIFICANT WEATHER WAS OBSERVED.


RELATIVE HUMIDITY (PERCENT)
 HIGHEST    90           400 AM
 LOWEST     27          1100 AM
 AVERAGE    59

..........................................................


THE GUYMON CLIMATE NORMALS FOR TOMORROW
                         NORMAL    RECORD    YEAR
 MAXIMUM TEMPERATURE (F)   70        88      2016
 MINIMUM TEMPERATURE (F)   40        33      2006


SUNRISE AND SUNSET
OCTOBER 21 2017.......SUNRISE   759 AM CDT   SUNSET   701 PM CDT
OCTOBER 22 2017.......SUNRISE   800 AM CDT   SUNSET   700 PM CDT


-  INDICATES NEGATIVE NUMBERS.
R  INDICATES RECORD WAS SET OR TIED.
MM INDICATES DATA IS MISSING.
T  INDICATES TRACE AMOUNT.




$$
