000
CDUS44 KAMA 212129
CLIGUY


CLIMATE REPORT
NATIONAL WEATHER SERVICE AMARILLO TX
428 PM CDT MON AUG 21 2017


...................................

...THE GUYMON CLIMATE SUMMARY FOR AUGUST 21 2017...
VALID TODAY AS OF 0400 PM LOCAL TIME.

CLIMATE NORMAL PERIOD 1981 TO 2010
CLIMATE RECORD PERIOD 1998 TO 2017


WEATHER ITEM   OBSERVED TIME   RECORD YEAR NORMAL DEPARTURE LAST
                VALUE   (LST)  VALUE       VALUE  FROM      YEAR
                                                  NORMAL
..................................................................
TEMPERATURE (F)
 TODAY
  MAXIMUM         85    255 PM  MM      MM  91     -6       85
  MINIMUM         68    615 AM  MM      MM  64      4       60
  AVERAGE         77                        78     -1       73

PRECIPITATION (IN)
  TODAY            T            MM      MM   0.10  -0.10      T
  MONTH TO DATE    2.16                      1.94   0.22     1.29
  SINCE JUN 1      5.36                      7.54  -2.18     5.70
  SINCE JAN 1     15.55                     13.79   1.76    12.66

SNOWFALL (IN)
  TODAY            0.0          MM      MM  MM     MM        0.0
  MONTH TO DATE    0.0                      MM     MM        0.0
  SINCE JUN 1      0.0                      MM     MM        0.0
  SINCE JUL 1      0.0                      MM     MM        0.0
  SNOW DEPTH       0

DEGREE DAYS
 HEATING
  TODAY            0                         0      0        0
  MONTH TO DATE    0                         0      0        0
  SINCE JUN 1      0                         8     -8        0
  SINCE JUL 1      0                         0      0        0

 COOLING
  TODAY           12                        13     -1        8
  MONTH TO DATE  224                       287    -63      291
  SINCE JUN 1   1115                      1021     94     1255
  SINCE JAN 1   1239                      1129    110     1345
..................................................................


WIND (MPH)
  RESULTANT WIND SPEED  16   RESULTANT WIND DIRECTION   S (200)
  HIGHEST WIND SPEED    24   HIGHEST WIND DIRECTION    SW (210)
  HIGHEST GUST SPEED    31   HIGHEST GUST DIRECTION    SW (210)
  AVERAGE WIND SPEED    16.2


SKY COVER
  AVERAGE SKY COVER 0.1


WEATHER CONDITIONS
 THE FOLLOWING WEATHER WAS RECORDED TODAY.
  LIGHT RAIN


RELATIVE HUMIDITY (PERCENT)
 HIGHEST    87           600 AM
 LOWEST     58          1100 AM
 AVERAGE    73

..........................................................


THE GUYMON CLIMATE NORMALS FOR TOMORROW
                         NORMAL    RECORD    YEAR
 MAXIMUM TEMPERATURE (F)   91        MM        MM
 MINIMUM TEMPERATURE (F)   64        MM        MM


SUNRISE AND SUNSET
AUGUST 21 2017........SUNRISE   709 AM CDT   SUNSET   829 PM CDT
AUGUST 22 2017........SUNRISE   709 AM CDT   SUNSET   828 PM CDT


-  INDICATES NEGATIVE NUMBERS.
R  INDICATES RECORD WAS SET OR TIED.
MM INDICATES DATA IS MISSING.
T  INDICATES TRACE AMOUNT.




$$
