735
CDUS44 KAMA 030636
CLIGUY


CLIMATE REPORT
NATIONAL WEATHER SERVICE AMARILLO TX
135 AM CDT TUE MAY 3 2016


...................................

...THE GUYMON CLIMATE SUMMARY FOR MAY 2 2016...

CLIMATE NORMAL PERIOD 1981 TO 2010
CLIMATE RECORD PERIOD 1998 TO 2016


WEATHER ITEM   OBSERVED TIME   RECORD YEAR NORMAL DEPARTURE LAST
                VALUE   (LST)  VALUE       VALUE  FROM      YEAR
                                                  NORMAL
..................................................................
TEMPERATURE (F)
 YESTERDAY
  MAXIMUM         63    602 PM  MM      MM  75    -12       87
  MINIMUM         36    604 AM  MM      MM  46    -10       56
  AVERAGE         50                        60    -10       72

PRECIPITATION (IN)
  YESTERDAY        0.00         MM      MM   0.04  -0.04     0.00
  MONTH TO DATE    0.18                      0.07   0.11     0.00
  SINCE MAR 1      5.70                      3.01   2.69     2.47
  SINCE JAN 1      6.13                      3.88   2.25     4.42

SNOWFALL (IN)
  YESTERDAY        0.0          MM      MM  MM     MM        0.0
  MONTH TO DATE    0.0                      MM     MM        0.0
  SINCE MAR 1      T                        MM     MM        2.0
  SINCE JUL 1      T                        MM     MM       23.3
  SNOW DEPTH       0

DEGREE DAYS
 HEATING
  YESTERDAY       15                         6      9        0
  MONTH TO DATE   35                        12     23        0
  SINCE MAR 1    718                       898   -180      666
  SINCE JUL 1   3685                      4365   -680     3883

 COOLING
  YESTERDAY        0                         1     -1        7
  MONTH TO DATE    0                         2     -2        8
  SINCE MAR 1     17                        17      0       25
  SINCE JAN 1     20                        17      3       25
..................................................................


WIND (MPH)
  RESULTANT WIND SPEED   6   RESULTANT WIND DIRECTION  NW (330)
  HIGHEST WIND SPEED    16   HIGHEST WIND DIRECTION     N (350)
  HIGHEST GUST SPEED    23   HIGHEST GUST DIRECTION     N (340)
  AVERAGE WIND SPEED     7.7


SKY COVER
  AVERAGE SKY COVER 0.1


WEATHER CONDITIONS
 THE FOLLOWING WEATHER WAS RECORDED YESTERDAY.
  NO SIGNIFICANT WEATHER WAS OBSERVED.


RELATIVE HUMIDITY (PERCENT)
 HIGHEST    92           300 AM
 LOWEST     32           500 PM
 AVERAGE    62

..........................................................


THE GUYMON CLIMATE NORMALS FOR TODAY
                         NORMAL    RECORD    YEAR
 MAXIMUM TEMPERATURE (F)   76        MM        MM
 MINIMUM TEMPERATURE (F)   46        MM        MM


SUNRISE AND SUNSET
MAY  3 2016...........SUNRISE   650 AM CDT   SUNSET   837 PM CDT
MAY  4 2016...........SUNRISE   648 AM CDT   SUNSET   838 PM CDT


-  INDICATES NEGATIVE NUMBERS.
R  INDICATES RECORD WAS SET OR TIED.
MM INDICATES DATA IS MISSING.
T  INDICATES TRACE AMOUNT.




$$
