000
CDUS44 KAMA 132250
CLIGUY


CLIMATE REPORT
NATIONAL WEATHER SERVICE AMARILLO TX
450 PM CST WED DEC 13 2017


...................................

...THE GUYMON CLIMATE SUMMARY FOR DECEMBER 13 2017...
VALID TODAY AS OF 0400 PM LOCAL TIME.

CLIMATE NORMAL PERIOD 1981 TO 2010
CLIMATE RECORD PERIOD 1998 TO 2017


WEATHER ITEM   OBSERVED TIME   RECORD YEAR NORMAL DEPARTURE LAST
                VALUE   (LST)  VALUE       VALUE  FROM      YEAR
                                                  NORMAL
..................................................................
TEMPERATURE (F)
 TODAY
  MAXIMUM         63    224 PM  72    2014  48     15       36
  MINIMUM         35    621 AM  13    1999  22     13       15
  AVERAGE         49                        35     14       26

PRECIPITATION (IN)
  TODAY            0.00         MM      MM   0.02  -0.02     0.00
  MONTH TO DATE    0.00                      0.34  -0.34     0.14
  SINCE DEC 1      0.00                      0.34  -0.34     0.14
  SINCE JAN 1     21.69                     19.00   2.69    15.26

SNOWFALL (IN)
  TODAY            0.0          MM      MM  MM     MM        0.0
  MONTH TO DATE    0.0                      MM     MM        0.0
  SINCE DEC 1      0.0                      MM     MM        0.0
  SINCE JUL 1      0.0                      MM     MM        0.0
  SNOW DEPTH       0

DEGREE DAYS
 HEATING
  TODAY           16                        30    -14       39
  MONTH TO DATE  286                       369    -83      405
  SINCE DEC 1    286                       369    -83      405
  SINCE JUL 1   1014                      1260   -246      943

 COOLING
  TODAY            0                         0      0        0
  MONTH TO DATE    0                         0      0        0
  SINCE DEC 1      0                         0      0        0
  SINCE JAN 1   1592                      1482    110     1807
..................................................................


WIND (MPH)
  RESULTANT WIND SPEED   9   RESULTANT WIND DIRECTION   N (340)
  HIGHEST WIND SPEED    26   HIGHEST WIND DIRECTION     N (10)
  HIGHEST GUST SPEED    32   HIGHEST GUST DIRECTION     N (10)
  AVERAGE WIND SPEED    13.7


SKY COVER
  AVERAGE SKY COVER 0.0


WEATHER CONDITIONS
 THE FOLLOWING WEATHER WAS RECORDED TODAY.
  NO SIGNIFICANT WEATHER WAS OBSERVED.


RELATIVE HUMIDITY (PERCENT)
 HIGHEST    34           100 AM
 LOWEST     14           100 PM
 AVERAGE    24

..........................................................


THE GUYMON CLIMATE NORMALS FOR TOMORROW
                         NORMAL    RECORD    YEAR
 MAXIMUM TEMPERATURE (F)   48        65      2006
 MINIMUM TEMPERATURE (F)   22         7      2008


SUNRISE AND SUNSET
DECEMBER 13 2017......SUNRISE   750 AM CST   SUNSET   531 PM CST
DECEMBER 14 2017......SUNRISE   751 AM CST   SUNSET   531 PM CST


-  INDICATES NEGATIVE NUMBERS.
R  INDICATES RECORD WAS SET OR TIED.
MM INDICATES DATA IS MISSING.
T  INDICATES TRACE AMOUNT.




$$
