000
CDUS44 KAMA 300637
CLIGUY


CLIMATE REPORT
NATIONAL WEATHER SERVICE AMARILLO TX
136 AM CDT WED JUL 30 2014


...................................

...THE GUYMON CLIMATE SUMMARY FOR JULY 29 2014...

CLIMATE NORMAL PERIOD 1981 TO 2010
CLIMATE RECORD PERIOD 1998 TO 2014


WEATHER ITEM   OBSERVED TIME   NORMAL DEPARTURE LAST
                VALUE   (LST)  VALUE  FROM      YEAR
                                      NORMAL
......................................................
TEMPERATURE (F)
 YESTERDAY
  MAXIMUM         81    616 PM  94    -13       96
  MINIMUM         63    929 AM  66     -3       67
  AVERAGE         72            80     -8       82

PRECIPITATION (IN)
  YESTERDAY        0.08          0.10  -0.02      T
  MONTH TO DATE    1.54          2.49  -0.95     1.01
  SINCE JUN 1      3.88          5.43  -1.55     3.94
  SINCE JAN 1      7.27         11.68  -4.41     6.29

SNOWFALL (IN)
  YESTERDAY        0.0                           0.0
  MONTH TO DATE    0.0                           0.0
  SINCE JUN 1      0.0                            T
  SINCE JUL 1      0.0                           0.0
  SNOW DEPTH       0

DEGREE DAYS
 HEATING
  YESTERDAY        0             0      0        0
  MONTH TO DATE    4             0      4        0
  SINCE JUN 1      9             8      1        0
  SINCE JUL 1      4             0      4        0

 COOLING
  YESTERDAY        7            15     -8       17
  MONTH TO DATE  420           425     -5      442
  SINCE JUN 1    769           705     64      878
  SINCE JAN 1    947           813    134     1082
......................................................


WIND (MPH)
  RESULTANT WIND SPEED  11   RESULTANT WIND DIRECTION   S (170)
  HIGHEST WIND SPEED    21   HIGHEST WIND DIRECTION     S (170)
  HIGHEST GUST SPEED    25   HIGHEST GUST DIRECTION     S (180)
  AVERAGE WIND SPEED    11.3


SKY COVER
  AVERAGE SKY COVER 0.7


WEATHER CONDITIONS
 THE FOLLOWING WEATHER WAS RECORDED YESTERDAY.
  LIGHT RAIN


RELATIVE HUMIDITY (PERCENT)
 HIGHEST    87           300 AM
 LOWEST     58           500 PM
 AVERAGE    73

..........................................................


THE GUYMON CLIMATE NORMALS FOR TODAY
                         NORMAL
 MAXIMUM TEMPERATURE (F)   94
 MINIMUM TEMPERATURE (F)   66


SUNRISE AND SUNSET
JULY 30 2014..........SUNRISE   650 AM CDT   SUNSET   854 PM CDT
JULY 31 2014..........SUNRISE   651 AM CDT   SUNSET   853 PM CDT


-  INDICATES NEGATIVE NUMBERS.
R  INDICATES RECORD WAS SET OR TIED.
MM INDICATES DATA IS MISSING.
T  INDICATES TRACE AMOUNT.




$$
