000
CDUS44 KAMA 240646
CLIGUY


CLIMATE REPORT
NATIONAL WEATHER SERVICE AMARILLO TX
143 AM CDT FRI MAR 24 2017


...................................

...THE GUYMON CLIMATE SUMMARY FOR MARCH 23 2017...

CLIMATE NORMAL PERIOD 1981 TO 2010
CLIMATE RECORD PERIOD 1998 TO 2017


WEATHER ITEM   OBSERVED TIME   RECORD YEAR NORMAL DEPARTURE LAST
                VALUE   (LST)  VALUE       VALUE  FROM      YEAR
                                                  NORMAL
..................................................................
TEMPERATURE (F)
 YESTERDAY
  MAXIMUM         88    228 PM  MM      MM  63     25       65
  MINIMUM         49    345 AM  MM      MM  34     15       37
  AVERAGE         69                        48     21       51

PRECIPITATION (IN)
  YESTERDAY        0.23         MM      MM   0.05   0.18      T
  MONTH TO DATE    0.23                      1.03  -0.80     0.01
  SINCE MAR 1      0.23                      1.03  -0.80     0.01
  SINCE JAN 1      2.25                      1.90   0.35     0.44

SNOWFALL (IN)
  YESTERDAY        0.0          MM      MM  MM     MM       MM
  MONTH TO DATE    0.0                      MM     MM        0.0
  SINCE MAR 1      0.0                      MM     MM        0.0
  SINCE JUL 1      0.8                      MM     MM        0.0
  SNOW DEPTH       0

DEGREE DAYS
 HEATING
  YESTERDAY        0                        17    -17       14
  MONTH TO DATE  289                       458   -169      323
  SINCE MAR 1    289                       458   -169      323
  SINCE JUL 1   3192                      3925   -733     3290

 COOLING
  YESTERDAY        4                         0      4        0
  MONTH TO DATE   15                         0     15        6
  SINCE MAR 1     15                         0     15        6
  SINCE JAN 1     23                         0     23        9
..................................................................


WIND (MPH)
  RESULTANT WIND SPEED  15   RESULTANT WIND DIRECTION   S (180)
  HIGHEST WIND SPEED    35   HIGHEST WIND DIRECTION     S (170)
  HIGHEST GUST SPEED    62   HIGHEST GUST DIRECTION     S (200)
  AVERAGE WIND SPEED    17.4


SKY COVER
  AVERAGE SKY COVER 0.0


WEATHER CONDITIONS
 THE FOLLOWING WEATHER WAS RECORDED YESTERDAY.
  THUNDERSTORM
  HEAVY RAIN
  LIGHT RAIN


RELATIVE HUMIDITY (PERCENT)
 HIGHEST    96           500 AM
 LOWEST     21           300 PM
 AVERAGE    59

..........................................................


THE GUYMON CLIMATE NORMALS FOR TODAY
                         NORMAL    RECORD    YEAR
 MAXIMUM TEMPERATURE (F)   64        MM        MM
 MINIMUM TEMPERATURE (F)   34        MM        MM


SUNRISE AND SUNSET
MARCH 24 2017.........SUNRISE   743 AM CDT   SUNSET   802 PM CDT
MARCH 25 2017.........SUNRISE   742 AM CDT   SUNSET   803 PM CDT


-  INDICATES NEGATIVE NUMBERS.
R  INDICATES RECORD WAS SET OR TIED.
MM INDICATES DATA IS MISSING.
T  INDICATES TRACE AMOUNT.




$$
