000
CDUS42 KFFC 300918
CLIGVL


CLIMATE REPORT
NATIONAL WEATHER SERVICE PEACHTREE CITY GA
418 AM EST FRI JAN 30 2015


...................................

...THE GAINESVILLE   CLIMATE SUMMARY FOR JANUARY 29 2015...

CLIMATE NORMAL PERIOD 1981 TO 2010
CLIMATE RECORD PERIOD 9999 TO 9999


WEATHER ITEM   OBSERVED TIME   RECORD YEAR NORMAL DEPARTURE LAST
                VALUE   (LST)  VALUE       VALUE  FROM      YEAR
                                                  NORMAL
..................................................................
TEMPERATURE (F)
 YESTERDAY
  MAXIMUM         56    420 PM  MM      MM  52      4       32
  MINIMUM         32    804 AM  MM      MM  34     -2       16
  AVERAGE         44                        43      1       24

PRECIPITATION (IN)
  YESTERDAY        T            MM      MM   0.20  -0.20     0.00
  MONTH TO DATE    3.66                      4.63  -0.97     2.96
  SINCE DEC 1      7.75                      9.13  -1.38    12.44
  SINCE JAN 1      3.66                      4.63  -0.97     2.96

SNOWFALL (IN)
  YESTERDAY        0.0          MM      MM  MM     MM       MM
  MONTH TO DATE    0.0                      MM     MM         T
  SINCE DEC 1      0.0                      MM     MM         T
  SINCE JUL 1      0.0                      MM     MM         T
  SNOW DEPTH      MM

DEGREE DAYS
 HEATING
  YESTERDAY       21                        22     -1       41
  MONTH TO DATE  683                       682      1      863
  SINCE DEC 1   1214                      1343   -129     1445
  SINCE JUL 1   1857                      1878    -21     2058
..................................................................


WIND (MPH)
  RESULTANT WIND SPEED   3   RESULTANT WIND DIRECTION   S (200)
  HIGHEST WIND SPEED    12   HIGHEST WIND DIRECTION    SW (240)
  HIGHEST GUST SPEED    16   HIGHEST GUST DIRECTION    SW (220)
  AVERAGE WIND SPEED     3.7


SKY COVER
  AVERAGE SKY COVER 0.3


WEATHER CONDITIONS
 THE FOLLOWING WEATHER WAS RECORDED YESTERDAY.
  HAZE


RELATIVE HUMIDITY (PERCENT)
 HIGHEST    72           700 AM
 LOWEST     30           300 PM
 AVERAGE    51

..........................................................


THE GAINESVILLE   CLIMATE NORMALS FOR TODAY
                         NORMAL    RECORD    YEAR
 MAXIMUM TEMPERATURE (F)   52        MM        MM
 MINIMUM TEMPERATURE (F)   34        MM        MM


SUNRISE AND SUNSET
JANUARY 30 2015.......SUNRISE   734 AM EST   SUNSET   603 PM EST
JANUARY 31 2015.......SUNRISE   734 AM EST   SUNSET   604 PM EST


-  INDICATES NEGATIVE NUMBERS.
R  INDICATES RECORD WAS SET OR TIED.
MM INDICATES DATA IS MISSING.
T  INDICATES TRACE AMOUNT.




$$
