000
CDUS42 KFFC 170021
CLIGVL


CLIMATE REPORT
NATIONAL WEATHER SERVICE PEACHTREE CITY GA
821 PM EDT WED APR 16 2014


...................................

...THE GAINESVILLE   CLIMATE SUMMARY FOR APRIL 16 2014...
VALID AS OF 0800 PM LOCAL TIME.

CLIMATE NORMAL PERIOD 1981 TO 2010
CLIMATE RECORD PERIOD 9999 TO 9999


WEATHER ITEM   OBSERVED TIME   RECORD YEAR NORMAL DEPARTURE LAST
                VALUE   (LST)  VALUE       VALUE  FROM      YEAR
                                                  NORMAL
..................................................................
TEMPERATURE (F)
 TODAY
  MAXIMUM         59    454 PM  MM      MM  71    -12       78
  MINIMUM         32    554 AM  MM      MM  50    -18       60
  AVERAGE         46                        61    -15       69

PRECIPITATION (IN)
  TODAY            0.00         MM      MM   0.10  -0.10      T
  MONTH TO DATE    4.50                      1.84   2.66     2.64
  SINCE MAR 1      7.75                      7.26   0.49     3.35

SNOWFALL (IN)
  TODAY           MM            MM      MM  MM     MM       MM
  MONTH TO DATE    0.0                      MM     MM        0.0
  SINCE MAR 1      0.0                      MM     MM        0.0
  SINCE JUL 1      T                        MM     MM        0.0
  SNOW DEPTH      MM

DEGREE DAYS
 HEATING
  TODAY           19                         6     13        0
  MONTH TO DATE   95                       117    -22       90
  SINCE MAR 1    552                       505     47      116
  SINCE JUL 1   3221                      2969    252      116

 COOLING
  TODAY            0                         1     -1        4
  MONTH TO DATE   12                        14     -2       19
  SINCE MAR 1     12                        19     -7       19
  SINCE JAN 1     12                        19     -7       19
..................................................................


WIND (MPH)
  RESULTANT WIND SPEED   6   RESULTANT WIND DIRECTION   E (90)
  HIGHEST WIND SPEED    18   HIGHEST WIND DIRECTION     E (100)
  HIGHEST GUST SPEED    23   HIGHEST GUST DIRECTION    NE (60)
  AVERAGE WIND SPEED     8.0


SKY COVER
  AVERAGE SKY COVER 0.0


WEATHER CONDITIONS
 THE FOLLOWING WEATHER WAS RECORDED TODAY.
  NO SIGNIFICANT WEATHER WAS OBSERVED.


RELATIVE HUMIDITY (PERCENT)
 HIGHEST    75           400 AM
 LOWEST     27           200 PM
 AVERAGE    51

..........................................................


THE GAINESVILLE   CLIMATE NORMALS FOR TOMORROW
                         NORMAL    RECORD    YEAR
 MAXIMUM TEMPERATURE (F)   71        MM        MM
 MINIMUM TEMPERATURE (F)   50        MM        MM


SUNRISE AND SUNSET
APRIL 16 2014.........SUNRISE   703 AM EDT   SUNSET   808 PM EDT
APRIL 17 2014.........SUNRISE   702 AM EDT   SUNSET   809 PM EDT


-  INDICATES NEGATIVE NUMBERS.
R  INDICATES RECORD WAS SET OR TIED.
MM INDICATES DATA IS MISSING.
T  INDICATES TRACE AMOUNT.




$$
