643
CDUS42 KFFC 010022
CLIGVL


CLIMATE REPORT
NATIONAL WEATHER SERVICE PEACHTREE CITY GA
822 PM EDT SUN APR 30 2017


...................................

...THE GAINESVILLE   CLIMATE SUMMARY FOR APRIL 30 2017...
VALID AS OF 0800 PM LOCAL TIME.

CLIMATE NORMAL PERIOD 1981 TO 2010
CLIMATE RECORD PERIOD 9999 TO 9999


WEATHER ITEM   OBSERVED TIME   RECORD YEAR NORMAL DEPARTURE LAST
                VALUE   (LST)  VALUE       VALUE  FROM      YEAR
                                                  NORMAL
..................................................................
TEMPERATURE (F)
 TODAY
  MAXIMUM         82    302 PM  MM      MM  75      7       82
  MINIMUM         66    644 AM  MM      MM  53     13       65
  AVERAGE         74                        64     10       74

PRECIPITATION (IN)
  TODAY            0.00         MM      MM   0.12  -0.12     0.60
  MONTH TO DATE    5.38                      3.56   1.82     2.83
  SINCE MAR 1      9.22                      8.98   0.24     4.69

SNOWFALL (IN)
  TODAY            0.0          MM      MM  MM     MM       MM
  MONTH TO DATE    0.0                      MM     MM        0.0
  SINCE MAR 1      0.0                      MM     MM        0.0
  SINCE JUL 1      0.0                      MM     MM         T
  SNOW DEPTH       0

DEGREE DAYS
 HEATING
  TODAY            0                         3     -3        0
  MONTH TO DATE   69                       174   -105      126
  SINCE MAR 1    393                       561   -168      359
  SINCE JUL 1   2123                      3025   -902     2411

 COOLING
  TODAY            9                         2      7        9
  MONTH TO DATE   96                        34     62       56
  SINCE MAR 1    115                        39     76       77
  SINCE JAN 1    115                        39     76       77
..................................................................


WIND (MPH)
  RESULTANT WIND SPEED   7   RESULTANT WIND DIRECTION   S (160)
  HIGHEST WIND SPEED    15   HIGHEST WIND DIRECTION     S (160)
  HIGHEST GUST SPEED    20   HIGHEST GUST DIRECTION     S (160)
  AVERAGE WIND SPEED     7.3


SKY COVER
  AVERAGE SKY COVER 0.5


WEATHER CONDITIONS
 THE FOLLOWING WEATHER WAS RECORDED TODAY.
  FOG


RELATIVE HUMIDITY (PERCENT)
 HIGHEST   100           500 AM
 LOWEST     51           400 PM
 AVERAGE    76

..........................................................


THE GAINESVILLE   CLIMATE NORMALS FOR TOMORROW
                         NORMAL    RECORD    YEAR
 MAXIMUM TEMPERATURE (F)   75        MM        MM
 MINIMUM TEMPERATURE (F)   54        MM        MM


SUNRISE AND SUNSET
APRIL 30 2017.........SUNRISE   647 AM EDT   SUNSET   819 PM EDT
MAY  1 2017...........SUNRISE   645 AM EDT   SUNSET   820 PM EDT


-  INDICATES NEGATIVE NUMBERS.
R  INDICATES RECORD WAS SET OR TIED.
MM INDICATES DATA IS MISSING.
T  INDICATES TRACE AMOUNT.




$$
