000
CDUS44 KJAN 240715
CLIGWO


CLIMATE REPORT
NATIONAL WEATHER SERVICE JACKSON MS
206 AM CDT SUN JUL 24 2016


...................................

...THE GREENWOOD CLIMATE SUMMARY FOR JULY 23 2016...

CLIMATE NORMAL PERIOD 1981 TO 2010
CLIMATE RECORD PERIOD 1948 TO 2016


WEATHER ITEM   OBSERVED TIME   RECORD YEAR NORMAL DEPARTURE LAST
                VALUE   (LST)  VALUE       VALUE  FROM      YEAR
                                                  NORMAL
..................................................................
TEMPERATURE (F)
 YESTERDAY
  MAXIMUM         91   1043 AM 103    1952  92     -1       95
  MINIMUM         74    513 AM  60    2007  71      3       76
                                      1988
  AVERAGE         83                        81      2       86

PRECIPITATION (IN)
  YESTERDAY        0.00          1.25 1951   0.11  -0.11     0.07
  MONTH TO DATE    1.56                      2.79  -1.23     1.71
  SINCE JUN 1      4.93                      7.10  -2.17     4.00
  SINCE JAN 1     30.72                     30.43   0.29    31.93

SNOWFALL (IN)
  YESTERDAY        0.0

DEGREE DAYS
 HEATING
  YESTERDAY        0                         0      0        0
  MONTH TO DATE    0                         0      0        0
  SINCE JUN 1      0                         0      0        0
  SINCE JUL 1      0                         0      0        0

 COOLING
  YESTERDAY       18                        16      2       21
  MONTH TO DATE  429                       368     61      410
  SINCE JUN 1    902                       781    121      848
  SINCE JAN 1   1231                      1111    120     1212
..................................................................


WIND (MPH)
  HIGHEST WIND SPEED    22   HIGHEST WIND DIRECTION    NE (50)
  HIGHEST GUST SPEED    28   HIGHEST GUST DIRECTION    NE (60)
  AVERAGE WIND SPEED     4.5


SKY COVER
  POSSIBLE SUNSHINE  MM
  AVERAGE SKY COVER 0.1


WEATHER CONDITIONS
 THE FOLLOWING WEATHER WAS RECORDED YESTERDAY.
  THUNDERSTORM


RELATIVE HUMIDITY (PERCENT)
 HIGHEST    87           100 AM
 LOWEST     56           100 PM
 AVERAGE    72

..........................................................


THE GREENWOOD CLIMATE NORMALS FOR TODAY
                         NORMAL    RECORD    YEAR
 MAXIMUM TEMPERATURE (F)   92       102      1952
 MINIMUM TEMPERATURE (F)   71        59      2000


SUNRISE AND SUNSET
JULY 24 2016..........SUNRISE   608 AM CDT   SUNSET   806 PM CDT
JULY 25 2016..........SUNRISE   608 AM CDT   SUNSET   805 PM CDT


-  INDICATES NEGATIVE NUMBERS.
R  INDICATES RECORD WAS SET OR TIED.
MM INDICATES DATA IS MISSING.
T  INDICATES TRACE AMOUNT.




$$
