000
CDUS44 KJAN 010640
CLIGWO


CLIMATE REPORT
NATIONAL WEATHER SERVICE JACKSON MS
130 AM CDT WED JUL 1 2015


...................................

...THE GREENWOOD CLIMATE SUMMARY FOR JUNE 30 2015...

CLIMATE NORMAL PERIOD 1981 TO 2010
CLIMATE RECORD PERIOD 1948 TO 2015


WEATHER ITEM   OBSERVED TIME   RECORD YEAR NORMAL DEPARTURE LAST
                VALUE   (LST)  VALUE       VALUE  FROM      YEAR
                                                  NORMAL
..................................................................
TEMPERATURE (F)
 YESTERDAY
  MAXIMUM         87    329 PM 102    1969  91     -4       91
  MINIMUM         68    429 AM  60    2008  70     -2       76
  AVERAGE         78                        81     -3       84

PRECIPITATION (IN)
  YESTERDAY        0.40          3.68 1992   0.14   0.26     0.00
  MONTH TO DATE    2.29                      4.31  -2.02     9.03
  SINCE JUN 1      2.29                      4.31  -2.02     9.03
  SINCE JAN 1     30.22                     27.64   2.58    32.15

SNOWFALL (IN)
  YESTERDAY        0.0

DEGREE DAYS
 HEATING
  YESTERDAY        0                         0      0        0
  MONTH TO DATE    0                         0      0        0
  SINCE JUN 1      0                         0      0        0
  SINCE JUL 1   2869                      2688    181     3271

 COOLING
  YESTERDAY       13                        16     -3       19
  MONTH TO DATE  438                       413     25      424
  SINCE JUN 1    438                       413     25      424
  SINCE JAN 1    802                       743     59      718
..................................................................


WIND (MPH)
  HIGHEST WIND SPEED    20   HIGHEST WIND DIRECTION    SW (220)
  HIGHEST GUST SPEED    25   HIGHEST GUST DIRECTION    SW (220)
  AVERAGE WIND SPEED     5.6


SKY COVER
  POSSIBLE SUNSHINE  MM
  AVERAGE SKY COVER 0.4


WEATHER CONDITIONS
 THE FOLLOWING WEATHER WAS RECORDED YESTERDAY.
  THUNDERSTORM
  HEAVY RAIN
  RAIN
  LIGHT RAIN
  FOG


RELATIVE HUMIDITY (PERCENT)
 HIGHEST    90           600 AM
 LOWEST     70           400 PM
 AVERAGE    80

..........................................................


THE GREENWOOD CLIMATE NORMALS FOR TODAY
                         NORMAL    RECORD    YEAR
 MAXIMUM TEMPERATURE (F)   91       104      1954
 MINIMUM TEMPERATURE (F)   70        57      1950


SUNRISE AND SUNSET
JULY  1 2015..........SUNRISE   554 AM CDT   SUNSET   814 PM CDT
JULY  2 2015..........SUNRISE   554 AM CDT   SUNSET   814 PM CDT


-  INDICATES NEGATIVE NUMBERS.
R  INDICATES RECORD WAS SET OR TIED.
MM INDICATES DATA IS MISSING.
T  INDICATES TRACE AMOUNT.




$$
