000
CDUS44 KJAN 240749
CLIGWO


CLIMATE REPORT
NATIONAL WEATHER SERVICE JACKSON MS
238 AM CDT SAT JUN 24 2017


...................................

...THE GREENWOOD CLIMATE SUMMARY FOR JUNE 23 2017...

CLIMATE NORMAL PERIOD 1981 TO 2010
CLIMATE RECORD PERIOD 1948 TO 2017


WEATHER ITEM   OBSERVED TIME   RECORD YEAR NORMAL DEPARTURE LAST
                VALUE   (LST)  VALUE       VALUE  FROM      YEAR
                                                  NORMAL
..................................................................
TEMPERATURE (F)
 YESTERDAY
  MAXIMUM         86    430 PM 100    1954  91     -5       92
  MINIMUM         72   1159 PM  55    1992  70      2       73
  AVERAGE         79                        80     -1       83

PRECIPITATION (IN)
  YESTERDAY        0.36          2.29 1967   0.15   0.21     0.00
  MONTH TO DATE    5.70                      3.32   2.38     3.36
  SINCE JUN 1      5.70                      3.32   2.38     3.36
  SINCE JAN 1     27.14                     26.65   0.49    29.15

SNOWFALL (IN)
  YESTERDAY        0.0

DEGREE DAYS
 HEATING
  YESTERDAY        0                         0      0        0
  MONTH TO DATE    0                         0      0        0
  SINCE JUN 1      0                         0      0        0
  SINCE JUL 1   1780                      2688   -908     1929

 COOLING
  YESTERDAY       14                        15     -1       18
  MONTH TO DATE  292                       305    -13      349
  SINCE JUN 1    292                       305    -13      349
  SINCE JAN 1    736                       635    101      678
..................................................................


WIND (MPH)
  HIGHEST WIND SPEED    26   HIGHEST WIND DIRECTION     S (190)
  HIGHEST GUST SPEED    35   HIGHEST GUST DIRECTION     S (190)
  AVERAGE WIND SPEED    11.9


SKY COVER
  POSSIBLE SUNSHINE  MM
  AVERAGE SKY COVER 0.7


WEATHER CONDITIONS
 THE FOLLOWING WEATHER WAS RECORDED YESTERDAY.
  THUNDERSTORM
  HEAVY RAIN
  RAIN
  LIGHT RAIN
  FOG


RELATIVE HUMIDITY (PERCENT)
 HIGHEST    93          1000 PM
 LOWEST     79           300 PM
 AVERAGE    86

..........................................................


THE GREENWOOD CLIMATE NORMALS FOR TODAY
                         NORMAL    RECORD    YEAR
 MAXIMUM TEMPERATURE (F)   91       100      1953
 MINIMUM TEMPERATURE (F)   70        59      1974


SUNRISE AND SUNSET
JUNE 24 2017..........SUNRISE   552 AM CDT   SUNSET   814 PM CDT
JUNE 25 2017..........SUNRISE   552 AM CDT   SUNSET   814 PM CDT


-  INDICATES NEGATIVE NUMBERS.
R  INDICATES RECORD WAS SET OR TIED.
MM INDICATES DATA IS MISSING.
T  INDICATES TRACE AMOUNT.




$$
