000
CDUS44 KJAN 292143
CLIGWO


CLIMATE REPORT
NATIONAL WEATHER SERVICE JACKSON MS
440 PM CDT FRI MAY 29 2015


...................................

...THE GREENWOOD CLIMATE SUMMARY FOR MAY 29 2015...
VALID TODAY AS OF 0400 PM LOCAL TIME.

CLIMATE NORMAL PERIOD 1981 TO 2010
CLIMATE RECORD PERIOD 1948 TO 2015


WEATHER ITEM   OBSERVED TIME   RECORD YEAR NORMAL DEPARTURE LAST
                VALUE   (LST)  VALUE       VALUE  FROM      YEAR
                                                  NORMAL
..................................................................
TEMPERATURE (F)
 TODAY
  MAXIMUM         83   1048 AM  96    1953  86     -3       78
  MINIMUM         71    347 AM  50    1984  64      7       68
  AVERAGE         77                        75      2       73

PRECIPITATION (IN)
  TODAY            0.30          3.78 1949   0.14   0.16     0.35
  MONTH TO DATE    5.86                      4.66   1.20     2.70
  SINCE MAR 1     17.40                     14.10   3.30    16.40
  SINCE JAN 1     26.79                     23.04   3.75    22.68

SNOWFALL (IN)
  TODAY            0.0

DEGREE DAYS
 HEATING
  TODAY            0                         0      0        0
  MONTH TO DATE   14                        15     -1       34
  SINCE MAR 1    348                       455   -107      617
  SINCE JUL 1   2869                      2686    183     3271

 COOLING
  TODAY           12                        10      2        8
  MONTH TO DATE  235                       206     29      207
  SINCE MAR 1    346                       303     43      270
  SINCE JAN 1    346                       308     38      270
..................................................................


WIND (MPH)
  HIGHEST WIND SPEED    17   HIGHEST WIND DIRECTION    SE (150)
  HIGHEST GUST SPEED    21   HIGHEST GUST DIRECTION     S (160)
  AVERAGE WIND SPEED     8.1


SKY COVER
  POSSIBLE SUNSHINE  MM
  AVERAGE SKY COVER 0.5


WEATHER CONDITIONS
 THE FOLLOWING WEATHER WAS RECORDED TODAY.
  THUNDERSTORM
  HEAVY RAIN
  RAIN
  LIGHT RAIN
  FOG


RELATIVE HUMIDITY (PERCENT)
 HIGHEST    93           500 AM
 LOWEST     62           100 PM
 AVERAGE    78

..........................................................


THE GREENWOOD CLIMATE NORMALS FOR TOMORROW
                         NORMAL    RECORD    YEAR
 MAXIMUM TEMPERATURE (F)   86        97      1951
 MINIMUM TEMPERATURE (F)   65        44      1984


SUNRISE AND SUNSET
MAY 29 2015...........SUNRISE   552 AM CDT   SUNSET   803 PM CDT
MAY 30 2015...........SUNRISE   552 AM CDT   SUNSET   804 PM CDT


-  INDICATES NEGATIVE NUMBERS.
R  INDICATES RECORD WAS SET OR TIED.
MM INDICATES DATA IS MISSING.
T  INDICATES TRACE AMOUNT.




$$
