000
CDUS44 KJAN 280644
CLIGWO


CLIMATE REPORT
NATIONAL WEATHER SERVICE JACKSON MS
1242 AM CST TUE FEB 28 2017


...................................

...THE GREENWOOD CLIMATE SUMMARY FOR FEBRUARY 27 2017...

CLIMATE NORMAL PERIOD 1981 TO 2010
CLIMATE RECORD PERIOD 1948 TO 2017


WEATHER ITEM   OBSERVED TIME   RECORD YEAR NORMAL DEPARTURE LAST
                VALUE   (LST)  VALUE       VALUE  FROM      YEAR
                                                  NORMAL
..................................................................
TEMPERATURE (F)
 YESTERDAY
  MAXIMUM         62   1159 PM  83    2011  62      0       64
  MINIMUM         47    517 AM  18    2014  40      7       29
  AVERAGE         55                        51      4       47

PRECIPITATION (IN)
  YESTERDAY        0.91          2.18 1989   0.15   0.76     0.00
  MONTH TO DATE    3.60                      4.27  -0.67     4.27
  SINCE DEC 1     12.52                     14.44  -1.92    12.55
  SINCE JAN 1      7.83                      8.79  -0.96     7.45

SNOWFALL (IN)
  YESTERDAY        0.0

DEGREE DAYS
 HEATING
  YESTERDAY       10                        14     -4       18
  MONTH TO DATE  251                       478   -227      427
  SINCE DEC 1   1191                      1749   -558     1422
  SINCE JUL 1   1483                      2217   -734     1650

 COOLING
  YESTERDAY        0                         0      0        0
  MONTH TO DATE   17                         0     17        7
  SINCE DEC 1     40                         7     33       73
  SINCE JAN 1     27                         2     25        8
..................................................................


WIND (MPH)
  HIGHEST WIND SPEED    20   HIGHEST WIND DIRECTION     N (360)
  HIGHEST GUST SPEED    27   HIGHEST GUST DIRECTION     N (350)
  AVERAGE WIND SPEED     9.1


SKY COVER
  POSSIBLE SUNSHINE  MM
  AVERAGE SKY COVER 0.8


WEATHER CONDITIONS
 THE FOLLOWING WEATHER WAS RECORDED YESTERDAY.
  THUNDERSTORM
  HEAVY RAIN
  RAIN
  LIGHT RAIN
  FOG


RELATIVE HUMIDITY (PERCENT)
 HIGHEST    93           800 AM
 LOWEST     31          1200 AM
 AVERAGE    62

..........................................................


THE GREENWOOD CLIMATE NORMALS FOR TODAY
                         NORMAL    RECORD    YEAR
 MAXIMUM TEMPERATURE (F)   62        77      2007
                                             1972
 MINIMUM TEMPERATURE (F)   40        18      2002


SUNRISE AND SUNSET
FEBRUARY 28 2017......SUNRISE   629 AM CST   SUNSET   557 PM CST
MARCH  1 2017.........SUNRISE   628 AM CST   SUNSET   557 PM CST


-  INDICATES NEGATIVE NUMBERS.
R  INDICATES RECORD WAS SET OR TIED.
MM INDICATES DATA IS MISSING.
T  INDICATES TRACE AMOUNT.




$$
