000
CDUS44 KJAN 190753
CLIGWO


CLIMATE REPORT
NATIONAL WEATHER SERVICE JACKSON MS
250 AM CDT THU OCT 19 2017


...................................

...THE GREENWOOD CLIMATE SUMMARY FOR OCTOBER 18 2017...

CLIMATE NORMAL PERIOD 1981 TO 2010
CLIMATE RECORD PERIOD 1948 TO 2017


WEATHER ITEM   OBSERVED TIME   RECORD YEAR NORMAL DEPARTURE LAST
                VALUE   (LST)  VALUE       VALUE  FROM      YEAR
                                                  NORMAL
..................................................................
TEMPERATURE (F)
 YESTERDAY
  MAXIMUM         78    247 PM  90    2016  76      2       90
                                      1972
  MINIMUM         45    616 AM  30    1976  51     -6       62
  AVERAGE         62                        64     -2       76

PRECIPITATION (IN)
  YESTERDAY        0.00          0.95 1988   0.13  -0.13     0.00
  MONTH TO DATE    0.10                      2.24  -2.14     0.08
  SINCE SEP 1      2.41                      5.90  -3.49     1.96
  SINCE JAN 1     38.27                     39.97  -1.70    38.46

SNOWFALL (IN)
  YESTERDAY        0.0

DEGREE DAYS
 HEATING
  YESTERDAY        3                         4     -1        0
  MONTH TO DATE   19                        47    -28        5
  SINCE SEP 1     21                        59    -38        5
  SINCE JUL 1     21                        59    -38        5

 COOLING
  YESTERDAY        0                         3     -3       11
  MONTH TO DATE  146                        71     75      118
  SINCE SEP 1    452                       376     76      545
  SINCE JAN 1   2287                      2118    169     2492
..................................................................


WIND (MPH)
  HIGHEST WIND SPEED    14   HIGHEST WIND DIRECTION    SE (140)
  HIGHEST GUST SPEED    17   HIGHEST GUST DIRECTION    SE (130)
  AVERAGE WIND SPEED     4.3


SKY COVER
  POSSIBLE SUNSHINE  MM
  AVERAGE SKY COVER 0.0


WEATHER CONDITIONS
 THE FOLLOWING WEATHER WAS RECORDED YESTERDAY.
  NO SIGNIFICANT WEATHER WAS OBSERVED.


RELATIVE HUMIDITY (PERCENT)
 HIGHEST    93           100 AM
 LOWEST     31           300 PM
 AVERAGE    62

..........................................................


THE GREENWOOD CLIMATE NORMALS FOR TODAY
                         NORMAL    RECORD    YEAR
 MAXIMUM TEMPERATURE (F)   76        90      2016
 MINIMUM TEMPERATURE (F)   51        30      1948


SUNRISE AND SUNSET
OCTOBER 19 2017.......SUNRISE   708 AM CDT   SUNSET   622 PM CDT
OCTOBER 20 2017.......SUNRISE   709 AM CDT   SUNSET   620 PM CDT


-  INDICATES NEGATIVE NUMBERS.
R  INDICATES RECORD WAS SET OR TIED.
MM INDICATES DATA IS MISSING.
T  INDICATES TRACE AMOUNT.




$$
