000
CDUS44 KJAN 290832
CLIGWO


CLIMATE REPORT
NATIONAL WEATHER SERVICE JACKSON MS
228 AM CST THU JAN 29 2015


...................................

...THE GREENWOOD CLIMATE SUMMARY FOR JANUARY 28 2015...

CLIMATE NORMAL PERIOD 1981 TO 2010
CLIMATE RECORD PERIOD 1948 TO 2015


WEATHER ITEM   OBSERVED TIME   RECORD YEAR NORMAL DEPARTURE LAST
                VALUE   (LST)  VALUE       VALUE  FROM      YEAR
                                                  NORMAL
..................................................................
TEMPERATURE (F)
 YESTERDAY
  MAXIMUM         66    327 PM  78    1975  54     12       25
  MINIMUM         33    444 AM  12    1963  34     -1       14
  AVERAGE         50                        44      6       20

PRECIPITATION (IN)
  YESTERDAY        0.00          1.45 2006   0.15  -0.15     0.00
  MONTH TO DATE    4.44                      4.04   0.40     1.57
  SINCE DEC 1      9.96                      9.69   0.27     6.26
  SINCE JAN 1      4.44                      4.04   0.40     1.57

SNOWFALL (IN)
  YESTERDAY        0.0

DEGREE DAYS
 HEATING
  YESTERDAY       15                        21     -6       45
  MONTH TO DATE  652                       612     40      767
  SINCE DEC 1   1164                      1210    -46     1411
  SINCE JUL 1   1752                      1678     74     1978

 COOLING
  YESTERDAY        0                         0      0        0
  MONTH TO DATE    0                         0      0        0
  SINCE DEC 1      1                         5     -4       11
  SINCE JAN 1      0                         0      0        0
..................................................................


WIND (MPH)
  HIGHEST WIND SPEED    13   HIGHEST WIND DIRECTION     S (180)
  HIGHEST GUST SPEED    16   HIGHEST GUST DIRECTION     S (180)
  AVERAGE WIND SPEED     7.0


SKY COVER
  POSSIBLE SUNSHINE  MM
  AVERAGE SKY COVER 0.0


WEATHER CONDITIONS
 THE FOLLOWING WEATHER WAS RECORDED YESTERDAY.
  NO SIGNIFICANT WEATHER WAS OBSERVED.


RELATIVE HUMIDITY (PERCENT)
 HIGHEST    82           500 AM
 LOWEST     32           300 PM
 AVERAGE    57

..........................................................


THE GREENWOOD CLIMATE NORMALS FOR TODAY
                         NORMAL    RECORD    YEAR
 MAXIMUM TEMPERATURE (F)   55        79      2013
 MINIMUM TEMPERATURE (F)   34         6      1966


SUNRISE AND SUNSET
JANUARY 29 2015.......SUNRISE   659 AM CST   SUNSET   529 PM CST
JANUARY 30 2015.......SUNRISE   658 AM CST   SUNSET   530 PM CST


-  INDICATES NEGATIVE NUMBERS.
R  INDICATES RECORD WAS SET OR TIED.
MM INDICATES DATA IS MISSING.
T  INDICATES TRACE AMOUNT.




$$
