000
CDUS41 KGYX 170943
CLIGYX


CLIMATE REPORT
NATIONAL WEATHER SERVICE GRAY ME
443 AM EST TUE JAN 17 2017


...................................

...THE GRAY ME CLIMATE SUMMARY FOR JANUARY 16 2017...

CLIMATE NORMAL PERIOD 1981 TO 2010
CLIMATE RECORD PERIOD 1995 TO 2017


WEATHER ITEM   OBSERVED TIME   RECORD YEAR NORMAL DEPARTURE LAST
                VALUE   (LST)  VALUE       VALUE  FROM      YEAR
                                                  NORMAL
..................................................................
TEMPERATURE (F)
 YESTERDAY
  MAXIMUM         36        MM  MM      MM  29      7       26
  MINIMUM         11        MM  MM      MM  12     -1       22
  AVERAGE         24                        20      4       24

PRECIPITATION (IN)
  YESTERDAY        0.00         MM      MM   0.11  -0.11     0.41
  MONTH TO DATE    1.22                      1.84  -0.62     3.65
  SINCE DEC 1      6.04                      5.90   0.14     8.21
  SINCE JAN 1      1.22                      1.84  -0.62     3.65

SNOWFALL (IN)
  YESTERDAY        0.0          MM      MM   0.7   -0.7      5.2
  MONTH TO DATE    1.9                      11.3   -9.4     14.2
  SINCE DEC 1     37.4                      29.6    7.8     19.4
  SINCE JUL 1     38.7                      32.7    6.0     19.6
  SNOW DEPTH       7

DEGREE DAYS
 HEATING
  YESTERDAY       41                        45     -4       41
  MONTH TO DATE  642                       698    -56      629
  SINCE DEC 1   1863                      1867     -4     1530
  SINCE JUL 1   3142                      3364   -222     2829

 COOLING
  YESTERDAY        0                         0      0        0
  MONTH TO DATE    0                         0      0        0
  SINCE DEC 1      0                         0      0        0
  SINCE JAN 1      0                         0      0        0
..................................................................







THE GRAY ME CLIMATE NORMALS FOR TODAY
                         NORMAL
 MAXIMUM TEMPERATURE (F)   29
 MINIMUM TEMPERATURE (F)   12


SUNRISE AND SUNSET
JANUARY 17 2017.......SUNRISE   711 AM EST   SUNSET   432 PM EST
JANUARY 18 2017.......SUNRISE   710 AM EST   SUNSET   433 PM EST


-  INDICATES NEGATIVE NUMBERS.
R  INDICATES RECORD WAS SET OR TIED.
MM INDICATES DATA IS MISSING.
T  INDICATES TRACE AMOUNT.




$$
