000
CDUS41 KGYX 260806
CLIGYX


CLIMATE REPORT
NATIONAL WEATHER SERVICE GRAY ME
406 AM EDT THU MAR 26 2015


...................................

...THE GRAY ME CLIMATE SUMMARY FOR MARCH 25 2015...

CLIMATE NORMAL PERIOD 1981 TO 2010
CLIMATE RECORD PERIOD 1995 TO 2015


WEATHER ITEM   OBSERVED TIME   RECORD YEAR NORMAL DEPARTURE LAST
                VALUE   (LST)  VALUE       VALUE  FROM      YEAR
                                                  NORMAL
..................................................................
TEMPERATURE (F)
 YESTERDAY
  MAXIMUM         43        MM  MM      MM  45     -2       34
  MINIMUM         25        MM  MM      MM  27     -2        9
  AVERAGE         34                        36     -2       22

PRECIPITATION (IN)
  YESTERDAY        0.01         MM      MM   0.13  -0.12     0.00
  MONTH TO DATE    0.95                      3.36  -2.41     1.99
  SINCE MAR 1      0.95                      3.36  -2.41     1.99
  SINCE JAN 1      6.92                     10.20  -3.28     8.98

SNOWFALL (IN)
  YESTERDAY        0.0          MM      MM   0.5   -0.5      0.0
  MONTH TO DATE    4.9                      17.3  -12.4      7.6
  SINCE MAR 1      4.9                      17.3  -12.4      7.6
  SINCE JUL 1    104.0                      76.4   27.6     81.7
  SNOW DEPTH      17

DEGREE DAYS
 HEATING
  YESTERDAY       31                        29      2       43
  MONTH TO DATE  958                       824    134     1037
  SINCE MAR 1    958                       824    134     1037
  SINCE JUL 1   6434                      5982    452     6447

 COOLING
  YESTERDAY        0                         0      0        0
  MONTH TO DATE    0                         0      0        0
  SINCE MAR 1      0                         0      0        0
  SINCE JAN 1      0                         0      0        0
..................................................................







THE GRAY ME CLIMATE NORMALS FOR TODAY
                         NORMAL
 MAXIMUM TEMPERATURE (F)   45
 MINIMUM TEMPERATURE (F)   27


SUNRISE AND SUNSET
MARCH 26 2015.........SUNRISE   634 AM EDT   SUNSET   700 PM EDT
MARCH 27 2015.........SUNRISE   632 AM EDT   SUNSET   702 PM EDT


-  INDICATES NEGATIVE NUMBERS.
R  INDICATES RECORD WAS SET OR TIED.
MM INDICATES DATA IS MISSING.
T  INDICATES TRACE AMOUNT.




$$
