000
CDUS41 KGYX 130913
CLIGYX


CLIMATE REPORT
NATIONAL WEATHER SERVICE GRAY ME
413 AM EST SAT FEB 13 2016


...................................

...THE GRAY ME CLIMATE SUMMARY FOR FEBRUARY 12 2016...

CLIMATE NORMAL PERIOD 1981 TO 2010
CLIMATE RECORD PERIOD 1995 TO 2016


WEATHER ITEM   OBSERVED TIME   RECORD YEAR NORMAL DEPARTURE LAST
                VALUE   (LST)  VALUE       VALUE  FROM      YEAR
                                                  NORMAL
..................................................................
TEMPERATURE (F)
 YESTERDAY
  MAXIMUM         MM        MM  MM      MM  33     MM       16
  MINIMUM         MM        MM  MM      MM  15     MM        4
  AVERAGE         MM                        24     MM       10

PRECIPITATION (IN)
  YESTERDAY        0.00         MM      MM   0.11  -0.11     0.06
  MONTH TO DATE    1.83                      1.29   0.54     1.51
  SINCE DEC 1     10.12                      8.88   1.24    11.64
  SINCE JAN 1      5.56                      4.82   0.74     5.44

SNOWFALL (IN)
  YESTERDAY        0.0          MM      MM   0.5   -0.5      1.9
  MONTH TO DATE   11.9                       6.7    5.2     19.4
  SINCE DEC 1     33.0                      46.2  -13.2     71.7
  SINCE JUL 1     33.2                      49.3  -16.1     86.7
  SNOW DEPTH       7

DEGREE DAYS
 HEATING
  YESTERDAY       MM                        41     MM       55
  MONTH TO DATE  390                       509   -119      642
  SINCE DEC 1   2517                      3042   -525     3191
  SINCE JUL 1   3816                      4539   -723     4641

 COOLING
  YESTERDAY       MM                         0     MM        0
  MONTH TO DATE    0                         0      0        0
  SINCE DEC 1      0                         0      0        0
  SINCE JAN 1      0                         0      0        0
..................................................................







THE GRAY ME CLIMATE NORMALS FOR TODAY
                         NORMAL
 MAXIMUM TEMPERATURE (F)   33
 MINIMUM TEMPERATURE (F)   15


SUNRISE AND SUNSET
FEBRUARY 13 2016......SUNRISE   644 AM EST   SUNSET   507 PM EST
FEBRUARY 14 2016......SUNRISE   642 AM EST   SUNSET   509 PM EST


-  INDICATES NEGATIVE NUMBERS.
R  INDICATES RECORD WAS SET OR TIED.
MM INDICATES DATA IS MISSING.
T  INDICATES TRACE AMOUNT.




$$
