000
CDUS44 KJAN 040633
CLIHBG


CLIMATE REPORT
NATIONAL WEATHER SERVICE JACKSON MS
131 AM CDT SAT JUL 4 2015


...................................

...THE HATTIESBURG CLIMATE SUMMARY FOR JULY 3 2015...

CLIMATE NORMAL PERIOD 1981 TO 2010
CLIMATE RECORD PERIOD 1948 TO 2015


WEATHER ITEM   OBSERVED TIME   RECORD YEAR NORMAL DEPARTURE LAST
                VALUE   (LST)  VALUE       VALUE  FROM      YEAR
                                                  NORMAL
..................................................................
TEMPERATURE (F)
 YESTERDAY
  MAXIMUM         91    423 PM 100    2011  92     -1       91
                                      2009
                                      1960
  MINIMUM         76    538 AM  64    1959  71      5       71
                                      1950
  AVERAGE         84                        81      3       81

PRECIPITATION (IN)
  YESTERDAY        T             1.70 1989   0.19  -0.19     0.00
  MONTH TO DATE    0.83                      0.56   0.27      T
  SINCE JUN 1      5.56                      6.06  -0.50     4.94
  SINCE JAN 1     29.38                     32.60  -3.22    33.42

SNOWFALL (IN)
  YESTERDAY        0.0

DEGREE DAYS
 HEATING
  YESTERDAY        0                         0      0        0
  MONTH TO DATE    0                         0      0        0
  SINCE JUN 1      0                         0      0        0
  SINCE JUL 1      0                         0      0        0

 COOLING
  YESTERDAY       19                        16      3       16
  MONTH TO DATE   51                        48      3       56
  SINCE JUN 1    530                       471     59      523
  SINCE JAN 1   1107                       886    221      899
..................................................................


WIND (MPH)
  HIGHEST WIND SPEED    15   HIGHEST WIND DIRECTION     W (250)
  HIGHEST GUST SPEED    23   HIGHEST GUST DIRECTION    SW (240)
  AVERAGE WIND SPEED     4.7


SKY COVER
  POSSIBLE SUNSHINE  MM
  AVERAGE SKY COVER 0.2


WEATHER CONDITIONS
 THE FOLLOWING WEATHER WAS RECORDED YESTERDAY.
  LIGHT RAIN


RELATIVE HUMIDITY (PERCENT)
 HIGHEST    94           400 AM
 LOWEST     52           200 PM
 AVERAGE    73

..........................................................


THE HATTIESBURG CLIMATE NORMALS FOR TODAY
                         NORMAL    RECORD    YEAR
 MAXIMUM TEMPERATURE (F)   92       100      2009
                                             1960
 MINIMUM TEMPERATURE (F)   71        65      2010


SUNRISE AND SUNSET
JULY  4 2015..........SUNRISE   558 AM CDT   SUNSET   805 PM CDT
JULY  5 2015..........SUNRISE   558 AM CDT   SUNSET   805 PM CDT


-  INDICATES NEGATIVE NUMBERS.
R  INDICATES RECORD WAS SET OR TIED.
MM INDICATES DATA IS MISSING.
T  INDICATES TRACE AMOUNT.




$$
