000
CDUS44 KJAN 290717
CLIHBG


CLIMATE REPORT
NATIONAL WEATHER SERVICE JACKSON MS
214 AM CDT WED JUL 29 2015


...................................

...THE HATTIESBURG CLIMATE SUMMARY FOR JULY 28 2015...

CLIMATE NORMAL PERIOD 1981 TO 2010
CLIMATE RECORD PERIOD 1948 TO 2015


WEATHER ITEM   OBSERVED TIME   RECORD YEAR NORMAL DEPARTURE LAST
                VALUE   (LST)  VALUE       VALUE  FROM      YEAR
                                                  NORMAL
..................................................................
TEMPERATURE (F)
 YESTERDAY
  MAXIMUM         95    157 PM 100    1952  93      2       94
  MINIMUM         75    521 AM  64    1994  72      3       76
  AVERAGE         85                        82      3       85

PRECIPITATION (IN)
  YESTERDAY        T             2.70 1978   0.15  -0.15     0.00
  MONTH TO DATE    5.46                      4.93   0.53     2.26
  SINCE JUN 1     10.19                     10.43  -0.24     7.20
  SINCE JAN 1     34.01                     36.97  -2.96    35.68

SNOWFALL (IN)
  YESTERDAY        0.0

DEGREE DAYS
 HEATING
  YESTERDAY        0                         0      0        0
  MONTH TO DATE    0                         0      0        0
  SINCE JUN 1      0                         0      0        0
  SINCE JUL 1      0                         0      0        0

 COOLING
  YESTERDAY       20                        17      3       20
  MONTH TO DATE  556                       471     85      445
  SINCE JUN 1   1035                       894    141      912
  SINCE JAN 1   1612                      1309    303     1288
..................................................................


WIND (MPH)
  HIGHEST WIND SPEED    24   HIGHEST WIND DIRECTION    NW (320)
  HIGHEST GUST SPEED    29   HIGHEST GUST DIRECTION    NW (320)
  AVERAGE WIND SPEED     2.5


SKY COVER
  POSSIBLE SUNSHINE  MM
  AVERAGE SKY COVER 0.1


WEATHER CONDITIONS
 THE FOLLOWING WEATHER WAS RECORDED YESTERDAY.
  LIGHT RAIN
  FOG


RELATIVE HUMIDITY (PERCENT)
 HIGHEST    91           900 PM
 LOWEST     46          1200 PM
 AVERAGE    69

..........................................................


THE HATTIESBURG CLIMATE NORMALS FOR TODAY
                         NORMAL    RECORD    YEAR
 MAXIMUM TEMPERATURE (F)   93        99      1987
 MINIMUM TEMPERATURE (F)   72        64      1994


SUNRISE AND SUNSET
JULY 29 2015..........SUNRISE   612 AM CDT   SUNSET   755 PM CDT
JULY 30 2015..........SUNRISE   612 AM CDT   SUNSET   754 PM CDT


-  INDICATES NEGATIVE NUMBERS.
R  INDICATES RECORD WAS SET OR TIED.
MM INDICATES DATA IS MISSING.
T  INDICATES TRACE AMOUNT.




$$
