000
CDUS41 KLWX 270525
CLIHGR


CLIMATE REPORT
NATIONAL WEATHER SERVICE BALTIMORE MD/WASHINGTON DC
1225 AM EST TUE JAN 27 2015


...................................

...THE HAGERSTOWN MD CLIMATE SUMMARY FOR JANUARY 26 2015...

CLIMATE NORMAL PERIOD 1981 TO 2010
CLIMATE RECORD PERIOD 9999 TO 9999


WEATHER ITEM   OBSERVED TIME   RECORD YEAR NORMAL DEPARTURE LAST
                VALUE   (LST)  VALUE       VALUE  FROM      YEAR
                                                  NORMAL
..................................................................
TEMPERATURE (F)
 YESTERDAY
  MAXIMUM         36    104 AM  MM      MM  39     -3       30
  MINIMUM         24    810 PM  MM      MM  24      0       11
  AVERAGE         30                        31     -1       21

PRECIPITATION (IN)
  YESTERDAY        0.10         MM      MM   0.09   0.01     0.00
  MONTH TO DATE    1.87                      2.26  -0.39     1.27
  SINCE DEC 1      4.87                      5.15  -0.28     5.28
  SINCE JAN 1      1.87                      2.26  -0.39     1.27

DEGREE DAYS
 HEATING
  YESTERDAY       35                        34      1       44
  MONTH TO DATE  898                       889      9      873
  SINCE DEC 1   1721                      1848   -127     1749
  SINCE JUL 1   2674                      2853   -179     2811

 COOLING
  YESTERDAY        0                         0      0        0
  MONTH TO DATE    0                         0      0        0
  SINCE DEC 1      0                         0      0        0
  SINCE JAN 1      0                         0      0        0
..................................................................


WIND (MPH)
  HIGHEST WIND SPEED    16   HIGHEST WIND DIRECTION    NE (50)
  HIGHEST GUST SPEED    19   HIGHEST GUST DIRECTION    NE (50)
  AVERAGE WIND SPEED    10.2


SKY COVER
  POSSIBLE SUNSHINE  MM
  AVERAGE SKY COVER 1.0


WEATHER CONDITIONS
 THE FOLLOWING WEATHER WAS RECORDED YESTERDAY.
  LIGHT RAIN
  LIGHT SNOW
  FOG
  HAZE


RELATIVE HUMIDITY (PERCENT)
 HIGHEST    92           100 AM
 LOWEST     78           800 AM
 AVERAGE    85

..........................................................


THE HAGERSTOWN MD CLIMATE NORMALS FOR TODAY
                         NORMAL    RECORD    YEAR
 MAXIMUM TEMPERATURE (F)   39        MM        MM
 MINIMUM TEMPERATURE (F)   24        MM        MM


SUNRISE AND SUNSET
JANUARY 27 2015.......SUNRISE   723 AM EST   SUNSET   524 PM EST
JANUARY 28 2015.......SUNRISE   722 AM EST   SUNSET   526 PM EST


-  INDICATES NEGATIVE NUMBERS.
R  INDICATES RECORD WAS SET OR TIED.
MM INDICATES DATA IS MISSING.
T  INDICATES TRACE AMOUNT.




$$
