000
CDUS41 KLWX 240528
CLIHGR


CLIMATE REPORT
NATIONAL WEATHER SERVICE BALTIMORE MD/WASHINGTON DC
1226 AM EST TUE JAN 24 2017


...................................

...THE HAGERSTOWN MD CLIMATE SUMMARY FOR JANUARY 23 2017...

CLIMATE NORMAL PERIOD 1981 TO 2010
CLIMATE RECORD PERIOD 9999 TO 9999


WEATHER ITEM   OBSERVED TIME   RECORD YEAR NORMAL DEPARTURE LAST
                VALUE   (LST)  VALUE       VALUE  FROM      YEAR
                                                  NORMAL
..................................................................
TEMPERATURE (F)
 YESTERDAY
  MAXIMUM         50    221 AM  MM      MM  38     12       27
  MINIMUM         34    750 PM  MM      MM  24     10       18
  AVERAGE         42                        31     11       23

PRECIPITATION (IN)
  YESTERDAY        0.78         MM      MM   0.09   0.69    MM
  MONTH TO DATE    2.72                      2.00   0.72     1.64
  SINCE DEC 1      4.50                      4.89  -0.39     4.52
  SINCE JAN 1      2.72                      2.00   0.72     1.64

DEGREE DAYS
 HEATING
  YESTERDAY       23                        34    -11       42
  MONTH TO DATE  650                       787   -137      799
  SINCE DEC 1   1514                      1746   -232     1359
  SINCE JUL 1   2222                      2751   -529     2091

 COOLING
  YESTERDAY        0                         0      0        0
  MONTH TO DATE    0                         0      0        0
  SINCE DEC 1      0                         0      0        0
  SINCE JAN 1      0                         0      0        0
..................................................................


WIND (MPH)
  HIGHEST WIND SPEED    28   HIGHEST WIND DIRECTION    NE (60)
  HIGHEST GUST SPEED    39   HIGHEST GUST DIRECTION    NE (60)
  AVERAGE WIND SPEED    14.9


SKY COVER
  POSSIBLE SUNSHINE  MM
  AVERAGE SKY COVER 1.0


WEATHER CONDITIONS
 THE FOLLOWING WEATHER WAS RECORDED YESTERDAY.
  HEAVY RAIN
  RAIN
  LIGHT RAIN
  SLEET
  FOG
  HAZE


RELATIVE HUMIDITY (PERCENT)
 HIGHEST    89           500 PM
 LOWEST     79           200 PM
 AVERAGE    84

..........................................................


THE HAGERSTOWN MD CLIMATE NORMALS FOR TODAY
                         NORMAL    RECORD    YEAR
 MAXIMUM TEMPERATURE (F)   38        MM        MM
 MINIMUM TEMPERATURE (F)   24        MM        MM


SUNRISE AND SUNSET
JANUARY 24 2017.......SUNRISE   725 AM EST   SUNSET   521 PM EST
JANUARY 25 2017.......SUNRISE   724 AM EST   SUNSET   523 PM EST


-  INDICATES NEGATIVE NUMBERS.
R  INDICATES RECORD WAS SET OR TIED.
MM INDICATES DATA IS MISSING.
T  INDICATES TRACE AMOUNT.




$$
