000
CDUS41 KLWX 010523
CLIHGR


CLIMATE REPORT
NATIONAL WEATHER SERVICE BALTIMORE MD/WASHINGTON DC
123 AM EDT SUN MAY 1 2016


...................................

...THE HAGERSTOWN MD CLIMATE SUMMARY FOR APRIL 30 2016...

CLIMATE NORMAL PERIOD 1981 TO 2010
CLIMATE RECORD PERIOD 9999 TO 9999


WEATHER ITEM   OBSERVED TIME   RECORD YEAR NORMAL DEPARTURE LAST
                VALUE   (LST)  VALUE       VALUE  FROM      YEAR
                                                  NORMAL
..................................................................
TEMPERATURE (F)
 YESTERDAY
  MAXIMUM         56    423 PM  MM      MM  68    -12       70
  MINIMUM         49    807 AM  MM      MM  47      2       50
  AVERAGE         53                        57     -4       60

PRECIPITATION (IN)
  YESTERDAY        0.06         MM      MM   0.11  -0.05     0.34
  MONTH TO DATE    1.92                      3.56  -1.64     3.23
  SINCE MAR 1      3.54                      6.94  -3.40     5.53
  SINCE JAN 1      8.91                     12.17  -3.26     7.81

DEGREE DAYS
 HEATING
  YESTERDAY       12                         8      4        5
  MONTH TO DATE  356                       381    -25      292
  SINCE MAR 1    808                      1111   -303     1073
  SINCE JUL 1   4045                      5014   -969     5079

 COOLING
  YESTERDAY        0                         1     -1        0
  MONTH TO DATE   12                        14     -2        2
  SINCE MAR 1     16                        15      1        2
  SINCE JAN 1     16                        15      1        2
..................................................................


WIND (MPH)
  HIGHEST WIND SPEED    14   HIGHEST WIND DIRECTION    SE (130)
  HIGHEST GUST SPEED    21   HIGHEST GUST DIRECTION    SE (130)
  AVERAGE WIND SPEED     6.4


SKY COVER
  POSSIBLE SUNSHINE  MM
  AVERAGE SKY COVER 1.0


WEATHER CONDITIONS
 THE FOLLOWING WEATHER WAS RECORDED YESTERDAY.
  LIGHT RAIN
  FOG
  HAZE


RELATIVE HUMIDITY (PERCENT)
 HIGHEST    93           200 AM
 LOWEST     66           200 PM
 AVERAGE    80

..........................................................


THE HAGERSTOWN MD CLIMATE NORMALS FOR TODAY
                         NORMAL    RECORD    YEAR
 MAXIMUM TEMPERATURE (F)   68        MM        MM
 MINIMUM TEMPERATURE (F)   47        MM        MM


SUNRISE AND SUNSET
MAY  1 2016...........SUNRISE   611 AM EDT   SUNSET   805 PM EDT
MAY  2 2016...........SUNRISE   610 AM EDT   SUNSET   806 PM EDT


-  INDICATES NEGATIVE NUMBERS.
R  INDICATES RECORD WAS SET OR TIED.
MM INDICATES DATA IS MISSING.
T  INDICATES TRACE AMOUNT.




$$
