000
CDUS41 KLWX 292141
CLIHGR


CLIMATE REPORT
NATIONAL WEATHER SERVICE BALTIMORE MD/WASHINGTON DC
541 PM EDT SAT AUG 29 2015


...................................

...THE HAGERSTOWN MD CLIMATE SUMMARY FOR AUGUST 29 2015...
VALID TODAY AS OF 0500 PM LOCAL TIME.

CLIMATE NORMAL PERIOD 1981 TO 2010
CLIMATE RECORD PERIOD 9999 TO 9999


WEATHER ITEM   OBSERVED TIME   RECORD YEAR NORMAL DEPARTURE LAST
                VALUE   (LST)  VALUE       VALUE  FROM      YEAR
                                                  NORMAL
..................................................................
TEMPERATURE (F)
 TODAY
  MAXIMUM         88    336 PM  MM      MM  81      7       77
  MINIMUM         60    508 AM  MM      MM  62     -2       55
  AVERAGE         74                        71      3       66

PRECIPITATION (IN)
  TODAY            0.00         MM      MM   0.11  -0.11     0.00
  MONTH TO DATE    1.39                      2.94  -1.55     3.51
  SINCE JUN 1      8.45                     10.23  -1.78    14.43
  SINCE JAN 1     18.64                     26.43  -7.79    26.91

DEGREE DAYS
 HEATING
  TODAY            0                         0      0        0
  MONTH TO DATE    0                         0      0        0
  SINCE JUN 1     14                        18     -4        2
  SINCE JUL 1      0                         0      0        2

 COOLING
  TODAY            9                         7      2        1
  MONTH TO DATE  288                       249     39      177
  SINCE JUN 1    912                       779    133      707
  SINCE JAN 1   1113                       855    258      789
..................................................................


WIND (MPH)
  HIGHEST WIND SPEED    12   HIGHEST WIND DIRECTION     S (190)
  HIGHEST GUST SPEED    16   HIGHEST GUST DIRECTION    SW (210)
  AVERAGE WIND SPEED     4.3


SKY COVER
  POSSIBLE SUNSHINE  MM
  AVERAGE SKY COVER 0.0


WEATHER CONDITIONS
 THE FOLLOWING WEATHER WAS RECORDED TODAY.
  HAZE


RELATIVE HUMIDITY (PERCENT)
 HIGHEST    84           500 AM
 LOWEST     34           300 PM
 AVERAGE    59

..........................................................


THE HAGERSTOWN MD CLIMATE NORMALS FOR TOMORROW
                         NORMAL    RECORD    YEAR
 MAXIMUM TEMPERATURE (F)   81        MM        MM
 MINIMUM TEMPERATURE (F)   62        MM        MM


SUNRISE AND SUNSET
AUGUST 29 2015........SUNRISE   636 AM EDT   SUNSET   747 PM EDT
AUGUST 30 2015........SUNRISE   637 AM EDT   SUNSET   745 PM EDT


-  INDICATES NEGATIVE NUMBERS.
R  INDICATES RECORD WAS SET OR TIED.
MM INDICATES DATA IS MISSING.
T  INDICATES TRACE AMOUNT.




$$
