000
CDUS41 KLWX 222121
CLIHGR


CLIMATE REPORT
NATIONAL WEATHER SERVICE BALTIMORE MD/WASHINGTON DC
521 PM EDT FRI MAY 22 2015


...................................

...THE HAGERSTOWN MD CLIMATE SUMMARY FOR MAY 22 2015...
VALID TODAY AS OF 0500 PM LOCAL TIME.

CLIMATE NORMAL PERIOD 1981 TO 2010
CLIMATE RECORD PERIOD 9999 TO 9999


WEATHER ITEM   OBSERVED TIME   RECORD YEAR NORMAL DEPARTURE LAST
                VALUE   (LST)  VALUE       VALUE  FROM      YEAR
                                                  NORMAL
..................................................................
TEMPERATURE (F)
 TODAY
  MAXIMUM         75    117 PM  MM      MM  74      1       83
  MINIMUM         46    509 AM  MM      MM  54     -8       60
  AVERAGE         61                        64     -3       72

PRECIPITATION (IN)
  TODAY            0.00         MM      MM   0.15  -0.15     0.74
  MONTH TO DATE    0.71                      2.71  -2.00     4.36
  SINCE MAR 1      6.24                      9.65  -3.41     8.58
  SINCE JAN 1      8.52                     14.88  -6.36    12.36

DEGREE DAYS
 HEATING
  TODAY            4                         4      0        0
  MONTH TO DATE   44                       128    -84       94
  SINCE MAR 1   1117                      1239   -122     1344
  SINCE JUL 1   5123                      5142    -19     5359

 COOLING
  TODAY            0                         2     -2        7
  MONTH TO DATE  116                        30     86       46
  SINCE MAR 1    118                        45     73       56
  SINCE JAN 1    118                        45     73       56
..................................................................


WIND (MPH)
  HIGHEST WIND SPEED    32   HIGHEST WIND DIRECTION     W (280)
  HIGHEST GUST SPEED    40   HIGHEST GUST DIRECTION     W (280)
  AVERAGE WIND SPEED    10.6


SKY COVER
  POSSIBLE SUNSHINE  MM
  AVERAGE SKY COVER 0.2


WEATHER CONDITIONS
 THE FOLLOWING WEATHER WAS RECORDED TODAY.
  NO SIGNIFICANT WEATHER WAS OBSERVED.


RELATIVE HUMIDITY (PERCENT)
 HIGHEST    86           200 AM
 LOWEST     25           100 PM
 AVERAGE    56

..........................................................


THE HAGERSTOWN MD CLIMATE NORMALS FOR TOMORROW
                         NORMAL    RECORD    YEAR
 MAXIMUM TEMPERATURE (F)   74        MM        MM
 MINIMUM TEMPERATURE (F)   54        MM        MM


SUNRISE AND SUNSET
MAY 22 2015...........SUNRISE   551 AM EDT   SUNSET   825 PM EDT
MAY 23 2015...........SUNRISE   550 AM EDT   SUNSET   825 PM EDT


-  INDICATES NEGATIVE NUMBERS.
R  INDICATES RECORD WAS SET OR TIED.
MM INDICATES DATA IS MISSING.
T  INDICATES TRACE AMOUNT.




$$
