000
CDUS41 KLWX 012127
CLIHGR


CLIMATE REPORT
NATIONAL WEATHER SERVICE BALTIMORE MD/WASHINGTON DC
527 PM EDT WED OCT 1 2014


...................................

...THE HAGERSTOWN MD CLIMATE SUMMARY FOR OCTOBER 1 2014...
VALID TODAY AS OF 0500 PM LOCAL TIME.

CLIMATE NORMAL PERIOD 1981 TO 2010
CLIMATE RECORD PERIOD 9999 TO 9999


WEATHER ITEM   OBSERVED TIME   RECORD YEAR NORMAL DEPARTURE LAST
                VALUE   (LST)  VALUE       VALUE  FROM      YEAR
                                                  NORMAL
..................................................................
TEMPERATURE (F)
 TODAY
  MAXIMUM         69    356 PM  MM      MM  70     -1       80
  MINIMUM         60    533 AM  MM      MM  50     10       55
  AVERAGE         65                        60      5       68

PRECIPITATION (IN)
  TODAY            T            MM      MM   0.12  -0.12     0.00
  MONTH TO DATE    T                         0.12  -0.12     0.00
  SINCE SEP 1      2.24                      3.79  -1.55     3.21
  SINCE JAN 1     29.15                     30.42  -1.27    22.36

DEGREE DAYS
 HEATING
  TODAY            0                         6     -6        0
  MONTH TO DATE    0                         6     -6        0
  SINCE SEP 1     52                        75    -23       80
  SINCE JUL 1     54                        80    -26       83

 COOLING
  TODAY            0                         1     -1        3
  MONTH TO DATE    0                         1     -1        3
  SINCE SEP 1    119                        92     27      107
  SINCE JAN 1    932                       960    -28     1092
..................................................................


WIND (MPH)
  HIGHEST WIND SPEED     8   HIGHEST WIND DIRECTION     E (70)
  HIGHEST GUST SPEED    10   HIGHEST GUST DIRECTION     E (70)
  AVERAGE WIND SPEED     4.6


SKY COVER
  POSSIBLE SUNSHINE  MM
  AVERAGE SKY COVER 0.9


WEATHER CONDITIONS
 THE FOLLOWING WEATHER WAS RECORDED TODAY.
  LIGHT RAIN
  FOG
  HAZE


RELATIVE HUMIDITY (PERCENT)
 HIGHEST    93           800 AM
 LOWEST     68           200 PM
 AVERAGE    81

..........................................................


THE HAGERSTOWN MD CLIMATE NORMALS FOR TOMORROW
                         NORMAL    RECORD    YEAR
 MAXIMUM TEMPERATURE (F)   69        MM        MM
 MINIMUM TEMPERATURE (F)   49        MM        MM


SUNRISE AND SUNSET
OCTOBER  1 2014.......SUNRISE   707 AM EDT   SUNSET   653 PM EDT
OCTOBER  2 2014.......SUNRISE   708 AM EDT   SUNSET   652 PM EDT


-  INDICATES NEGATIVE NUMBERS.
R  INDICATES RECORD WAS SET OR TIED.
MM INDICATES DATA IS MISSING.
T  INDICATES TRACE AMOUNT.




$$
