000
CDUS46 KPQR 180233
CLIHIO


CLIMATE REPORT
NATIONAL WEATHER SERVICE PORTLAND OREGON
733 PM PDT THU AUG 17 2017


...................................

...THE HILLSBORO OR CLIMATE SUMMARY FOR AUGUST 17 2017...
VALID TODAY AS OF 0700 PM LOCAL TIME.

CLIMATE NORMAL PERIOD 1981 TO 2010
CLIMATE RECORD PERIOD 1929 TO 2017


WEATHER ITEM   OBSERVED TIME   RECORD YEAR NORMAL DEPARTURE LAST
                VALUE   (LST)  VALUE       VALUE  FROM      YEAR
                                                  NORMAL
..................................................................
TEMPERATURE (F)
 TODAY
  MAXIMUM         80    443 PM 106    1977  82     -2       85
  MINIMUM         55    416 AM  40    1973  50      5       52
  AVERAGE         68                        66      2       69

PRECIPITATION (IN)
  TODAY            0.00                      0.02  -0.02     0.00
  MONTH TO DATE    0.13                      0.29  -0.16     0.04
  SINCE OCT 1     47.37                     38.12   9.25    43.20
  SINCE JAN 1     27.69                     21.73   5.96    21.18

DEGREE DAYS
 HEATING
  TODAY            0                                         0
  MONTH TO DATE    4                                        13
  SINCE JUN 1    115                                       145
  SINCE JUL 1     16                                        34

 COOLING
  TODAY            3                                         4
  MONTH TO DATE  136                                        72
  SINCE JUN 1    293                                       223
  SINCE JAN 1    323                                       242
..................................................................


WIND (MPH)
  HIGHEST WIND SPEED    12   HIGHEST WIND DIRECTION    NE (60)
  HIGHEST GUST SPEED    14   HIGHEST GUST DIRECTION    NE (60)
  AVERAGE WIND SPEED     5.5


SKY COVER
  POSSIBLE SUNSHINE  MM
  AVERAGE SKY COVER 0.4


WEATHER CONDITIONS
 THE FOLLOWING WEATHER WAS RECORDED TODAY.
  NO SIGNIFICANT WEATHER WAS OBSERVED.


RELATIVE HUMIDITY (PERCENT)
 HIGHEST    86           300 AM
 LOWEST     42           200 PM
 AVERAGE    64

..........................................................


THE HILLSBORO OR CLIMATE NORMALS FOR TOMORROW
                         NORMAL    RECORD    YEAR
 MAXIMUM TEMPERATURE (F)   81       102      2016
 MINIMUM TEMPERATURE (F)   50        39      1973


SUNRISE AND SUNSET
AUGUST 17 2017........SUNRISE   615 AM PDT   SUNSET   815 PM PDT
AUGUST 18 2017........SUNRISE   616 AM PDT   SUNSET   814 PM PDT


-  INDICATES NEGATIVE NUMBERS.
R  INDICATES RECORD WAS SET OR TIED.
MM INDICATES DATA IS MISSING.
T  INDICATES TRACE AMOUNT.




$$
