000
CDUS46 KPQR 261141
CLIHIO


CLIMATE REPORT
NATIONAL WEATHER SERVICE PORTLAND OREGON
441 AM PDT MON SEP 26 2016


...................................

...THE HILLSBORO OR CLIMATE SUMMARY FOR SEPTEMBER 25 2016...

CLIMATE NORMAL PERIOD 1981 TO 2010
CLIMATE RECORD PERIOD 1929 TO 2016


WEATHER ITEM   OBSERVED TIME   RECORD YEAR NORMAL DEPARTURE LAST
                VALUE   (LST)  VALUE       VALUE  FROM      YEAR
                                                  NORMAL
..................................................................
TEMPERATURE (F)
 YESTERDAY
  MAXIMUM         84    418 PM  94    1991  71     13       64
  MINIMUM         47    611 AM  29    1934  44      3       56
  AVERAGE         66                        58      8       60

PRECIPITATION (IN)
  YESTERDAY        0.00          0.46 1950   0.07  -0.07
  MONTH TO DATE    0.93                      1.03  -0.10
  SINCE OCT 1     44.34                     39.49   4.85
  SINCE JAN 1     22.32                     23.10  -0.78

SNOWFALL (IN)
  YESTERDAY        0.0
  MONTH TO DATE    0.0
  SINCE SEP 1      0.0
  SINCE JUL 1      0.0
  SNOW DEPTH       0

DEGREE DAYS
 HEATING
  YESTERDAY        0                         7     -7
  MONTH TO DATE  121                       113      8
  SINCE JUL 1    165                       220    -55

 COOLING
  YESTERDAY        1                         0      1
  MONTH TO DATE    4                        16    -12
  SINCE JAN 1    330                       194    136
..................................................................


WIND (MPH)
  HIGHEST WIND SPEED     9   HIGHEST WIND DIRECTION     N (10)
  HIGHEST GUST SPEED    16   HIGHEST GUST DIRECTION     N (20)
  AVERAGE WIND SPEED     2.2


SKY COVER
  POSSIBLE SUNSHINE  MM
  AVERAGE SKY COVER 0.1


WEATHER CONDITIONS
 THE FOLLOWING WEATHER WAS RECORDED YESTERDAY.
  FOG


RELATIVE HUMIDITY (PERCENT)
 HIGHEST   100           500 AM
 LOWEST     37           300 PM
 AVERAGE    69

..........................................................


THE HILLSBORO OR CLIMATE NORMALS FOR TODAY
                         NORMAL    RECORD    YEAR
 MAXIMUM TEMPERATURE (F)   71        93      1949
 MINIMUM TEMPERATURE (F)   44        33      1961


SUNRISE AND SUNSET
SEPTEMBER 26 2016.....SUNRISE   705 AM PDT   SUNSET   700 PM PDT
SEPTEMBER 27 2016.....SUNRISE   706 AM PDT   SUNSET   658 PM PDT


-  INDICATES NEGATIVE NUMBERS.
R  INDICATES RECORD WAS SET OR TIED.
MM INDICATES DATA IS MISSING.
T  INDICATES TRACE AMOUNT.




$$
