000
CDUS46 KPQR 311141
CLIHIO


CLIMATE REPORT
NATIONAL WEATHER SERVICE PORTLAND OREGON
440 AM PDT WED AUG 31 2016


...................................

...THE HILLSBORO OR CLIMATE SUMMARY FOR AUGUST 30 2016...

CLIMATE NORMAL PERIOD 1981 TO 2010
CLIMATE RECORD PERIOD 1929 TO 2016


WEATHER ITEM   OBSERVED TIME   RECORD YEAR NORMAL DEPARTURE LAST
                VALUE   (LST)  VALUE       VALUE  FROM      YEAR
                                                  NORMAL
..................................................................
TEMPERATURE (F)
 YESTERDAY
  MAXIMUM         74    437 PM  98    1987  80     -6       73
  MINIMUM         53    240 AM  30    1930  49      4       58
  AVERAGE         64                        64      0       66

PRECIPITATION (IN)
  YESTERDAY        0.00          1.29 1983   0.02  -0.02
  MONTH TO DATE    0.04                      0.60  -0.56
  SINCE OCT 1     43.20                     38.43   4.77
  SINCE JAN 1     21.18                     22.04  -0.86

SNOWFALL (IN)
  YESTERDAY        0.0
  MONTH TO DATE    0.0
  SINCE JUN 1      0.0
  SINCE JUL 1      0.0
  SNOW DEPTH       0

DEGREE DAYS
 HEATING
  YESTERDAY        1                         2     -1
  MONTH TO DATE   18                        48    -30
  SINCE JUL 1     39                       104    -65

 COOLING
  YESTERDAY        0                         2     -2
  MONTH TO DATE  156                        78     78
  SINCE JAN 1    326                       179    147
..................................................................


WIND (MPH)
  HIGHEST WIND SPEED    12   HIGHEST WIND DIRECTION    SE (150)
  HIGHEST GUST SPEED    15   HIGHEST GUST DIRECTION    SE (140)
  AVERAGE WIND SPEED     4.3


SKY COVER
  POSSIBLE SUNSHINE  MM
  AVERAGE SKY COVER 0.6


WEATHER CONDITIONS
 THE FOLLOWING WEATHER WAS RECORDED YESTERDAY.
  NO SIGNIFICANT WEATHER WAS OBSERVED.


RELATIVE HUMIDITY (PERCENT)
 HIGHEST    86           100 AM
 LOWEST     46           400 PM
 AVERAGE    66

..........................................................


THE HILLSBORO OR CLIMATE NORMALS FOR TODAY
                         NORMAL    RECORD    YEAR
 MAXIMUM TEMPERATURE (F)   79       101      1987
 MINIMUM TEMPERATURE (F)   49        34      1930


SUNRISE AND SUNSET
AUGUST 31 2016........SUNRISE   633 AM PDT   SUNSET   750 PM PDT
SEPTEMBER  1 2016.....SUNRISE   634 AM PDT   SUNSET   748 PM PDT


-  INDICATES NEGATIVE NUMBERS.
R  INDICATES RECORD WAS SET OR TIED.
MM INDICATES DATA IS MISSING.
T  INDICATES TRACE AMOUNT.




$$
