000
CDUS46 KHNX 290836
CLIHJO


CLIMATE REPORT
NATIONAL WEATHER SERVICE SAN JOAQUIN VALLEY, CA
1236 AM PST THU JAN 29 2015


...................................

...THE HANFORD CA CLIMATE SUMMARY FOR JANUARY 28 2015...

CLIMATE NORMAL PERIOD 1981 TO 2010
CLIMATE RECORD PERIOD 1998 TO 2015


WEATHER ITEM   OBSERVED TIME   RECORD YEAR NORMAL DEPARTURE
                VALUE   (LST)  VALUE       VALUE  FROM
                                                  NORMAL
...............................................................
TEMPERATURE (F)
 YESTERDAY
  MAXIMUM         57    432 PM  71    2014  57      0
  MINIMUM         42    804 AM  28    2013  37      5
                                      2009
  AVERAGE         50                        47      3

PRECIPITATION (IN)
  YESTERDAY        0.00          0.28 2007   0.03  -0.03
  MONTH TO DATE    0.04                      1.92  -1.88
  SINCE OCT 1      3.16                      5.05  -1.89
  SINCE JAN 1      0.04                      1.92  -1.88

SNOWFALL (IN)
  YESTERDAY        0.0
  MONTH TO DATE    0.0
  SINCE DEC 1      0.0
  SINCE JUL 1      0.0
  SNOW DEPTH       0

DEGREE DAYS
 HEATING
  YESTERDAY       15
  MONTH TO DATE  496
  SINCE DEC 1    933
  SINCE JUL 1   1244

 COOLING
  YESTERDAY        0
  MONTH TO DATE    0
  SINCE DEC 1      0
  SINCE JAN 1      0
...............................................................


WIND (MPH)
  HIGHEST WIND SPEED     8   HIGHEST WIND DIRECTION    NW (320)
  HIGHEST GUST SPEED     9   HIGHEST GUST DIRECTION     N (350)
  AVERAGE WIND SPEED     1.9




RELATIVE HUMIDITY (PERCENT)
 HIGHEST   100
 LOWEST     80
 AVERAGE    90

..........................................................


THE HANFORD CA CLIMATE NORMALS FOR TODAY
                         NORMAL    RECORD    YEAR
 MAXIMUM TEMPERATURE (F)   57        72      2014
 MINIMUM TEMPERATURE (F)   37        29      2013
                                             2009
                                             2008


SUNRISE AND SUNSET
JANUARY 29 2015.......SUNRISE   702 AM PST   SUNSET   522 PM PST
JANUARY 30 2015.......SUNRISE   701 AM PST   SUNSET   523 PM PST


-  INDICATES NEGATIVE NUMBERS.
R  INDICATES RECORD WAS SET OR TIED.
MM INDICATES DATA IS MISSING.
T  INDICATES TRACE AMOUNT.




$$
