000
CDUS46 KHNX 020822
CLIHJO


CLIMATE REPORT
NATIONAL WEATHER SERVICE SAN JOAQUIN VALLEY, CA
122 AM PDT WED SEP 2 2015


...................................

...THE HANFORD CA CLIMATE SUMMARY FOR SEPTEMBER 1 2015...

CLIMATE NORMAL PERIOD 1981 TO 2010
CLIMATE RECORD PERIOD 1998 TO 2015


WEATHER ITEM   OBSERVED TIME   RECORD YEAR NORMAL DEPARTURE
                VALUE   (LST)  VALUE       VALUE  FROM
                                                  NORMAL
...............................................................
TEMPERATURE (F)
 YESTERDAY
  MAXIMUM         96    424 PM 104    2007  94      2
  MINIMUM         58    603 AM  53    2012  59     -1
                                      2010
                                      1999
  AVERAGE         77                        76      1

PRECIPITATION (IN)
  YESTERDAY        0.00          0.04 2000   0.00   0.00
  MONTH TO DATE    0.00                      0.00   0.00
  SINCE OCT 1      5.41                      9.93  -4.52
  SINCE JAN 1      2.29                      6.80  -4.51

SNOWFALL (IN)
  YESTERDAY        0.0
  MONTH TO DATE    0.0
  SINCE SEP 1      0.0
  SINCE JUL 1      0.0
  SNOW DEPTH       0

DEGREE DAYS
 HEATING
  YESTERDAY        0
  MONTH TO DATE    0
  SINCE SEP 1      0
  SINCE JUL 1      0

 COOLING
  YESTERDAY       12
  MONTH TO DATE   12
  SINCE SEP 1     12
  SINCE JAN 1   1833
...............................................................


WIND (MPH)
  HIGHEST WIND SPEED    14   HIGHEST WIND DIRECTION    NW (300)
  HIGHEST GUST SPEED    33   HIGHEST GUST DIRECTION    SW (210)
  AVERAGE WIND SPEED     4.0




RELATIVE HUMIDITY (PERCENT)
 HIGHEST    87
 LOWEST     18
 AVERAGE    53

..........................................................


THE HANFORD CA CLIMATE NORMALS FOR TODAY
                         NORMAL    RECORD    YEAR
 MAXIMUM TEMPERATURE (F)   94       105      2003
 MINIMUM TEMPERATURE (F)   59        51      2012
                                             2008


SUNRISE AND SUNSET
SEPTEMBER  2 2015.....SUNRISE   631 AM PDT   SUNSET   725 PM PDT
SEPTEMBER  3 2015.....SUNRISE   631 AM PDT   SUNSET   724 PM PDT


-  INDICATES NEGATIVE NUMBERS.
R  INDICATES RECORD WAS SET OR TIED.
MM INDICATES DATA IS MISSING.
T  INDICATES TRACE AMOUNT.




$$
