000
CDUS46 KHNX 180822
CLIHJO


CLIMATE REPORT
NATIONAL WEATHER SERVICE SAN JOAQUIN VALLEY, CA
1221 AM PST THU DEC 18 2014


...................................

...THE HANFORD CA CLIMATE SUMMARY FOR DECEMBER 17 2014...

CLIMATE NORMAL PERIOD 1981 TO 2010
CLIMATE RECORD PERIOD 1998 TO 2014


WEATHER ITEM   OBSERVED TIME   RECORD YEAR NORMAL DEPARTURE
                VALUE   (LST)  VALUE       VALUE  FROM
                                                  NORMAL
...............................................................
TEMPERATURE (F)
 YESTERDAY
  MAXIMUM         58    337 PM  65    2012  54      4
                                      1998
  MINIMUM         47   1007 PM  28    2011  34     13
  AVERAGE         53                        44      9

PRECIPITATION (IN)
  YESTERDAY        0.11          0.85 2010   0.06   0.05
  MONTH TO DATE    2.30                      0.55   1.75
  SINCE JUL 1      3.11                      2.26   0.85
  SINCE JAN 1      5.54                      9.02  -3.48

SNOWFALL (IN)
  YESTERDAY       MM
  MONTH TO DATE    0.0
  SINCE DEC 1      0.0
  SINCE JUL 1      0.0
  SNOW DEPTH       0

DEGREE DAYS
 HEATING
  YESTERDAY       12
  MONTH TO DATE  189
  SINCE DEC 1    189
  SINCE JUL 1    500

 COOLING
  YESTERDAY        0
  MONTH TO DATE    0
  SINCE DEC 1      0
  SINCE JAN 1   2274
...............................................................


WIND (MPH)
  HIGHEST WIND SPEED     9   HIGHEST WIND DIRECTION    NW (330)
  HIGHEST GUST SPEED    12   HIGHEST GUST DIRECTION     N (340)
  AVERAGE WIND SPEED     4.2




RELATIVE HUMIDITY (PERCENT)
 HIGHEST   100
 LOWEST     67
 AVERAGE    84

..........................................................


THE HANFORD CA CLIMATE NORMALS FOR TODAY
                         NORMAL    RECORD    YEAR
 MAXIMUM TEMPERATURE (F)   53        63      2013
 MINIMUM TEMPERATURE (F)   34        27      2008


SUNRISE AND SUNSET
DECEMBER 18 2014......SUNRISE   705 AM PST   SUNSET   446 PM PST
DECEMBER 19 2014......SUNRISE   705 AM PST   SUNSET   446 PM PST


-  INDICATES NEGATIVE NUMBERS.
R  INDICATES RECORD WAS SET OR TIED.
MM INDICATES DATA IS MISSING.
T  INDICATES TRACE AMOUNT.




$$
