000
CDUS46 KHNX 060823
CLIHJO


CLIMATE REPORT
NATIONAL WEATHER SERVICE SAN JOAQUIN VALLEY, CA
122 AM PDT FRI MAY 6 2016


...................................

...THE HANFORD CA CLIMATE SUMMARY FOR MAY 5 2016...

CLIMATE NORMAL PERIOD 1981 TO 2010
CLIMATE RECORD PERIOD 1998 TO 2016


WEATHER ITEM   OBSERVED TIME   RECORD YEAR NORMAL DEPARTURE
                VALUE   (LST)  VALUE       VALUE  FROM
                                                  NORMAL
...............................................................
TEMPERATURE (F)
 YESTERDAY
  MAXIMUM         73    243 PM  95    2011  81     -8
  MINIMUM         56   1159 PM  46    2008  51      5
  AVERAGE         65                        66     -1

PRECIPITATION (IN)
  YESTERDAY        0.04          0.64 2005   0.02   0.02
  MONTH TO DATE    0.04                      0.10  -0.06
  SINCE OCT 1      8.09                      9.42  -1.33
  SINCE JAN 1      5.49                      6.29  -0.80

SNOWFALL (IN)
  YESTERDAY        0.0
  MONTH TO DATE    0.0
  SINCE MAR 1      0.0
  SINCE JUL 1      0.0
  SNOW DEPTH       0

DEGREE DAYS
 HEATING
  YESTERDAY        0
  MONTH TO DATE    0
  SINCE MAR 1    266
  SINCE JUL 1   2156

 COOLING
  YESTERDAY        0
  MONTH TO DATE   22
  SINCE MAR 1     63
  SINCE JAN 1     63
...............................................................


WIND (MPH)
  HIGHEST WIND SPEED    25   HIGHEST WIND DIRECTION     S (180)
  HIGHEST GUST SPEED    33   HIGHEST GUST DIRECTION     S (180)
  AVERAGE WIND SPEED     6.7




RELATIVE HUMIDITY (PERCENT)
 HIGHEST    80
 LOWEST     41
 AVERAGE    61

..........................................................


THE HANFORD CA CLIMATE NORMALS FOR TODAY
                         NORMAL    RECORD    YEAR
 MAXIMUM TEMPERATURE (F)   81        94      2011
 MINIMUM TEMPERATURE (F)   52        42      2007


SUNRISE AND SUNSET
MAY  6 2016...........SUNRISE   600 AM PDT   SUNSET   751 PM PDT
MAY  7 2016...........SUNRISE   559 AM PDT   SUNSET   752 PM PDT


-  INDICATES NEGATIVE NUMBERS.
R  INDICATES RECORD WAS SET OR TIED.
MM INDICATES DATA IS MISSING.
T  INDICATES TRACE AMOUNT.




$$
