000
CDUS46 KHNX 300826
CLIHJO


CLIMATE REPORT
NATIONAL WEATHER SERVICE SAN JOAQUIN VALLEY, CA
124 AM PDT MON MAY 30 2016


...................................

...THE HANFORD CA CLIMATE SUMMARY FOR MAY 29 2016...

CLIMATE NORMAL PERIOD 1981 TO 2010
CLIMATE RECORD PERIOD 1998 TO 2016


WEATHER ITEM   OBSERVED TIME   RECORD YEAR NORMAL DEPARTURE
                VALUE   (LST)  VALUE       VALUE  FROM
                                                  NORMAL
...............................................................
TEMPERATURE (F)
 YESTERDAY
  MAXIMUM         94    354 PM 103    2003  87      7
  MINIMUM         58    515 AM  46    1998  56      2
  AVERAGE         76                        71      5

PRECIPITATION (IN)
  YESTERDAY        0.00          0.02 2011   0.01  -0.01
  MONTH TO DATE    0.17                      0.40  -0.23
  SINCE OCT 1      8.22                      9.72  -1.50
  SINCE JAN 1      5.62                      6.59  -0.97

SNOWFALL (IN)
  YESTERDAY        0.0
  MONTH TO DATE    0.0
  SINCE MAR 1      0.0
  SINCE JUL 1      0.0
  SNOW DEPTH       0

DEGREE DAYS
 HEATING
  YESTERDAY        0
  MONTH TO DATE   10
  SINCE MAR 1    276
  SINCE JUL 1   2166

 COOLING
  YESTERDAY       11
  MONTH TO DATE  162
  SINCE MAR 1    203
  SINCE JAN 1    203
...............................................................


WIND (MPH)
  HIGHEST WIND SPEED    17   HIGHEST WIND DIRECTION    NW (320)
  HIGHEST GUST SPEED    21   HIGHEST GUST DIRECTION    NW (320)
  AVERAGE WIND SPEED     8.8




RELATIVE HUMIDITY (PERCENT)
 HIGHEST    75
 LOWEST     15
 AVERAGE    45

..........................................................


THE HANFORD CA CLIMATE NORMALS FOR TODAY
                         NORMAL    RECORD    YEAR
 MAXIMUM TEMPERATURE (F)   87        98      2015
                                             2002
 MINIMUM TEMPERATURE (F)   56        44      2011


SUNRISE AND SUNSET
MAY 30 2016...........SUNRISE   543 AM PDT   SUNSET   810 PM PDT
MAY 31 2016...........SUNRISE   542 AM PDT   SUNSET   810 PM PDT


-  INDICATES NEGATIVE NUMBERS.
R  INDICATES RECORD WAS SET OR TIED.
MM INDICATES DATA IS MISSING.
T  INDICATES TRACE AMOUNT.




$$
