000
CDUS46 KHNX 300820
CLIHJO


CLIMATE REPORT
NATIONAL WEATHER SERVICE SAN JOAQUIN VALLEY, CA
120 AM PDT SAT MAY 30 2015


...................................

...THE HANFORD CA CLIMATE SUMMARY FOR MAY 29 2015...

CLIMATE NORMAL PERIOD 1981 TO 2010
CLIMATE RECORD PERIOD 1998 TO 2015


WEATHER ITEM   OBSERVED TIME   RECORD YEAR NORMAL DEPARTURE
                VALUE   (LST)  VALUE       VALUE  FROM
                                                  NORMAL
...............................................................
TEMPERATURE (F)
 YESTERDAY
  MAXIMUM         96    345 PM 103    2003  87      9
  MINIMUM         56    512 AM  46    1998  56      0
  AVERAGE         76                        71      5

PRECIPITATION (IN)
  YESTERDAY        0.00          0.02 2011   0.01  -0.01
  MONTH TO DATE    0.07                      0.40  -0.33
  SINCE OCT 1      5.04                      9.72  -4.68
  SINCE JAN 1      1.92                      6.59  -4.67

SNOWFALL (IN)
  YESTERDAY        0.0
  MONTH TO DATE    0.0
  SINCE MAR 1      0.0
  SINCE JUL 1      0.0
  SNOW DEPTH       0

DEGREE DAYS
 HEATING
  YESTERDAY        0
  MONTH TO DATE   19
  SINCE MAR 1    169
  SINCE JUL 1   1711

 COOLING
  YESTERDAY       11
  MONTH TO DATE  120
  SINCE MAR 1    273
  SINCE JAN 1    273
...............................................................


WIND (MPH)
  HIGHEST WIND SPEED    12   HIGHEST WIND DIRECTION    NW (330)
  HIGHEST GUST SPEED    18   HIGHEST GUST DIRECTION     W (290)
  AVERAGE WIND SPEED     5.7




RELATIVE HUMIDITY (PERCENT)
 HIGHEST    86
 LOWEST     14
 AVERAGE    50

..........................................................


THE HANFORD CA CLIMATE NORMALS FOR TODAY
                         NORMAL    RECORD    YEAR
 MAXIMUM TEMPERATURE (F)   87        98      2002
 MINIMUM TEMPERATURE (F)   56        44      2011


SUNRISE AND SUNSET
MAY 30 2015...........SUNRISE   543 AM PDT   SUNSET   809 PM PDT
MAY 31 2015...........SUNRISE   543 AM PDT   SUNSET   810 PM PDT


-  INDICATES NEGATIVE NUMBERS.
R  INDICATES RECORD WAS SET OR TIED.
MM INDICATES DATA IS MISSING.
T  INDICATES TRACE AMOUNT.




$$
