000
CDUS46 KHNX 290021
CLIHJO


CLIMATE REPORT
NATIONAL WEATHER SERVICE SAN JOAQUIN VALLEY, CA
420 PM PST FRI NOV 28 2014


...................................

...THE HANFORD CA CLIMATE SUMMARY FOR NOVEMBER 28 2014...
VALID AS OF 0400 PM LOCAL TIME.

CLIMATE NORMAL PERIOD 1981 TO 2010
CLIMATE RECORD PERIOD 1998 TO 2014


WEATHER ITEM   OBSERVED TIME   RECORD YEAR NORMAL DEPARTURE LAST
                VALUE   (LST)  VALUE       VALUE  FROM      YEAR
                                                  NORMAL
..................................................................
TEMPERATURE (F)
 TODAY
  MAXIMUM         73R   328 PM  70    1999  59     14       68
  MINIMUM         38    739 AM  28    2005  36      2       45
  AVERAGE         56                        48      8       57

PRECIPITATION (IN)
  TODAY            0.00          0.11 2012   0.02  -0.02     0.00
  MONTH TO DATE    0.22                      0.96  -0.74     0.26
  SINCE JUL 1      0.81                      1.67  -0.86     0.27
  SINCE JAN 1      3.24                      8.43  -5.19     1.87

SNOWFALL (IN)
  TODAY            0.0
  MONTH TO DATE    0.0
  SINCE SEP 1      0.0
  SINCE JUL 1      0.0
  SNOW DEPTH       0

DEGREE DAYS
 HEATING
  TODAY            9                                         8
  MONTH TO DATE  264                                       268
  SINCE SEP 1    289                                       354
  SINCE JUL 1    289                                       354

 COOLING
  TODAY            0                                         0
  MONTH TO DATE    0                                         0
  SINCE SEP 1    517                                       334
  SINCE JAN 1   2274                                      2057
..................................................................


WIND (MPH)
  HIGHEST WIND SPEED     7   HIGHEST WIND DIRECTION    SE (120)
  HIGHEST GUST SPEED     8   HIGHEST GUST DIRECTION    SE (120)
  AVERAGE WIND SPEED     1.2




RELATIVE HUMIDITY (PERCENT)
 HIGHEST   100
 LOWEST     31
 AVERAGE    66

..........................................................


THE HANFORD CA CLIMATE NORMALS FOR TOMORROW
                         NORMAL    RECORD    YEAR
 MAXIMUM TEMPERATURE (F)   59        67      2012
                                             2000
 MINIMUM TEMPERATURE (F)   36        25      2006


SUNRISE AND SUNSET
NOVEMBER 28 2014......SUNRISE   649 AM PST   SUNSET   444 PM PST
NOVEMBER 29 2014......SUNRISE   650 AM PST   SUNSET   444 PM PST


-  INDICATES NEGATIVE NUMBERS.
R  INDICATES RECORD WAS SET OR TIED.
MM INDICATES DATA IS MISSING.
T  INDICATES TRACE AMOUNT.




$$
