000
CDUS43 KGLD 160746
CLIHLC

CLIMATE REPORT
NATIONAL WEATHER SERVICE GOODLAND
1239 AM MST TUE JAN 16 2018


...................................

...THE HILL CITY KS CLIMATE SUMMARY FOR JANUARY 15 2018...

CLIMATE NORMAL PERIOD 1981 TO 2010
CLIMATE RECORD PERIOD 1896 TO 2018


WEATHER ITEM   OBSERVED TIME   RECORD YEAR NORMAL DEPARTURE LAST
                VALUE   (LST)  VALUE       VALUE  FROM      YEAR
                                                  NORMAL
..................................................................
TEMPERATURE (F)
 YESTERDAY
  MAXIMUM         34   1233 AM  71    2006  42     -8       32
  MINIMUM          2    710 PM  -4    1979  17    -15       29
                                      1972
                                      1930
  AVERAGE         18                        29    -11       31

PRECIPITATION (IN)
  YESTERDAY        T                         0.02  -0.02     0.30
  MONTH TO DATE    0.05                      0.14  -0.09     0.35
  SINCE DEC 1      0.08                      0.83  -0.75     0.77
  SINCE JAN 1      0.05                      0.14  -0.09     0.35

..................................................................


THE HILL CITY KS CLIMATE NORMALS FOR TODAY
                         NORMAL    RECORD    YEAR
 MAXIMUM TEMPERATURE (F)   42        71      2006
                                             2000
 MINIMUM TEMPERATURE (F)   17       -15      1930


-  INDICATES NEGATIVE NUMBERS.
R  INDICATES RECORD WAS SET OR TIED.
MM INDICATES DATA IS MISSING.
T  INDICATES TRACE AMOUNT.

$$
