000
CDUS43 KGLD 010752 RRA
CLIHLC

CLIMATE REPORT
NATIONAL WEATHER SERVICE GOODLAND
148 AM MDT TUE SEP 1 2015
...................................

...THE HILL CITY KS CLIMATE SUMMARY FOR AUGUST 31 2015...

CLIMATE NORMAL PERIOD 1981 TO 2010
CLIMATE RECORD PERIOD 1896 TO 2015

WEATHER ITEM   OBSERVED TIME   RECORD YEAR NORMAL DEPARTURE LAST
                VALUE   (LST)  VALUE       VALUE  FROM      YEAR
                                                  NORMAL
..................................................................
TEMPERATURE (F)
 YESTERDAY
  MAXIMUM        101    400 PM 106    1922  87     14       92
  MINIMUM         58    452 AM  44    1915  60     -2       63
  AVERAGE         80                        73      7       78

PRECIPITATION (IN)
  YESTERDAY        0.00                      0.11  -0.11     0.03
  MONTH TO DATE    1.04                      2.91  -1.87     6.15
  SINCE JUN 1      8.28                      9.38  -1.10    14.88
  SINCE JAN 1     15.81                     17.88  -2.07    19.82

..................................................................

THE HILL CITY KS CLIMATE NORMALS FOR TODAY
                         NORMAL    RECORD    YEAR
 MAXIMUM TEMPERATURE (F)   87       108      2011
 MINIMUM TEMPERATURE (F)   59        40      1949

-  INDICATES NEGATIVE NUMBERS.
R  INDICATES RECORD WAS SET OR TIED.
MM INDICATES DATA IS MISSING.
T  INDICATES TRACE AMOUNT.

$$
