000
CDUS41 KPBZ 260706
CLIHLG


CLIMATE REPORT
NATIONAL WEATHER SERVICE PITTSBURGH PA
306 AM EDT WED JUL 26 2017


...................................

...THE WHEELING CLIMATE SUMMARY FOR JULY 25 2017...

CLIMATE NORMAL PERIOD 1981 TO 2010
CLIMATE RECORD PERIOD 1878 TO 2017


WEATHER ITEM   OBSERVED TIME   RECORD YEAR NORMAL DEPARTURE LAST
                VALUE   (LST)  VALUE       VALUE  FROM      YEAR
                                                  NORMAL
..................................................................
TEMPERATURE (F)
 YESTERDAY
  MAXIMUM         74    537 PM 103    1934  82     -8       95
  MINIMUM         60    633 AM  45    1932  63     -3       73
  AVERAGE         67                        72     -5       84

PRECIPITATION (IN)
  YESTERDAY        0.00          1.55 1918   0.13  -0.13     0.00
  MONTH TO DATE    4.41                      3.27   1.14     1.81
  SINCE JAN 1     29.59                     23.17   6.42    18.41

DEGREE DAYS
 HEATING
  YESTERDAY        0                         0      0        0
  MONTH TO DATE    0                         0      0        2
  SINCE JUN 1     32                        38     -6       14
  SINCE JUL 1      0                         0      0        2

 COOLING
  YESTERDAY        2                                        19
  MONTH TO DATE  213                                       274
  SINCE JUN 1    376                                       482
  SINCE JAN 1    445                                       545
..................................................................


WIND (MPH)
  HIGHEST WIND SPEED    10   HIGHEST WIND DIRECTION    NW (320)
  HIGHEST GUST SPEED    16   HIGHEST GUST DIRECTION    NW (310)
  AVERAGE WIND SPEED     4.6


SKY COVER
  POSSIBLE SUNSHINE  MM
  AVERAGE SKY COVER 0.7


WEATHER CONDITIONS
 THE FOLLOWING WEATHER WAS RECORDED YESTERDAY.
  NO SIGNIFICANT WEATHER WAS OBSERVED.


RELATIVE HUMIDITY (PERCENT)
 HIGHEST    97          1100 PM
 LOWEST     57           500 PM
 AVERAGE    77

..........................................................


THE WHEELING CLIMATE NORMALS FOR TODAY
                         NORMAL    RECORD    YEAR
 MAXIMUM TEMPERATURE (F)   82       102      1934
 MINIMUM TEMPERATURE (F)   63        45      1920


SUNRISE AND SUNSET
JULY 26 2017..........SUNRISE   615 AM EDT   SUNSET   842 PM EDT
JULY 27 2017..........SUNRISE   616 AM EDT   SUNSET   841 PM EDT


-  INDICATES NEGATIVE NUMBERS.
R  INDICATES RECORD WAS SET OR TIED.
MM INDICATES DATA IS MISSING.
T  INDICATES TRACE AMOUNT.




$$
