000
CDUS45 KTFX 071014
CLIHLN


CLIMATE REPORT
NATIONAL WEATHER SERVICE GREAT FALLS MT
410 AM MDT TUE JUL 7 2015


...................................

...THE HELENA MT CLIMATE SUMMARY FOR JULY 6 2015...

CLIMATE NORMAL PERIOD 1981 TO 2010
CLIMATE RECORD PERIOD 1866 TO 2015


WEATHER ITEM   OBSERVED TIME   RECORD YEAR NORMAL DEPARTURE LAST
                VALUE   (LST)  VALUE       VALUE  FROM      YEAR
                                                  NORMAL
..................................................................
TEMPERATURE (F)
 YESTERDAY
  MAXIMUM         82    602 PM  99    1985  83     -1       94
  MINIMUM         52    549 AM  38    1908  53     -1       56
  AVERAGE         67                        68     -1       75

PRECIPITATION (IN)
  YESTERDAY        0.00          0.80 1969   0.04  -0.04     0.00
  MONTH TO DATE    0.16                      0.26  -0.10     0.09
  SINCE OCT 1      7.00                      7.99  -0.99     7.28
  SINCE JAN 1      4.72                      6.42  -1.70     6.28

SNOWFALL (IN)
  YESTERDAY        0.0           T    1993   0.0    0.0      0.0
                                      1995
  MONTH TO DATE    0.0                       0.0    0.0      0.0
  SINCE JUN 1      0.0                       T      0.0      0.0
  SINCE JUL 1      0.0                       0.0    0.0      0.0
  SNOW DEPTH       0

DEGREE DAYS
 HEATING
  YESTERDAY        0                         1     -1        0
  MONTH TO DATE    6                        11     -5        0
  SINCE JUN 1     38                       147   -109      127
  SINCE JUL 1      6                        11     -5        0

 COOLING
  YESTERDAY        2                         5     -3       10
  MONTH TO DATE   58                        25     33       45
  SINCE JUN 1    235                        74    161       48
  SINCE JAN 1    235                        82    153       52
..................................................................


WIND (MPH)
  HIGHEST WIND SPEED    12   HIGHEST WIND DIRECTION    NE (30)
  HIGHEST GUST SPEED    17   HIGHEST GUST DIRECTION     E (70)
  AVERAGE WIND SPEED     4.8


SKY COVER
  AVERAGE SKY COVER 0.5


WEATHER CONDITIONS
 THE FOLLOWING WEATHER WAS RECORDED YESTERDAY.
  NO SIGNIFICANT WEATHER WAS OBSERVED.


RELATIVE HUMIDITY (PERCENT)
 HIGHEST    83           400 AM
 LOWEST     30           600 PM
 AVERAGE    57

..........................................................


THE HELENA MT CLIMATE NORMALS FOR TODAY
                         NORMAL    RECORD    YEAR
 MAXIMUM TEMPERATURE (F)   84        98      1989
                                             1963
 MINIMUM TEMPERATURE (F)   53        36      1952


SUNRISE AND SUNSET
JULY  7 2015..........SUNRISE   543 AM MDT   SUNSET   923 PM MDT
JULY  8 2015..........SUNRISE   543 AM MDT   SUNSET   922 PM MDT


-  INDICATES NEGATIVE NUMBERS.
R  INDICATES RECORD WAS SET OR TIED.
MM INDICATES DATA IS MISSING.
T  INDICATES TRACE AMOUNT.




$$
