000
CDUS45 KTFX 131144
CLIHLN


CLIMATE REPORT
NATIONAL WEATHER SERVICE GREAT FALLS MT
443 AM MST SAT FEB 13 2016


...................................

...THE HELENA MT CLIMATE SUMMARY FOR FEBRUARY 12 2016...

CLIMATE NORMAL PERIOD 1981 TO 2010
CLIMATE RECORD PERIOD 1866 TO 2016


WEATHER ITEM   OBSERVED TIME   RECORD YEAR NORMAL DEPARTURE LAST
                VALUE   (LST)  VALUE       VALUE  FROM      YEAR
                                                  NORMAL
..................................................................
TEMPERATURE (F)
 YESTERDAY
  MAXIMUM         52    409 PM  63    1921  38     14       56
  MINIMUM         34   1130 PM -30    1905  16     18       35
  AVERAGE         43                        27     16       46

PRECIPITATION (IN)
  YESTERDAY        T             0.32 1897   0.01  -0.01     0.00
  MONTH TO DATE    T                         0.12  -0.12     0.24
  SINCE OCT 1      2.01                      2.05  -0.04     3.16
  SINCE JAN 1      0.31                      0.48  -0.17     0.88

SNOWFALL (IN)
  YESTERDAY        0.0           5.7  1936   0.1   -0.1      0.0
  MONTH TO DATE    T                         2.2   -2.2      0.1
  SINCE DEC 1     11.3                      15.7   -4.4     11.9
  SINCE JUL 1     14.8                      24.5   -9.7     22.7
  SNOW DEPTH       0

DEGREE DAYS
 HEATING
  YESTERDAY       22                        38    -16       19
  MONTH TO DATE  369                       467    -98      300
  SINCE DEC 1   2901                      3103   -202     2746
  SINCE JUL 1   4530                      4985   -455     4458

 COOLING
  YESTERDAY        0                         0      0        0
  MONTH TO DATE    0                         0      0        0
  SINCE DEC 1      0                         0      0        0
  SINCE JAN 1      0                         0      0        0
..................................................................


WIND (MPH)
  HIGHEST WIND SPEED     7   HIGHEST WIND DIRECTION     N (350)
  HIGHEST GUST SPEED     9   HIGHEST GUST DIRECTION    NE (30)
  AVERAGE WIND SPEED     1.7


SKY COVER
  AVERAGE SKY COVER 0.6


WEATHER CONDITIONS
 THE FOLLOWING WEATHER WAS RECORDED YESTERDAY.
  LIGHT RAIN


RELATIVE HUMIDITY (PERCENT)
 HIGHEST    96           700 AM
 LOWEST     59           400 PM
 AVERAGE    78

..........................................................


THE HELENA MT CLIMATE NORMALS FOR TODAY
                         NORMAL    RECORD    YEAR
 MAXIMUM TEMPERATURE (F)   38        61      2015
 MINIMUM TEMPERATURE (F)   16       -28      1936


SUNRISE AND SUNSET
FEBRUARY 13 2016......SUNRISE   735 AM MST   SUNSET   550 PM MST
FEBRUARY 14 2016......SUNRISE   734 AM MST   SUNSET   551 PM MST


-  INDICATES NEGATIVE NUMBERS.
R  INDICATES RECORD WAS SET OR TIED.
MM INDICATES DATA IS MISSING.
T  INDICATES TRACE AMOUNT.




$$
