000
CDHW40 PHFO 201245
CLIHNL


CLIMATE REPORT
NATIONAL WEATHER SERVICE HONOLULU HI
245 AM HST SAT SEP 20 2014


...................................

...THE HONOLULU HI CLIMATE SUMMARY FOR SEPTEMBER 19 2014...

CLIMATE NORMAL PERIOD 1981 TO 2010
CLIMATE RECORD PERIOD 1946 TO 2014


WEATHER ITEM   OBSERVED TIME   RECORD YEAR NORMAL DEPARTURE LAST
                VALUE   (LST)  VALUE       VALUE  FROM      YEAR
                                                  NORMAL
..................................................................
TEMPERATURE (F)
 YESTERDAY
  MAXIMUM         87    410 PM  95    1994  89     -2       88
  MINIMUM         74    644 AM  66    1897  74      0       75
  AVERAGE         81                        81      0       82

PRECIPITATION (IN)
  YESTERDAY        0.00          2.53 1930   0.02  -0.02     0.00
  MONTH TO DATE    0.23                      0.38  -0.15     0.58
  SINCE SEP 1      0.23                      0.38  -0.15     0.58
  SINCE JAN 1     12.46                      9.28   3.18     9.66

SNOWFALL (IN)
  YESTERDAY        0.0
  MONTH TO DATE    0.0
  SINCE SEP 1      0.0
  SINCE JUL 1      0.0
  SNOW DEPTH       0

DEGREE DAYS
 HEATING
  YESTERDAY        0                         0      0        0
  MONTH TO DATE    0                         0      0        0
  SINCE SEP 1      0                         0      0        0
  SINCE JUL 1      0                         0      0        0

 COOLING
  YESTERDAY       16                        16      0       17
  MONTH TO DATE  340                       320     20      308
  SINCE SEP 1    340                       320     20      308
  SINCE JAN 1   3498                      3304    194     3168
..................................................................


WIND (MPH)
  HIGHEST WIND SPEED    12   HIGHEST WIND DIRECTION    SW (220)
  HIGHEST GUST SPEED    17   HIGHEST GUST DIRECTION    SW (220)
  AVERAGE WIND SPEED     5.4


SKY COVER
  POSSIBLE SUNSHINE  MM
  AVERAGE SKY COVER 0.5


WEATHER CONDITIONS
 THE FOLLOWING WEATHER WAS RECORDED YESTERDAY.
  NO SIGNIFICANT WEATHER WAS OBSERVED.


RELATIVE HUMIDITY (PERCENT)
 HIGHEST    87           100 AM
 LOWEST     57           100 PM
 AVERAGE    72

..........................................................


THE HONOLULU HI CLIMATE NORMALS FOR TODAY
                         NORMAL    RECORD    YEAR
 MAXIMUM TEMPERATURE (F)   89        92      1995
                                             1987
                                             1986
 MINIMUM TEMPERATURE (F)   74        68      1957
                                             1955
                                             1902


SUNRISE AND SUNSET
SEPTEMBER 20 2014.....SUNRISE   620 AM HST   SUNSET   630 PM HST
SEPTEMBER 21 2014.....SUNRISE   620 AM HST   SUNSET   629 PM HST


-  INDICATES NEGATIVE NUMBERS.
R  INDICATES RECORD WAS SET OR TIED.
MM INDICATES DATA IS MISSING.
T  INDICATES TRACE AMOUNT.




$$
