000
CDHW40 PHFO 181245
CLIHNL


CLIMATE REPORT
NATIONAL WEATHER SERVICE HONOLULU HI
245 AM HST WED JAN 18 2017


...................................

...THE HONOLULU HI CLIMATE SUMMARY FOR JANUARY 17 2017...

CLIMATE NORMAL PERIOD 1981 TO 2010
CLIMATE RECORD PERIOD 1946 TO 2017


WEATHER ITEM   OBSERVED TIME   RECORD YEAR NORMAL DEPARTURE LAST
                VALUE   (LST)  VALUE       VALUE  FROM      YEAR
                                                  NORMAL
..................................................................
TEMPERATURE (F)
 YESTERDAY
  MAXIMUM         83    313 PM  85    1996  80      3       80
  MINIMUM         70    510 AM  57    2003  66      4       66
  AVERAGE         77                        73      4       73

PRECIPITATION (IN)
  YESTERDAY        0.00          1.74 1959   0.06  -0.06      T
  MONTH TO DATE    T                         1.43  -1.43      T
  SINCE DEC 1      0.87                      4.67  -3.80     0.27
  SINCE JAN 1      T                         1.43  -1.43      T

SNOWFALL (IN)
  YESTERDAY        0.0
  MONTH TO DATE    0.0
  SINCE DEC 1      0.0
  SINCE JUL 1      0.0
  SNOW DEPTH       0

DEGREE DAYS
 HEATING
  YESTERDAY        0                         0      0        0
  MONTH TO DATE    0                         0      0        0
  SINCE DEC 1      0                         0      0        0
  SINCE JUL 1      0                         0      0        0

 COOLING
  YESTERDAY       12                         8      4        8
  MONTH TO DATE  139                       138      1      152
  SINCE DEC 1    444                       440      4      558
  SINCE JAN 1    139                       138      1      152
..................................................................


WIND (MPH)
  HIGHEST WIND SPEED    22   HIGHEST WIND DIRECTION     E (70)
  HIGHEST GUST SPEED    25   HIGHEST GUST DIRECTION     E (70)
  AVERAGE WIND SPEED     8.4


SKY COVER
  POSSIBLE SUNSHINE  MM
  AVERAGE SKY COVER 0.5


WEATHER CONDITIONS
 THE FOLLOWING WEATHER WAS RECORDED YESTERDAY.
  NO SIGNIFICANT WEATHER WAS OBSERVED.


RELATIVE HUMIDITY (PERCENT)
 HIGHEST    73           400 AM
 LOWEST     47          1200 PM
 AVERAGE    60

..........................................................


THE HONOLULU HI CLIMATE NORMALS FOR TODAY
                         NORMAL    RECORD    YEAR
 MAXIMUM TEMPERATURE (F)   80        85      2015
 MINIMUM TEMPERATURE (F)   66        57      1963


SUNRISE AND SUNSET
JANUARY 18 2017.......SUNRISE   712 AM HST   SUNSET   613 PM HST
JANUARY 19 2017.......SUNRISE   712 AM HST   SUNSET   614 PM HST


-  INDICATES NEGATIVE NUMBERS.
R  INDICATES RECORD WAS SET OR TIED.
MM INDICATES DATA IS MISSING.
T  INDICATES TRACE AMOUNT.




$$
