556
CDHW40 PHFO 180242
CLIHNL


CLIMATE REPORT
NATIONAL WEATHER SERVICE HONOLULU HI
441 PM HST THU AUG 17 2017


...................................

...THE HONOLULU HI CLIMATE SUMMARY FOR AUGUST 17 2017...
VALID TODAY AS OF 0400 PM LOCAL TIME.

CLIMATE NORMAL PERIOD 1981 TO 2010
CLIMATE RECORD PERIOD 1946 TO 2017


WEATHER ITEM   OBSERVED TIME   RECORD YEAR NORMAL DEPARTURE LAST
                VALUE   (LST)  VALUE       VALUE  FROM      YEAR
                                                  NORMAL
..................................................................
TEMPERATURE (F)
 TODAY
  MAXIMUM         91R  1221 PM  91    1996  89      2       89
                                      1994
                                      1987
  MINIMUM         75    642 AM  70    1955  75      0       74
  AVERAGE         83                        82      1       82

PRECIPITATION (IN)
  TODAY            T             0.28 1951   0.02  -0.02     0.00
  MONTH TO DATE    0.05                      0.31  -0.26     0.12
  SINCE JUN 1      0.60                      1.08  -0.48     3.02
  SINCE JAN 1     14.09                      8.65   5.44     7.06

SNOWFALL (IN)
  TODAY            0.0
  MONTH TO DATE    0.0
  SINCE JUN 1      0.0
  SINCE JUL 1      0.0
  SNOW DEPTH      MM

DEGREE DAYS
 HEATING
  TODAY            0                         0      0        0
  MONTH TO DATE    0                         0      0        0
  SINCE JUN 1      0                         0      0        0
  SINCE JUL 1      0                         0      0        0

 COOLING
  TODAY           18                        17      1       17
  MONTH TO DATE  293                       289      4      232
  SINCE JUN 1   1261                      1247     14     1167
  SINCE JAN 1   2962                      2749    213     2881
..................................................................


WIND (MPH)
  HIGHEST WIND SPEED    21   HIGHEST WIND DIRECTION    NE (60)
  HIGHEST GUST SPEED    28   HIGHEST GUST DIRECTION    NE (50)
  AVERAGE WIND SPEED    MM


SKY COVER
  POSSIBLE SUNSHINE  MM
  AVERAGE SKY COVER  MM


WEATHER CONDITIONS
 THE FOLLOWING WEATHER WAS RECORDED TODAY.
  NO SIGNIFICANT WEATHER WAS OBSERVED.


RELATIVE HUMIDITY (PERCENT)
 HIGHEST    MM
 LOWEST     MM
 AVERAGE    MM

..........................................................


THE HONOLULU HI CLIMATE NORMALS FOR TOMORROW
                         NORMAL    RECORD    YEAR
 MAXIMUM TEMPERATURE (F)   89        93      1995
 MINIMUM TEMPERATURE (F)   75        66      2009


SUNRISE AND SUNSET
AUGUST 17 2017........SUNRISE   611 AM HST   SUNSET   700 PM HST
AUGUST 18 2017........SUNRISE   611 AM HST   SUNSET   659 PM HST


-  INDICATES NEGATIVE NUMBERS.
R  INDICATES RECORD WAS SET OR TIED.
MM INDICATES DATA IS MISSING.
T  INDICATES TRACE AMOUNT.




$$
