000
CDHW40 PHFO 261245
CLIHNL


CLIMATE REPORT
NATIONAL WEATHER SERVICE HONOLULU HI
245 AM HST WED NOV 26 2014


...................................

...THE HONOLULU HI CLIMATE SUMMARY FOR NOVEMBER 25 2014...

CLIMATE NORMAL PERIOD 1981 TO 2010
CLIMATE RECORD PERIOD 1946 TO 2014


WEATHER ITEM   OBSERVED TIME   RECORD YEAR NORMAL DEPARTURE LAST
                VALUE   (LST)  VALUE       VALUE  FROM      YEAR
                                                  NORMAL
..................................................................
TEMPERATURE (F)
 YESTERDAY
  MAXIMUM         81    143 PM  87    1983  83     -2       83
                                      1968
  MINIMUM         70    704 AM  57    1990  71     -1       72
  AVERAGE         76                        77     -1       78

PRECIPITATION (IN)
  YESTERDAY        0.00          5.01 1975   0.07  -0.07     0.00
  MONTH TO DATE    1.43                      2.02  -0.59     1.43
  SINCE SEP 1      7.52                      4.56   2.96     2.94
  SINCE JAN 1     19.75                     13.46   6.29    12.02

SNOWFALL (IN)
  YESTERDAY        0.0
  MONTH TO DATE    0.0
  SINCE SEP 1      0.0
  SINCE JUL 1      0.0
  SNOW DEPTH       0

DEGREE DAYS
 HEATING
  YESTERDAY        0                         0      0        0
  MONTH TO DATE    0                         0      0        0
  SINCE SEP 1      0                         0      0        0
  SINCE JUL 1      0                         0      0        0

 COOLING
  YESTERDAY       11                        12     -1       13
  MONTH TO DATE  343                       323     20      301
  SINCE SEP 1   1405                      1285    120     1216
  SINCE JAN 1   4563                      4269    294     4076
..................................................................


WIND (MPH)
  HIGHEST WIND SPEED    21   HIGHEST WIND DIRECTION    NE (40)
  HIGHEST GUST SPEED    26   HIGHEST GUST DIRECTION    NE (60)
  AVERAGE WIND SPEED     9.7


SKY COVER
  POSSIBLE SUNSHINE  MM
  AVERAGE SKY COVER 0.5


WEATHER CONDITIONS
 THE FOLLOWING WEATHER WAS RECORDED YESTERDAY.
  NO SIGNIFICANT WEATHER WAS OBSERVED.


RELATIVE HUMIDITY (PERCENT)
 HIGHEST    70           700 AM
 LOWEST     49          1200 PM
 AVERAGE    60

..........................................................


THE HONOLULU HI CLIMATE NORMALS FOR TODAY
                         NORMAL    RECORD    YEAR
 MAXIMUM TEMPERATURE (F)   83        88      1980
 MINIMUM TEMPERATURE (F)   71        59      1958
                                             1902


SUNRISE AND SUNSET
NOVEMBER 26 2014......SUNRISE   650 AM HST   SUNSET   548 PM HST
NOVEMBER 27 2014......SUNRISE   650 AM HST   SUNSET   548 PM HST


-  INDICATES NEGATIVE NUMBERS.
R  INDICATES RECORD WAS SET OR TIED.
MM INDICATES DATA IS MISSING.
T  INDICATES TRACE AMOUNT.




$$
