000
CDUS43 KFSD 200622
CLIHON


CLIMATE REPORT
NATIONAL WEATHER SERVICE SIOUX FALLS SD
122 AM CDT FRI OCT 20 2017


...................................

...THE HURON SD CLIMATE SUMMARY FOR OCTOBER 19 2017...

CLIMATE NORMAL PERIOD 1981 TO 2010
CLIMATE RECORD PERIOD 1881 TO 2017


WEATHER ITEM   OBSERVED TIME   RECORD YEAR NORMAL DEPARTURE LAST
                VALUE   (LST)  VALUE       VALUE  FROM      YEAR
                                                  NORMAL
..................................................................
TEMPERATURE (F)
 YESTERDAY
  MAXIMUM         77    411 PM  87    2000  59     18       52
  MINIMUM         37    310 AM  11    1960  34      3       31
  AVERAGE         57                        47     10       42

PRECIPITATION (IN)
  YESTERDAY        0.00          0.46 1918   0.06  -0.06     0.00
  MONTH TO DATE    1.74                      1.21   0.53     0.98
  SINCE SEP 1      7.71                      3.67   4.04     2.27
  SINCE JAN 1     20.02                     20.93  -0.91    16.82

SNOWFALL (IN)
  YESTERDAY        0.0           2.7  1982   0.1   -0.1      0.0
  MONTH TO DATE    0.0                       0.4   -0.4      0.0
  SINCE SEP 1      0.0                       0.4   -0.4      0.0
  SINCE JUL 1      0.0                       0.4   -0.4      0.0
  SNOW DEPTH       0

DEGREE DAYS
 HEATING
  YESTERDAY        8                        18    -10       23
  MONTH TO DATE  256                       279    -23      219
  SINCE SEP 1    379                       446    -67      319
  SINCE JUL 1    388                       475    -87      336

 COOLING
  YESTERDAY        0                         0      0        0
  MONTH TO DATE    2                         0      2        4
  SINCE SEP 1    109                        69     40       80
  SINCE JAN 1    729                       738     -9      886
..................................................................


WIND (MPH)
  HIGHEST WIND SPEED    23   HIGHEST WIND DIRECTION     S (170)
  HIGHEST GUST SPEED    30   HIGHEST GUST DIRECTION     S (180)
  AVERAGE WIND SPEED    11.9


SKY COVER
  POSSIBLE SUNSHINE  MM
  AVERAGE SKY COVER 0.0


WEATHER CONDITIONS
 THE FOLLOWING WEATHER WAS RECORDED YESTERDAY.
  NO SIGNIFICANT WEATHER WAS OBSERVED.


RELATIVE HUMIDITY (PERCENT)
 HIGHEST    79           200 AM
 LOWEST     31           100 PM
 AVERAGE    55

..........................................................


THE HURON SD CLIMATE NORMALS FOR TODAY
                         NORMAL    RECORD    YEAR
 MAXIMUM TEMPERATURE (F)   59        91      1947
 MINIMUM TEMPERATURE (F)   34        14      1916


SUNRISE AND SUNSET
OCTOBER 20 2017.......SUNRISE   755 AM CDT   SUNSET   640 PM CDT
OCTOBER 21 2017.......SUNRISE   756 AM CDT   SUNSET   638 PM CDT


-  INDICATES NEGATIVE NUMBERS.
R  INDICATES RECORD WAS SET OR TIED.
MM INDICATES DATA IS MISSING.
T  INDICATES TRACE AMOUNT.




$$
