459
CDUS44 KHGX 221408
CLIHOU

CLIMATE REPORT
NATIONAL WEATHER SERVICE HOUSTON/GALVESTON TX
810 AM CST WED FEB 22 2017


...MORNING CLIMATE DATA...

                            MORNING LOW    PRECIP SINCE MIDNIGHT
HOUSTON INTERCONTINENTAL         51                0.00
GALVESTON SCHOLES FIELD          62                0.00
BRYAN/COLLEGE STATION            48                0.00
HOUSTON HOBBY                    54                0.00
...................................

...THE HOUSTON INTERCONTINENTAL CLIMATE SUMMARY FOR FEBRUARY 21 2017...

CLIMATE NORMAL PERIOD 1981 TO 2010
CLIMATE RECORD PERIOD 1892 TO 2017


WEATHER ITEM   OBSERVED TIME   RECORD YEAR NORMAL DEPARTURE LAST
                VALUE   (LST)  VALUE       VALUE  FROM      YEAR
                                                  NORMAL
..................................................................
TEMPERATURE (F)
 YESTERDAY
  MAXIMUM         77    243 PM  89    1996  67     10       74
  MINIMUM         54    705 AM  24    1978  48      6       63
  AVERAGE         66                        58      8       69

PRECIPITATION (IN)
  YESTERDAY        0.00          1.98 1928   0.12  -0.12     0.00
  MONTH TO DATE    2.41                      2.40   0.01     0.15
  SINCE DEC 1     12.06                      9.52   2.54     7.52
  SINCE JAN 1      8.50                      5.78   2.72     2.31

SNOWFALL (IN)
  YESTERDAY        0.0          MM      MM
  MONTH TO DATE    0.0
  SINCE DEC 1      0.0
  SINCE JUL 1      0.0

DEGREE DAYS
 HEATING
  YESTERDAY        0                         8     -8        0
  MONTH TO DATE   59                       210   -151      137
  SINCE DEC 1    530                       949   -419      747
  SINCE JUL 1    588                      1134   -546      860
..................................................................


WIND (MPH)
  HIGHEST WIND SPEED    23   HIGHEST WIND DIRECTION     N (350)
  HIGHEST GUST SPEED    28   HIGHEST GUST DIRECTION    NW (330)




RELATIVE HUMIDITY (PERCENT)
 HIGHEST   100
 LOWEST     36
 AVERAGE    68

..........................................................


THE HOUSTON INTERCONTINENTAL CLIMATE NORMALS FOR TODAY
                         NORMAL    RECORD    YEAR
 MAXIMUM TEMPERATURE (F)   68        90      1996
 MINIMUM TEMPERATURE (F)   48        21      1978


SUNRISE AND SUNSET
FEBRUARY 22 2017......SUNRISE   654 AM CST   SUNSET   616 PM CST
FEBRUARY 23 2017......SUNRISE   653 AM CST   SUNSET   616 PM CST


-  INDICATES NEGATIVE NUMBERS.
R  INDICATES RECORD WAS SET OR TIED.
MM INDICATES DATA IS MISSING.
T  INDICATES TRACE AMOUNT.


&&

...................................

...THE HOUSTON/HOBBY AIRPORT CLIMATE SUMMARY FOR FEBRUARY 21 2017...

CLIMATE NORMAL PERIOD 1981 TO 2010
CLIMATE RECORD PERIOD 1930 TO 2017


WEATHER ITEM   OBSERVED TIME   RECORD YEAR NORMAL DEPARTURE LAST
                VALUE   (LST)  VALUE       VALUE  FROM      YEAR
                                                  NORMAL
..................................................................
TEMPERATURE (F)
 YESTERDAY
  MAXIMUM         77    423 PM  86    1996  67     10       74
  MINIMUM         56    308 AM  27    1978  50      6       65
  AVERAGE         67                        58      9       70

PRECIPITATION (IN)
  YESTERDAY        0.00          2.56 1969   0.11  -0.11     0.00
  MONTH TO DATE    2.05                      2.45  -0.40     0.20
  SINCE DEC 1      9.81                     10.35  -0.54     6.20
  SINCE JAN 1      6.12                      6.32  -0.20     2.71

SNOWFALL (IN)
  YESTERDAY        0.0           T    1964
  MONTH TO DATE    0.0
  SINCE DEC 1      0.0
  SINCE JUL 1      0.0

DEGREE DAYS
 HEATING
  YESTERDAY        0                         7     -7        0
  MONTH TO DATE   52                       191   -139      111
  SINCE DEC 1    453                       866   -413      622
  SINCE JUL 1    490                      1022   -532      696
..................................................................


WIND (MPH)
  HIGHEST WIND SPEED    22   HIGHEST WIND DIRECTION     N (340)
  HIGHEST GUST SPEED    32   HIGHEST GUST DIRECTION     N (340)




RELATIVE HUMIDITY (PERCENT)
 HIGHEST   100
 LOWEST     31
 AVERAGE    66

..........................................................


THE HOUSTON/HOBBY AIRPORT CLIMATE NORMALS FOR TODAY
                         NORMAL    RECORD    YEAR
 MAXIMUM TEMPERATURE (F)   67        86      1996
 MINIMUM TEMPERATURE (F)   50        24      1978


SUNRISE AND SUNSET
FEBRUARY 22 2017......SUNRISE   654 AM CST   SUNSET   616 PM CST
FEBRUARY 23 2017......SUNRISE   653 AM CST   SUNSET   616 PM CST


-  INDICATES NEGATIVE NUMBERS.
R  INDICATES RECORD WAS SET OR TIED.
MM INDICATES DATA IS MISSING.
T  INDICATES TRACE AMOUNT.

...MISCELLANEOUS CLIMATE DATA FOR YESTERDAY...

LOCATION                        HIGH    LOW     PRECIP
PEARLAND                         78      57      0.00
SUGAR LAND                       74      52      0.00
TOMBALL                          76      55      0.00
CONROE                           75      49      0.00
HUNTSVILLE                       75      55      0.00
ANGLETON/LAKE JACKSON            77      54      0.00
PALACIOS                         79      57      0.00
LEAGUE CITY (NWS)                77      57      0.00


THIS PRODUCT...ALONG WITH OTHER WEATHER...HYDROLOGIC...AND CLIMATE
PRODUCTS...IS AVAILABLE ON THE WEB AT HTTP://WWW.SRH.NOAA.GOV/HGX
OR AT HTTP://WEATHER.GOV

$$
