000
CDUS44 KHGX 161306
CLIHOU

CLIMATE REPORT
NATIONAL WEATHER SERVICE HOUSTON/GALVESTON TX
805 AM CDT WED AUG 16 2017


...MORNING CLIMATE DATA...

                            MORNING LOW    PRECIP SINCE MIDNIGHT
HOUSTON INTERCONTINENTAL         82                0.00
GALVESTON SCHOLES FIELD          85                0.00
BRYAN/COLLEGE STATION            78                0.00
HOUSTON HOBBY                    82                0.00
...................................

...THE HOUSTON INTERCONTINENTAL CLIMATE SUMMARY FOR AUGUST 15 2017...

CLIMATE NORMAL PERIOD 1981 TO 2010
CLIMATE RECORD PERIOD 1892 TO 2017


WEATHER ITEM   OBSERVED TIME   RECORD YEAR NORMAL DEPARTURE LAST
                VALUE   (LST)  VALUE       VALUE  FROM      YEAR
                                                  NORMAL
..................................................................
TEMPERATURE (F)
 YESTERDAY
  MAXIMUM         97    252 PM 101    1994  95      2       86
  MINIMUM         80    511 AM  61    2004  75      5       75
  AVERAGE         89                        85      4       81

PRECIPITATION (IN)
  YESTERDAY        0.00          2.74 2002   0.11  -0.11     1.43
  MONTH TO DATE    7.70                      1.59   6.11     3.92
  SINCE JUN 1     21.18                     11.31   9.87    18.13
  SINCE JAN 1     39.41                     29.70   9.71    47.08

DEGREE DAYS
 COOLING
  YESTERDAY       24                        20      4       16
  MONTH TO DATE  300                       300      0      338
  SINCE JUN 1   1457                      1421     36     1551
  SINCE JAN 1   2366                      2073    293     2132
..................................................................


WIND (MPH)
  HIGHEST WIND SPEED    17   HIGHEST WIND DIRECTION     S (160)
  HIGHEST GUST SPEED    24   HIGHEST GUST DIRECTION     S (170)




RELATIVE HUMIDITY (PERCENT)
 HIGHEST    85
 LOWEST     42
 AVERAGE    64

..........................................................


THE HOUSTON INTERCONTINENTAL CLIMATE NORMALS FOR TODAY
                         NORMAL    RECORD    YEAR
 MAXIMUM TEMPERATURE (F)   95       102      2011
                                             1925
 MINIMUM TEMPERATURE (F)   75        63      2004
                                             1992


SUNRISE AND SUNSET
AUGUST 16 2017........SUNRISE   650 AM CDT   SUNSET   801 PM CDT
AUGUST 17 2017........SUNRISE   650 AM CDT   SUNSET   800 PM CDT


-  INDICATES NEGATIVE NUMBERS.
R  INDICATES RECORD WAS SET OR TIED.
MM INDICATES DATA IS MISSING.
T  INDICATES TRACE AMOUNT.


&&

...................................

...THE HOUSTON/HOBBY AIRPORT CLIMATE SUMMARY FOR AUGUST 15 2017...

CLIMATE NORMAL PERIOD 1981 TO 2010
CLIMATE RECORD PERIOD 1930 TO 2017


WEATHER ITEM   OBSERVED TIME   RECORD YEAR NORMAL DEPARTURE LAST
                VALUE   (LST)  VALUE       VALUE  FROM      YEAR
                                                  NORMAL
..................................................................
TEMPERATURE (F)
 YESTERDAY
  MAXIMUM         98    331 PM 101    1948  93      5       89
  MINIMUM         81    523 AM  66    2004  76      5       76
                                      1931
  AVERAGE         90                        84      6       83

PRECIPITATION (IN)
  YESTERDAY        0.00          5.52 2002   0.14  -0.14     0.17
  MONTH TO DATE    1.84                      2.10  -0.26     2.98
  SINCE JUN 1     10.16                     13.86  -3.70    17.22
  SINCE JAN 1     30.09                     32.14  -2.05    42.07

DEGREE DAYS
 COOLING
  YESTERDAY       25                        19      6       18
  MONTH TO DATE  332                       285     47      339
  SINCE JUN 1   1547                      1378    169     1572
  SINCE JAN 1   2481                      2032    449     2343
..................................................................


WIND (MPH)
  HIGHEST WIND SPEED    18   HIGHEST WIND DIRECTION    SE (150)
  HIGHEST GUST SPEED    24   HIGHEST GUST DIRECTION     S (180)




RELATIVE HUMIDITY (PERCENT)
 HIGHEST    85
 LOWEST     42
 AVERAGE    64

..........................................................


THE HOUSTON/HOBBY AIRPORT CLIMATE NORMALS FOR TODAY
                         NORMAL    RECORD    YEAR
 MAXIMUM TEMPERATURE (F)   93       100      2011
                                             1951
 MINIMUM TEMPERATURE (F)   76        65      1931


SUNRISE AND SUNSET
AUGUST 16 2017........SUNRISE   650 AM CDT   SUNSET   800 PM CDT
AUGUST 17 2017........SUNRISE   650 AM CDT   SUNSET   759 PM CDT


-  INDICATES NEGATIVE NUMBERS.
R  INDICATES RECORD WAS SET OR TIED.
MM INDICATES DATA IS MISSING.
T  INDICATES TRACE AMOUNT.

...MISCELLANEOUS CLIMATE DATA FOR YESTERDAY...

LOCATION                        HIGH    LOW     PRECIP
PEARLAND                         97      81      0.00
SUGAR LAND                       96      79      0.00
TOMBALL                          96      80      0.00
CONROE                           96      72      0.00
HUNTSVILLE                       96      78      0.00
ANGLETON/LAKE JACKSON            94      79      0.00
PALACIOS                         90      82      0.00
LEAGUE CITY (NWS)                95      81      0.01


THIS PRODUCT...ALONG WITH OTHER WEATHER...HYDROLOGIC...AND CLIMATE
PRODUCTS...IS AVAILABLE ON THE WEB AT HTTP://WWW.WEATHER.GOV/HGX

$$
