000
CDUS44 KHGX 180849
CLIHOU

CLIMATE REPORT
NATIONAL WEATHER SERVICE HOUSTON/GALVESTON TX
223 AM CST SUN FEB 18 2018

...................................

...THE HOUSTON INTERCONTINENTAL CLIMATE SUMMARY FOR FEBRUARY 17 2018...

CLIMATE NORMAL PERIOD 1981 TO 2010
CLIMATE RECORD PERIOD 1892 TO 2018


WEATHER ITEM   OBSERVED TIME   RECORD YEAR NORMAL DEPARTURE LAST
                VALUE   (LST)  VALUE       VALUE  FROM      YEAR
                                                  NORMAL
..................................................................
TEMPERATURE (F)
 YESTERDAY
  MAXIMUM         77    406 PM  86    1907  67     10       67
  MINIMUM         59    753 PM  16    1895  47     12       46
  AVERAGE         68                        57     11       57

PRECIPITATION (IN)
  YESTERDAY        T             0.87 1940   0.12  -0.12     0.19
  MONTH TO DATE    2.71                      1.91   0.80     1.02
  SINCE DEC 1      9.49                      9.03   0.46    10.67
  SINCE JAN 1      5.77                      5.29   0.48     7.11

SNOWFALL (IN)
  YESTERDAY        0.0           1.4  1973
  MONTH TO DATE    0.0
  SINCE DEC 1      0.8
  SINCE JUL 1      0.8

DEGREE DAYS
 HEATING
  YESTERDAY        0                         9     -9        8
  MONTH TO DATE  137                       176    -39       59
  SINCE DEC 1   1004                       915     89      530
  SINCE JUL 1   1115                      1100     15      588
..................................................................


WIND (MPH)
  HIGHEST WIND SPEED    18   HIGHEST WIND DIRECTION     N (350)
  HIGHEST GUST SPEED    26   HIGHEST GUST DIRECTION    NE (30)




RELATIVE HUMIDITY (PERCENT)
 HIGHEST   100
 LOWEST     68
 AVERAGE    84

..........................................................


THE HOUSTON INTERCONTINENTAL CLIMATE NORMALS FOR TODAY
                         NORMAL    RECORD    YEAR
 MAXIMUM TEMPERATURE (F)   67        87      1986
 MINIMUM TEMPERATURE (F)   47        19      1936
                                             1900


SUNRISE AND SUNSET
FEBRUARY 18 2018......SUNRISE   658 AM CST   SUNSET   613 PM CST
FEBRUARY 19 2018......SUNRISE   657 AM CST   SUNSET   613 PM CST


-  INDICATES NEGATIVE NUMBERS.
R  INDICATES RECORD WAS SET OR TIED.
MM INDICATES DATA IS MISSING.
T  INDICATES TRACE AMOUNT.


&&

...................................

...THE HOUSTON/HOBBY AIRPORT CLIMATE SUMMARY FOR FEBRUARY 17 2018...

CLIMATE NORMAL PERIOD 1981 TO 2010
CLIMATE RECORD PERIOD 1930 TO 2018


WEATHER ITEM   OBSERVED TIME   RECORD YEAR NORMAL DEPARTURE LAST
                VALUE   (LST)  VALUE       VALUE  FROM      YEAR
                                                  NORMAL
..................................................................
TEMPERATURE (F)
 YESTERDAY
  MAXIMUM         80    359 PM  84    1986  66     14       66
  MINIMUM         61   1000 PM  28    1980  49     12       50
  AVERAGE         71                        58     13       58

PRECIPITATION (IN)
  YESTERDAY        0.01          0.87 1940   0.13  -0.12     0.22
  MONTH TO DATE    2.41                      2.00   0.41     1.11
  SINCE DEC 1     10.37                      9.90   0.47     8.87
  SINCE JAN 1      5.71                      5.87  -0.16     5.18

SNOWFALL (IN)
  YESTERDAY        0.0           T    1973
  MONTH TO DATE    0.0
  SINCE DEC 1      1.5
  SINCE JUL 1      1.5

DEGREE DAYS
 HEATING
  YESTERDAY        0                         8     -8        7
  MONTH TO DATE  118                       160    -42       52
  SINCE DEC 1    956                       835    121      453
  SINCE JUL 1   1037                       991     46      490
..................................................................


WIND (MPH)
  HIGHEST WIND SPEED    17   HIGHEST WIND DIRECTION    SW (210)
  HIGHEST GUST SPEED    22   HIGHEST GUST DIRECTION     S (200)




RELATIVE HUMIDITY (PERCENT)
 HIGHEST   100
 LOWEST     67
 AVERAGE    84

..........................................................


THE HOUSTON/HOBBY AIRPORT CLIMATE NORMALS FOR TODAY
                         NORMAL    RECORD    YEAR
 MAXIMUM TEMPERATURE (F)   67        87      1986
 MINIMUM TEMPERATURE (F)   49        21      1936


SUNRISE AND SUNSET
FEBRUARY 18 2018......SUNRISE   658 AM CST   SUNSET   613 PM CST
FEBRUARY 19 2018......SUNRISE   657 AM CST   SUNSET   613 PM CST


-  INDICATES NEGATIVE NUMBERS.
R  INDICATES RECORD WAS SET OR TIED.
MM INDICATES DATA IS MISSING.
T  INDICATES TRACE AMOUNT.




$$
