000
CDUS44 KHGX 261424
CLIHOU

CLIMATE REPORT
NATIONAL WEATHER SERVICE HOUSTON/GALVESTON TX
820 AM CST MON JAN 26 2015



...MORNING CLIMATE DATA...

                            MORNING LOW    PRECIP SINCE MIDNIGHT
HOUSTON INTERCONTINENTAL         47                0.00
GALVESTON SCHOLES FIELD          45                0.00
BRYAN/COLLEGE STATION            41                0.00
HOUSTON HOBBY                    49                0.00

...................................

...THE HOUSTON INTERCONTINENTAL CLIMATE SUMMARY FOR JANUARY 25 2015...

CLIMATE NORMAL PERIOD 1981 TO 2010
CLIMATE RECORD PERIOD 1892 TO 2015


WEATHER ITEM   OBSERVED TIME   RECORD YEAR NORMAL DEPARTURE LAST
                VALUE   (LST)  VALUE       VALUE  FROM      YEAR
                                                  NORMAL
..................................................................
TEMPERATURE (F)
 YESTERDAY
  MAXIMUM         70    344 PM  81    1971  63      7       61
  MINIMUM         40    411 AM  19    1894  44     -4       29
  AVERAGE         55                        53      2       45

PRECIPITATION (IN)
  YESTERDAY        0.00          2.83 2012   0.11  -0.11     0.00
  MONTH TO DATE    3.17                      2.70   0.47     0.91
  SINCE DEC 1      8.77                      6.44   2.33     2.57
  SINCE JAN 1      3.17                      2.70   0.47     0.91

SNOWFALL (IN)
  YESTERDAY        0.0           0.0  2002
  MONTH TO DATE    0.0
  SINCE DEC 1      0.0
  SINCE JUL 1      0.0

DEGREE DAYS
 HEATING
  YESTERDAY       10                        12     -2       20
  MONTH TO DATE  425                       318    107      377
  SINCE DEC 1    682                       672     10      820
  SINCE JUL 1    930                       857     73     1069
..................................................................


WIND (MPH)
  HIGHEST WIND SPEED    16   HIGHEST WIND DIRECTION     W (280)
  HIGHEST GUST SPEED    20   HIGHEST GUST DIRECTION    NW (320)


RELATIVE HUMIDITY (PERCENT)
 HIGHEST    82
 LOWEST     32
 AVERAGE    57

..........................................................


THE HOUSTON INTERCONTINENTAL CLIMATE NORMALS FOR TODAY
                         NORMAL    RECORD    YEAR
 MAXIMUM TEMPERATURE (F)   64        84      1975
 MINIMUM TEMPERATURE (F)   44        23      1943
                                             1940


SUNRISE AND SUNSET
JANUARY 26 2015.......SUNRISE   715 AM CST   SUNSET   553 PM CST
JANUARY 27 2015.......SUNRISE   714 AM CST   SUNSET   554 PM CST


-  INDICATES NEGATIVE NUMBERS.
R  INDICATES RECORD WAS SET OR TIED.
MM INDICATES DATA IS MISSING.
T  INDICATES TRACE AMOUNT.


&&

...................................

...THE HOUSTON/HOBBY AIRPORT CLIMATE SUMMARY FOR JANUARY 25 2015...

CLIMATE NORMAL PERIOD 1981 TO 2010
CLIMATE RECORD PERIOD 1930 TO 2015


WEATHER ITEM   OBSERVED TIME   RECORD YEAR NORMAL DEPARTURE LAST
                VALUE   (LST)  VALUE       VALUE  FROM      YEAR
                                                  NORMAL
..................................................................
TEMPERATURE (F)
 YESTERDAY
  MAXIMUM         70    329 PM  82    1971  63      7       60
                                      1950
  MINIMUM         41    717 AM  24    1963  45     -4       28
  AVERAGE         56                        54      2       44

PRECIPITATION (IN)
  YESTERDAY        0.00          0.93 2012   0.13  -0.13     0.00
  MONTH TO DATE    5.13                      3.09   2.04     0.49
  SINCE DEC 1      9.74                      7.12   2.62     1.36
  SINCE JAN 1      5.13                      3.09   2.04     0.49

SNOWFALL (IN)
  YESTERDAY        0.0          MM      MM
  MONTH TO DATE    0.0
  SINCE DEC 1      0.0
  SINCE JUL 1      0.0

DEGREE DAYS
 HEATING
  YESTERDAY        9                        11     -2       21
  MONTH TO DATE  405                       293    112      332
  SINCE DEC 1    629                       613     16      731
  SINCE JUL 1    843                       769     74      948
..................................................................


WIND (MPH)
  HIGHEST WIND SPEED    17   HIGHEST WIND DIRECTION     W (290)
  HIGHEST GUST SPEED    23   HIGHEST GUST DIRECTION     W (280)


RELATIVE HUMIDITY (PERCENT)
 HIGHEST   100
 LOWEST     27
 AVERAGE    64

..........................................................


THE HOUSTON/HOBBY AIRPORT CLIMATE NORMALS FOR TODAY
                         NORMAL    RECORD    YEAR
 MAXIMUM TEMPERATURE (F)   63        83      1975
 MINIMUM TEMPERATURE (F)   46        24      1940


SUNRISE AND SUNSET
JANUARY 26 2015.......SUNRISE   714 AM CST   SUNSET   554 PM CST
JANUARY 27 2015.......SUNRISE   713 AM CST   SUNSET   555 PM CST


-  INDICATES NEGATIVE NUMBERS.
R  INDICATES RECORD WAS SET OR TIED.
MM INDICATES DATA IS MISSING.
T  INDICATES TRACE AMOUNT.
..........................................................

...MISCELLANEOUS CLIMATE DATA FOR YESTERDAY...

LOCATION                        HIGH    LOW     PRECIP
PEARLAND                         71      44      0.00
SUGAR LAND                       70      39      0.00
TOMBALL                          69      37      0.00
CONROE                           68      33      0.00
HUNTSVILLE                       70      43      0.00
ANGLETON/LAKE JACKSON            66      37      0.00
PALACIOS                         70      46      0.00
LEAGUE CITY (NWS)                70      41      0.00


THIS PRODUCT...ALONG WITH OTHER WEATHER...HYDROLOGIC...AND CLIMATE
PRODUCTS...IS AVAILABLE ON THE WEB AT HTTP://WWW.SRH.NOAA.GOV/HGX
OR AT HTTP://WEATHER.GOV

$$
