000
CDUS44 KHGX 202136
CLIHOU

CLIMATE REPORT
NATIONAL WEATHER SERVICE HOUSTON/GALVESTON TX
436 PM CDT SAT SEP 20 2014


...................................

...THE HOUSTON INTERCONTINENTAL CLIMATE SUMMARY FOR SEPTEMBER 20 2014...
VALID TODAY AS OF 400 PM LOCAL TIME.

CLIMATE NORMAL PERIOD 1981 TO 2010
CLIMATE RECORD PERIOD 1892 TO 2014


WEATHER ITEM   OBSERVED TIME   RECORD YEAR NORMAL DEPARTURE LAST
                VALUE   (LST)  VALUE       VALUE  FROM      YEAR
                                                  NORMAL
..................................................................
TEMPERATURE (F)
 TODAY
  MAXIMUM         89    230 PM  99    1999  89      0       84
  MINIMUM         73    647 AM  54    1901  69      4       73
                                      1889
  AVERAGE         81                        79      2       79

PRECIPITATION (IN)
  TODAY            0.00          7.66 1976   0.13  -0.13     3.47
  MONTH TO DATE    3.88                      2.84   1.04     4.04
  SINCE SEP 1      3.88                      2.84   1.04     4.04
  SINCE JAN 1     31.77                     34.71  -2.94    25.24

DEGREE DAYS
 HEATING
  TODAY            0                         0      0        0
  MONTH TO DATE    0                         0      0        0
  SINCE SEP 1      0                         0      0        0
  SINCE JUL 1      0                         0      0        0

 COOLING
  TODAY           16                        14      2       14
  MONTH TO DATE  339                       322     17      383
  SINCE SEP 1    339                       322     17      383
  SINCE JAN 1   2615                      2704    -89     2776
..................................................................


WIND (MPH)
  RESULTANT WIND SPEED   7   RESULTANT WIND DIRECTION   E (70)
  HIGHEST WIND SPEED    14   HIGHEST WIND DIRECTION     E (100)
  HIGHEST GUST SPEED    18   HIGHEST GUST DIRECTION     E (110)
  AVERAGE WIND SPEED     7.1



WEATHER CONDITIONS
 THE FOLLOWING WEATHER WAS RECORDED TODAY.
  NO SIGNIFICANT WEATHER WAS OBSERVED.


RELATIVE HUMIDITY (PERCENT)
 HIGHEST   100           100 AM
 LOWEST     57           300 PM
 AVERAGE    79

..........................................................


THE HOUSTON INTERCONTINENTAL CLIMATE NORMALS FOR TOMORROW
                         NORMAL    RECORD    YEAR
 MAXIMUM TEMPERATURE (F)   88       100      2005
 MINIMUM TEMPERATURE (F)   68        53      1983
                                             1918


SUNRISE AND SUNSET
SEPTEMBER 20 2014.....SUNRISE   709 AM CDT   SUNSET   720 PM CDT
SEPTEMBER 21 2014.....SUNRISE   709 AM CDT   SUNSET   719 PM CDT


-  INDICATES NEGATIVE NUMBERS.
R  INDICATES RECORD WAS SET OR TIED.
MM INDICATES DATA IS MISSING.
T  INDICATES TRACE AMOUNT.




...................................

...THE HOUSTON/HOBBY AIRPORT CLIMATE SUMMARY FOR SEPTEMBER 20 2014...
VALID TODAY AS OF 400 PM LOCAL TIME.

CLIMATE NORMAL PERIOD 1981 TO 2010
CLIMATE RECORD PERIOD 1930 TO 2014


WEATHER ITEM   OBSERVED TIME   RECORD YEAR NORMAL DEPARTURE LAST
                VALUE   (LST)  VALUE       VALUE  FROM      YEAR
                                                  NORMAL
..................................................................
TEMPERATURE (F)
 TODAY
  MAXIMUM         89    203 PM  98    1956  88      1       86
  MINIMUM         74    503 AM  59    1981  71      3       74
                                      1971
                                      1938
  AVERAGE         82                        79      3       80

PRECIPITATION (IN)
  TODAY            0.00          2.64 1978   0.15  -0.15     1.69
  MONTH TO DATE    4.55                      3.71   0.84     3.65
  SINCE SEP 1      4.55                      3.71   0.84     3.65
  SINCE JAN 1     29.08                     38.81  -9.73    26.52

DEGREE DAYS
 HEATING
  TODAY            0                         0      0        0
  MONTH TO DATE    0                         0      0        0
  SINCE SEP 1      0                         0      0        0
  SINCE JUL 1      0                         0      0        0

 COOLING
  TODAY           17                        14      3       15
  MONTH TO DATE  347                       325     22      393
  SINCE SEP 1    347                       325     22      393
  SINCE JAN 1   2651                      2666    -15     2819
..................................................................


WIND (MPH)
  RESULTANT WIND SPEED   6   RESULTANT WIND DIRECTION   E (80)
  HIGHEST WIND SPEED    15   HIGHEST WIND DIRECTION     E (110)
  HIGHEST GUST SPEED    20   HIGHEST GUST DIRECTION     E (100)
  AVERAGE WIND SPEED     6.8



WEATHER CONDITIONS
 THE FOLLOWING WEATHER WAS RECORDED TODAY.
  NO SIGNIFICANT WEATHER WAS OBSERVED.


RELATIVE HUMIDITY (PERCENT)
 HIGHEST   100           500 AM
 LOWEST     59           100 PM
 AVERAGE    80

..........................................................


THE HOUSTON/HOBBY AIRPORT CLIMATE NORMALS FOR TOMORROW
                         NORMAL    RECORD    YEAR
 MAXIMUM TEMPERATURE (F)   87       100      2005
 MINIMUM TEMPERATURE (F)   70        52      1938


SUNRISE AND SUNSET
SEPTEMBER 20 2014.....SUNRISE   708 AM CDT   SUNSET   720 PM CDT
SEPTEMBER 21 2014.....SUNRISE   709 AM CDT   SUNSET   719 PM CDT


-  INDICATES NEGATIVE NUMBERS.
R  INDICATES RECORD WAS SET OR TIED.
MM INDICATES DATA IS MISSING.
T  INDICATES TRACE AMOUNT.


...MISCELLANEOUS CLIMATE DATA FOR TODAY...

LOCATION                        HIGH    LOW     PRECIP

PEARLAND                         89      76      0.09
SUGAR LAND                       90      75      0.00
TOMBALL                          90      73      0.00
CONROE                           88      70      0.00
HUNTSVILLE                       89      70      0.00
ANGLETON/LAKE JACKSON            88      73       T
PALACIOS                         89      74      0.45
LEAGUE CITY (NWS)                85      75      0.00


THIS PRODUCT...ALONG WITH OTHER WEATHER...HYDROLOGIC...AND CLIMATE
PRODUCTS...IS AVAILABLE ON THE WEB AT HTTP://WWW.SRH.NOAA.GOV/HGX
OR AT HTTP://WEATHER.GOV


$$
