175
CDUS44 KHGX 140835
CLIHOU


CLIMATE REPORT
NATIONAL WEATHER SERVICE HOUSTON/GALVESTON TX
235 AM CST SUN FEB 14 2016


...................................

...THE HOUSTON INTERCONTINENTAL CLIMATE SUMMARY FOR FEBRUARY 13 2016...

CLIMATE NORMAL PERIOD 1981 TO 2010
CLIMATE RECORD PERIOD 1892 TO 2016


WEATHER ITEM   OBSERVED TIME   RECORD YEAR NORMAL DEPARTURE LAST
                VALUE   (LST)  VALUE       VALUE  FROM      YEAR
                                                  NORMAL
..................................................................
TEMPERATURE (F)
 YESTERDAY
  MAXIMUM         67    325 PM  83    1962  66      1       66
  MINIMUM         51    726 AM   6    1899  46      5       39
  AVERAGE         59                        56      3       53

PRECIPITATION (IN)
  YESTERDAY        0.00          2.99 1908   0.11  -0.11     0.00
  MONTH TO DATE    0.15                      1.43  -1.28     0.34
  SINCE DEC 1      7.52                      8.55  -1.03     9.11
  SINCE JAN 1      2.31                      4.81  -2.50     3.51

SNOWFALL (IN)
  YESTERDAY        0.0           0.0  2002
  MONTH TO DATE    0.0
  SINCE DEC 1      0.0
  SINCE JUL 1      0.0

DEGREE DAYS
 HEATING
  YESTERDAY        6                        10     -4       12
  MONTH TO DATE  118                       139    -21      135
  SINCE DEC 1    728                       878   -150      856
  SINCE JUL 1    841                      1063   -222     1104
..................................................................


WIND (MPH)
  HIGHEST WIND SPEED    18   HIGHEST WIND DIRECTION    SE (130)
  HIGHEST GUST SPEED    23   HIGHEST GUST DIRECTION    SE (130)




RELATIVE HUMIDITY (PERCENT)
 HIGHEST    93
 LOWEST     48
 AVERAGE    71

..........................................................


THE HOUSTON INTERCONTINENTAL CLIMATE NORMALS FOR TODAY
                         NORMAL    RECORD    YEAR
 MAXIMUM TEMPERATURE (F)   66        83      1911
 MINIMUM TEMPERATURE (F)   46        10      1899


SUNRISE AND SUNSET
FEBRUARY 14 2016......SUNRISE   702 AM CST   SUNSET   609 PM CST
FEBRUARY 15 2016......SUNRISE   702 AM CST   SUNSET   610 PM CST


-  INDICATES NEGATIVE NUMBERS.
R  INDICATES RECORD WAS SET OR TIED.
MM INDICATES DATA IS MISSING.
T  INDICATES TRACE AMOUNT.




...................................

...THE HOUSTON/HOBBY AIRPORT CLIMATE SUMMARY FOR FEBRUARY 13 2016...

CLIMATE NORMAL PERIOD 1981 TO 2010
CLIMATE RECORD PERIOD 1930 TO 2016


WEATHER ITEM   OBSERVED TIME   RECORD YEAR NORMAL DEPARTURE LAST
                VALUE   (LST)  VALUE       VALUE  FROM      YEAR
                                                  NORMAL
..................................................................
TEMPERATURE (F)
 YESTERDAY
  MAXIMUM         69    228 PM  84    1962  66      3       65
  MINIMUM         55    300 AM  26    1963  48      7       46
                                      1958
  AVERAGE         62                        57      5       56

PRECIPITATION (IN)
  YESTERDAY        0.00          0.99 1950   0.11  -0.11     0.00
  MONTH TO DATE    0.19                      1.51  -1.32     0.28
  SINCE DEC 1      6.19                      9.41  -3.22    10.02
  SINCE JAN 1      2.70                      5.38  -2.68     5.41

SNOWFALL (IN)
  YESTERDAY        0.0          MM      MM
  MONTH TO DATE    0.0
  SINCE DEC 1      0.0
  SINCE JUL 1      0.0

DEGREE DAYS
 HEATING
  YESTERDAY        3                         9     -6        9
  MONTH TO DATE  103                       126    -23      115
  SINCE DEC 1    614                       801   -187      775
  SINCE JUL 1    688                       957   -269      989
..................................................................


WIND (MPH)
  HIGHEST WIND SPEED    15   HIGHEST WIND DIRECTION    SE (120)
  HIGHEST GUST SPEED    20   HIGHEST GUST DIRECTION     E (110)




RELATIVE HUMIDITY (PERCENT)
 HIGHEST    93
 LOWEST     58
 AVERAGE    76

..........................................................


THE HOUSTON/HOBBY AIRPORT CLIMATE NORMALS FOR TODAY
                         NORMAL    RECORD    YEAR
 MAXIMUM TEMPERATURE (F)   66        81      1956
 MINIMUM TEMPERATURE (F)   48        27      1963


SUNRISE AND SUNSET
FEBRUARY 14 2016......SUNRISE   702 AM CST   SUNSET   609 PM CST
FEBRUARY 15 2016......SUNRISE   701 AM CST   SUNSET   610 PM CST


-  INDICATES NEGATIVE NUMBERS.
R  INDICATES RECORD WAS SET OR TIED.
MM INDICATES DATA IS MISSING.
T  INDICATES TRACE AMOUNT.




$$
