000
CDUS44 KHGX 171422
CLIHOU

CLIMATE REPORT
NATIONAL WEATHER SERVICE HOUSTON/GALVESTON TX
810 AM CST TUE JAN 17 2017

...MORNING CLIMATE DATA...

                            MORNING LOW    PRECIP SINCE MIDNIGHT
HOUSTON INTERCONTINENTAL         71                0.10
GALVESTON SCHOLES FIELD          68                0.00
BRYAN/COLLEGE STATION            56                0.07
HOUSTON HOBBY                    70                0.01

...................................

...THE HOUSTON INTERCONTINENTAL CLIMATE SUMMARY FOR JANUARY 16 2017...

CLIMATE NORMAL PERIOD 1981 TO 2010
CLIMATE RECORD PERIOD 1892 TO 2017


WEATHER ITEM   OBSERVED TIME   RECORD YEAR NORMAL DEPARTURE LAST
                VALUE   (LST)  VALUE       VALUE  FROM      YEAR
                                                  NORMAL
..................................................................
TEMPERATURE (F)
 YESTERDAY
  MAXIMUM         80    202 PM  81    1936  63     17       60
  MINIMUM         67    540 AM  22    1972  43     24       42
  AVERAGE         74                        53     21       51

PRECIPITATION (IN)
  YESTERDAY        0.20          2.60 1969   0.11   0.09     0.17
  MONTH TO DATE    1.99                      1.69   0.30     1.89
  SINCE DEC 1      5.55                      5.43   0.12     7.10
  SINCE JAN 1      1.99                      1.69   0.30     1.89

SNOWFALL (IN)
  YESTERDAY        0.0           T    1953
  MONTH TO DATE    0.0
  SINCE DEC 1      0.0
  SINCE JUL 1      0.0

DEGREE DAYS
 HEATING
  YESTERDAY        0                        13    -13       14
  MONTH TO DATE  138                       208    -70      223
  SINCE DEC 1    397                       562   -165      443
  SINCE JUL 1    455                       747   -292      556
..................................................................


WIND (MPH)
  HIGHEST WIND SPEED    22   HIGHEST WIND DIRECTION     S (170)
  HIGHEST GUST SPEED    29   HIGHEST GUST DIRECTION     S (170)




RELATIVE HUMIDITY (PERCENT)
 HIGHEST    93
 LOWEST     58
 AVERAGE    76

..........................................................


THE HOUSTON INTERCONTINENTAL CLIMATE NORMALS FOR TODAY
                         NORMAL    RECORD    YEAR
 MAXIMUM TEMPERATURE (F)   63        80      1974
                                             1907
 MINIMUM TEMPERATURE (F)   43        15      1930


SUNRISE AND SUNSET
JANUARY 17 2017.......SUNRISE   717 AM CST   SUNSET   546 PM CST
JANUARY 18 2017.......SUNRISE   717 AM CST   SUNSET   547 PM CST


-  INDICATES NEGATIVE NUMBERS.
R  INDICATES RECORD WAS SET OR TIED.
MM INDICATES DATA IS MISSING.
T  INDICATES TRACE AMOUNT.


&&

...................................

...THE HOUSTON/HOBBY AIRPORT CLIMATE SUMMARY FOR JANUARY 16 2017...

CLIMATE NORMAL PERIOD 1981 TO 2010
CLIMATE RECORD PERIOD 1930 TO 2017


WEATHER ITEM   OBSERVED TIME   RECORD YEAR NORMAL DEPARTURE LAST
                VALUE   (LST)  VALUE       VALUE  FROM      YEAR
                                                  NORMAL
..................................................................
TEMPERATURE (F)
 YESTERDAY
  MAXIMUM         80   1221 PM  82    1936  63     17       57
  MINIMUM         68    720 AM  27    1972  45     23       46
  AVERAGE         74                        54     20       52

PRECIPITATION (IN)
  YESTERDAY        T             1.84 2008   0.13  -0.13     0.25
  MONTH TO DATE    1.27                      1.94  -0.67     1.96
  SINCE DEC 1      4.96                      5.97  -1.01     5.45
  SINCE JAN 1      1.27                      1.94  -0.67     1.96

SNOWFALL (IN)
  YESTERDAY        0.0          MM      MM
  MONTH TO DATE    0.0
  SINCE DEC 1      0.0
  SINCE JUL 1      0.0

DEGREE DAYS
 HEATING
  YESTERDAY        0                        12    -12       13
  MONTH TO DATE  123                       192    -69      194
  SINCE DEC 1    335                       512   -177      365
  SINCE JUL 1    372                       668   -296      439
..................................................................


WIND (MPH)
  HIGHEST WIND SPEED    22   HIGHEST WIND DIRECTION     S (180)
  HIGHEST GUST SPEED    31   HIGHEST GUST DIRECTION     S (180)




RELATIVE HUMIDITY (PERCENT)
 HIGHEST    97
 LOWEST     58
 AVERAGE    78

..........................................................


THE HOUSTON/HOBBY AIRPORT CLIMATE NORMALS FOR TODAY
                         NORMAL    RECORD    YEAR
 MAXIMUM TEMPERATURE (F)   63        80      1974
 MINIMUM TEMPERATURE (F)   45        23      1965


SUNRISE AND SUNSET
JANUARY 17 2017.......SUNRISE   717 AM CST   SUNSET   546 PM CST
JANUARY 18 2017.......SUNRISE   716 AM CST   SUNSET   547 PM CST


-  INDICATES NEGATIVE NUMBERS.
R  INDICATES RECORD WAS SET OR TIED.
MM INDICATES DATA IS MISSING.
T  INDICATES TRACE AMOUNT.

...MISCELLANEOUS CLIMATE DATA FOR YESTERDAY...

LOCATION                        HIGH    LOW     PRECIP
PEARLAND                         80      69       T
SUGAR LAND                       80      67      0.10
TOMBALL                          82      68      0.44
CONROE                           80      66      0.36
HUNTSVILLE                       77      61      0.75
ANGLETON/LAKE JACKSON            81      68       T
PALACIOS                         78      68      0.00
LEAGUE CITY (NWS)                78      67       T


THIS PRODUCT...ALONG WITH OTHER WEATHER...HYDROLOGIC...AND CLIMATE
PRODUCTS...IS AVAILABLE ON THE WEB AT HTTP://WWW.SRH.NOAA.GOV/HGX
OR AT HTTP://WEATHER.GOV



$$
