000
CDUS44 KHGX 021404
CLIHOU

CLIMATE REPORT
NATIONAL WEATHER SERVICE HOUSTON/GALVESTON TX
850 AM CDT MON MAY 2 2016


...MORNING CLIMATE DATA...

                            MORNING LOW    PRECIP SINCE MIDNIGHT
HOUSTON INTERCONTINENTAL         66                 T
GALVESTON SCHOLES FIELD          69                0.68
BRYAN/COLLEGE STATION            59                0.01
HOUSTON HOBBY                    73                0.02

...................................

...THE HOUSTON INTERCONTINENTAL CLIMATE SUMMARY FOR MAY 1 2016...

CLIMATE NORMAL PERIOD 1981 TO 2010
CLIMATE RECORD PERIOD 1892 TO 2016


WEATHER ITEM   OBSERVED TIME   RECORD YEAR NORMAL DEPARTURE LAST
                VALUE   (LST)  VALUE       VALUE  FROM      YEAR
                                                  NORMAL
..................................................................
TEMPERATURE (F)
 YESTERDAY
  MAXIMUM         85    322 PM  94    1947  83      2       84
  MINIMUM         70    628 AM  45    1908  64      6       57
  AVERAGE         78                        73      5       71

PRECIPITATION (IN)
  YESTERDAY        T             4.11 1970   0.15  -0.15     0.00
  MONTH TO DATE    T                         0.15  -0.15     0.00
  SINCE MAR 1     17.64                      6.87  10.77    12.44
  SINCE JAN 1     21.75                     13.45   8.30    16.27

SNOWFALL (IN)
  YESTERDAY        0.0          MM      MM
  MONTH TO DATE    0.0
  SINCE MAR 1      0.0
  SINCE JUL 1      0.0

DEGREE DAYS
 HEATING
  YESTERDAY        0                         0      0        0
  MONTH TO DATE    0                         0      0        0
  SINCE MAR 1    100                       178    -78      143
  SINCE JUL 1   1017                      1366   -349     1462

 COOLING
  YESTERDAY       13                         8      5        6
  MONTH TO DATE   13                         8      5        6
  SINCE MAR 1    255                       251      4      310
  SINCE JAN 1    292                       289      3      320
..................................................................


WIND (MPH)
  HIGHEST WIND SPEED    20   HIGHEST WIND DIRECTION    SE (130)
  HIGHEST GUST SPEED    23   HIGHEST GUST DIRECTION    SE (140)


RELATIVE HUMIDITY (PERCENT)
 HIGHEST   100
 LOWEST     69
 AVERAGE    85

..........................................................


THE HOUSTON INTERCONTINENTAL CLIMATE NORMALS FOR TODAY
                         NORMAL    RECORD    YEAR
 MAXIMUM TEMPERATURE (F)   83        96      1964
 MINIMUM TEMPERATURE (F)   64        45      1976


SUNRISE AND SUNSET
MAY  2 2016...........SUNRISE   637 AM CDT   SUNSET   800 PM CDT
MAY  3 2016...........SUNRISE   636 AM CDT   SUNSET   800 PM CDT


-  INDICATES NEGATIVE NUMBERS.
R  INDICATES RECORD WAS SET OR TIED.
MM INDICATES DATA IS MISSING.
T  INDICATES TRACE AMOUNT.


&&

...................................

...THE HOUSTON/HOBBY AIRPORT CLIMATE SUMMARY FOR MAY 1 2016...

CLIMATE NORMAL PERIOD 1981 TO 2010
CLIMATE RECORD PERIOD 1930 TO 2016


WEATHER ITEM   OBSERVED TIME   RECORD YEAR NORMAL DEPARTURE LAST
                VALUE   (LST)  VALUE       VALUE  FROM      YEAR
                                                  NORMAL
..................................................................
TEMPERATURE (F)
 YESTERDAY
  MAXIMUM         84    319 PM  94    1947  82      2       82
  MINIMUM         75   1151 PM  51    1996  65     10       57
  AVERAGE         80                        74      6       70

PRECIPITATION (IN)
  YESTERDAY        T             2.10 2004   0.14  -0.14     0.00
  MONTH TO DATE    T                         0.14  -0.14     0.00
  SINCE MAR 1     13.09                      6.59   6.50    14.58
  SINCE JAN 1     17.26                     13.67   3.59    20.46

SNOWFALL (IN)
  YESTERDAY        0.0          MM      MM
  MONTH TO DATE    0.0
  SINCE MAR 1      0.0
  SINCE JUL 1      0.0

DEGREE DAYS
 HEATING
  YESTERDAY        0                         0      0        0
  MONTH TO DATE    0                         0      0        0
  SINCE MAR 1     52                       149    -97      115
  SINCE JUL 1    790                      1219   -429     1300

 COOLING
  YESTERDAY       15                         9      6        5
  MONTH TO DATE   15                         9      6        5
  SINCE MAR 1    366                       251    115      328
  SINCE JAN 1    404                       289    115      338
..................................................................


WIND (MPH)
  HIGHEST WIND SPEED    16   HIGHEST WIND DIRECTION     E (100)
  HIGHEST GUST SPEED    22   HIGHEST GUST DIRECTION     E (100)


RELATIVE HUMIDITY (PERCENT)
 HIGHEST    94
 LOWEST     74
 AVERAGE    84

..........................................................


THE HOUSTON/HOBBY AIRPORT CLIMATE NORMALS FOR TODAY
                         NORMAL    RECORD    YEAR
 MAXIMUM TEMPERATURE (F)   82        92      1964
 MINIMUM TEMPERATURE (F)   65        50      1976


SUNRISE AND SUNSET
MAY  2 2016...........SUNRISE   637 AM CDT   SUNSET   759 PM CDT
MAY  3 2016...........SUNRISE   637 AM CDT   SUNSET   800 PM CDT


-  INDICATES NEGATIVE NUMBERS.
R  INDICATES RECORD WAS SET OR TIED.
MM INDICATES DATA IS MISSING.
T  INDICATES TRACE AMOUNT.

...........................................................

...MISCELLANEOUS CLIMATE DATA FOR YESTERDAY...

LOCATION                        HIGH    LOW     PRECIP

PEARLAND                         82      76       T
SUGAR LAND                       85      73      0.01
TOMBALL                          86      71      0.09
CONROE                           84      69      0.19
HUNTSVILLE                       82      67       T
ANGLETON/LAKE JACKSON            86      75      0.07
PALACIOS                         82      77       T
LEAGUE CITY (NWS)                78      74      0.32


THIS PRODUCT...ALONG WITH OTHER WEATHER...HYDROLOGIC...AND CLIMATE
PRODUCTS...IS AVAILABLE ON THE WEB AT HTTP://WWW.SRH.NOAA.GOV/HGX
OR AT HTTP://WEATHER.GOV

$$
