000
CDUS44 KHGX 031411
CLIHOU

CLIMATE REPORT
NATIONAL WEATHER SERVICE HOUSTON/GALVESTON TX
810 AM CST TUE MAR 3 2015


...MORNING CLIMATE DATA...

                            MORNING LOW    PRECIP SINCE MIDNIGHT
HOUSTON INTERCONTINENTAL         56                0.00
GALVESTON SCHOLES FIELD          56                0.00
BRYAN/COLLEGE STATION            45                0.00
HOUSTON HOBBY                    58                0.00
...................................

...THE HOUSTON INTERCONTINENTAL CLIMATE SUMMARY FOR MARCH 2 2015...

CLIMATE NORMAL PERIOD 1981 TO 2010
CLIMATE RECORD PERIOD 1892 TO 2015


WEATHER ITEM   OBSERVED TIME   RECORD YEAR NORMAL DEPARTURE LAST
                VALUE   (LST)  VALUE       VALUE  FROM      YEAR
                                                  NORMAL
..................................................................
TEMPERATURE (F)
 YESTERDAY
  MAXIMUM         60    459 PM  91    1909  70    -10       77
  MINIMUM         48    814 AM  22    1980  50     -2       34
  AVERAGE         54                        60     -6       56

PRECIPITATION (IN)
  YESTERDAY        0.01          1.55 1934   0.12  -0.11     0.03
  MONTH TO DATE    0.23                      0.23   0.00     0.03
  SINCE MAR 1      0.23                      0.23   0.00     0.03
  SINCE JAN 1      4.06                      6.81  -2.75     3.38

SNOWFALL (IN)
  YESTERDAY       MM            MM      MM
  MONTH TO DATE   MM
  SINCE MAR 1     MM
  SINCE JUL 1      0.0

DEGREE DAYS
 HEATING
  YESTERDAY       11                         7      4        9
  MONTH TO DATE   22                        14      8        9
  SINCE MAR 1     22                        14      8        9
  SINCE JUL 1   1341                      1202    139     1489

 COOLING
  YESTERDAY        0                         1     -1        0
  MONTH TO DATE    0                         2     -2        9
  SINCE MAR 1      0                         2     -2        9
  SINCE JAN 1     10                        40    -30       43
..................................................................


WIND (MPH)
  HIGHEST WIND SPEED    13   HIGHEST WIND DIRECTION     N (360)
  HIGHEST GUST SPEED    16   HIGHEST GUST DIRECTION    NW (330)




RELATIVE HUMIDITY (PERCENT)
 HIGHEST   100
 LOWEST     80
 AVERAGE    90

..........................................................


THE HOUSTON INTERCONTINENTAL CLIMATE NORMALS FOR TODAY
                         NORMAL    RECORD    YEAR
 MAXIMUM TEMPERATURE (F)   70        86      1893
 MINIMUM TEMPERATURE (F)   50        21      1943


SUNRISE AND SUNSET
MARCH  3 2015.........SUNRISE   645 AM CST   SUNSET   622 PM CST
MARCH  4 2015.........SUNRISE   644 AM CST   SUNSET   622 PM CST


-  INDICATES NEGATIVE NUMBERS.
R  INDICATES RECORD WAS SET OR TIED.
MM INDICATES DATA IS MISSING.
T  INDICATES TRACE AMOUNT.


&&

...................................

...THE HOUSTON/HOBBY AIRPORT CLIMATE SUMMARY FOR MARCH 2 2015...

CLIMATE NORMAL PERIOD 1981 TO 2010
CLIMATE RECORD PERIOD 1930 TO 2015


WEATHER ITEM   OBSERVED TIME   RECORD YEAR NORMAL DEPARTURE LAST
                VALUE   (LST)  VALUE       VALUE  FROM      YEAR
                                                  NORMAL
..................................................................
TEMPERATURE (F)
 YESTERDAY
  MAXIMUM         63    523 PM  83    2006  69     -6       77
  MINIMUM         49    639 AM  24    1980  52     -3       36
  AVERAGE         56                        60     -4       57

PRECIPITATION (IN)
  YESTERDAY        T             1.35 1988   0.11  -0.11     0.06
  MONTH TO DATE    0.27                      0.22   0.05     0.06
  SINCE MAR 1      0.27                      0.22   0.05     0.06
  SINCE JAN 1      6.15                      7.30  -1.15     2.68

SNOWFALL (IN)
  YESTERDAY       MM            MM      MM
  MONTH TO DATE    0.0
  SINCE MAR 1      0.0
  SINCE JUL 1      0.0

DEGREE DAYS
 HEATING
  YESTERDAY        9                         6      3        8
  MONTH TO DATE   13                        12      1        8
  SINCE MAR 1     13                        12      1        8
  SINCE JUL 1   1198                      1082    116     1335

 COOLING
  YESTERDAY        0                         1     -1        0
  MONTH TO DATE    0                         2     -2        8
  SINCE MAR 1      0                         2     -2        8
  SINCE JAN 1     10                        40    -30       47
..................................................................


WIND (MPH)
  HIGHEST WIND SPEED    24   HIGHEST WIND DIRECTION     E (70)
  HIGHEST GUST SPEED    41   HIGHEST GUST DIRECTION     E (70)




RELATIVE HUMIDITY (PERCENT)
 HIGHEST   100
 LOWEST     78
 AVERAGE    89

..........................................................


THE HOUSTON/HOBBY AIRPORT CLIMATE NORMALS FOR TODAY
                         NORMAL    RECORD    YEAR
 MAXIMUM TEMPERATURE (F)   69        84      1967
                                             1956
 MINIMUM TEMPERATURE (F)   52        22      1943


SUNRISE AND SUNSET
MARCH  3 2015.........SUNRISE   645 AM CST   SUNSET   622 PM CST
MARCH  4 2015.........SUNRISE   644 AM CST   SUNSET   622 PM CST


-  INDICATES NEGATIVE NUMBERS.
R  INDICATES RECORD WAS SET OR TIED.
MM INDICATES DATA IS MISSING.
T  INDICATES TRACE AMOUNT.

...MISCELLANEOUS CLIMATE DATA FOR YESTERDAY...

LOCATION                        HIGH    LOW     PRECIP
PEARLAND                         66      50       T
SUGAR LAND                       62      48      0.01
TOMBALL                          57      47      0.03
CONROE                           53      46      0.01
HUNTSVILLE                       50      44      0.00
ANGLETON/LAKE JACKSON            63      49       T
PALACIOS                         59      47       T
LEAGUE CITY (NWS)                62      49      0.01


THIS PRODUCT...ALONG WITH OTHER WEATHER...HYDROLOGIC...AND CLIMATE
PRODUCTS...IS AVAILABLE ON THE WEB AT HTTP://WWW.SRH.NOAA.GOV/HGX
OR AT HTTP://WEATHER.GOV


$$
