000
CDUS46 KSEW 050826
CLIHQM


CLIMATE REPORT
NATIONAL WEATHER SERVICE SEATTLE WA
1226 AM PST THU MAR 5 2015


...................................

...THE HOQUIAM WA AIRPORT CLIMATE SUMMARY FOR MARCH 4 2015...

CLIMATE NORMAL PERIOD 1981 TO 2010
CLIMATE RECORD PERIOD 1953 TO 2015


WEATHER ITEM   OBSERVED TIME   RECORD YEAR NORMAL DEPARTURE LAST
                VALUE   (LST)  VALUE       VALUE  FROM      YEAR
                                                  NORMAL
..................................................................
TEMPERATURE (F)
 YESTERDAY
  MAXIMUM         55    300 PM  68    1965  51      4       52
  MINIMUM         30    550 AM  23    1955  39     -9       47
  AVERAGE         43                        45     -2       50

PRECIPITATION (IN)
  YESTERDAY        0.00          1.40 1962   0.23  -0.23     0.96
  MONTH TO DATE    0.07                      0.93  -0.86     2.80
  SINCE OCT 1     47.36                     46.13   1.23    29.43
  SINCE JAN 1     15.94                     18.47  -2.53    17.32

DEGREE DAYS
 HEATING
  YESTERDAY       22                        20      2       15
  MONTH TO DATE   87                        80      7       71
  SINCE MAR 1     87                        80      7       71

 COOLING
  YESTERDAY        0                         0      0        0
  MONTH TO DATE    0                         0      0        0
  SINCE MAR 1      0                         0      0        0
  SINCE JAN 1      0                         0      0        0
..................................................................


WIND (MPH)
  RESULTANT WIND SPEED   3   RESULTANT WIND DIRECTION  NE (50)
  HIGHEST WIND SPEED    13   HIGHEST WIND DIRECTION     W (270)
  HIGHEST GUST SPEED    15   HIGHEST GUST DIRECTION     W (270)
  AVERAGE WIND SPEED     6.0


SKY COVER
  AVERAGE SKY COVER 0.0


WEATHER CONDITIONS
 THE FOLLOWING WEATHER WAS RECORDED YESTERDAY.
  FOG


RELATIVE HUMIDITY (PERCENT)
 HIGHEST    92           100 AM
 LOWEST     35           100 PM
 AVERAGE    64

..........................................................


THE HOQUIAM WA AIRPORT CLIMATE NORMALS FOR TODAY
                         NORMAL    RECORD    YEAR
 MAXIMUM TEMPERATURE (F)   51        69      1965
 MINIMUM TEMPERATURE (F)   39        24      1955


SUNRISE AND SUNSET
MARCH  5 2015.........SUNRISE   648 AM PST   SUNSET   607 PM PST
MARCH  6 2015.........SUNRISE   646 AM PST   SUNSET   608 PM PST


-  INDICATES NEGATIVE NUMBERS.
R  INDICATES RECORD WAS SET OR TIED.
MM INDICATES DATA IS MISSING.
T  INDICATES TRACE AMOUNT.




$$
