000
CDUS46 KSEW 180837
CLIHQM


CLIMATE REPORT
NATIONAL WEATHER SERVICE SEATTLE WA
1237 AM PST WED JAN 18 2017


...................................

...THE HOQUIAM WA AIRPORT CLIMATE SUMMARY FOR JANUARY 17 2017...

CLIMATE NORMAL PERIOD 1981 TO 2010
CLIMATE RECORD PERIOD 1953 TO 2017


WEATHER ITEM   OBSERVED TIME   RECORD YEAR NORMAL DEPARTURE LAST
                VALUE   (LST)  VALUE       VALUE  FROM      YEAR
                                                  NORMAL
..................................................................
TEMPERATURE (F)
 YESTERDAY
  MAXIMUM         52   1008 AM  56    2015  47      5       52
  MINIMUM         41    634 AM  26    1984  38      3       46
                                      1954
  AVERAGE         47                        43      4       49

PRECIPITATION (IN)
  YESTERDAY        1.44          2.57 2005   0.35   1.09     0.55
  MONTH TO DATE    2.30                      5.98  -3.68     3.65
  SINCE OCT 1     43.84                     33.64  10.20    37.07
  SINCE JAN 1      2.30                      5.98  -3.68     3.65

DEGREE DAYS
 HEATING
  YESTERDAY       18                        22     -4       16
  MONTH TO DATE  493                       385    108      387
  SINCE DEC 1   1301                      1112    189     1053

 COOLING
  YESTERDAY        0                         0      0        0
  MONTH TO DATE    0                         0      0        0
  SINCE DEC 1      0                         0      0        0
  SINCE JAN 1      0                         0      0        0
..................................................................


WIND (MPH)
  RESULTANT WIND SPEED  15   RESULTANT WIND DIRECTION  SE (130)
  HIGHEST WIND SPEED    43   HIGHEST WIND DIRECTION     S (160)
  HIGHEST GUST SPEED    56   HIGHEST GUST DIRECTION    SE (140)
  AVERAGE WIND SPEED    20.6


SKY COVER
  AVERAGE SKY COVER 1.0


WEATHER CONDITIONS
 THE FOLLOWING WEATHER WAS RECORDED YESTERDAY.
  RAIN
  LIGHT RAIN
  FOG


RELATIVE HUMIDITY (PERCENT)
 HIGHEST   100           300 PM
 LOWEST     53           400 AM
 AVERAGE    77

..........................................................


THE HOQUIAM WA AIRPORT CLIMATE NORMALS FOR TODAY
                         NORMAL    RECORD    YEAR
 MAXIMUM TEMPERATURE (F)   47        58      1981
 MINIMUM TEMPERATURE (F)   38        25      1957


SUNRISE AND SUNSET
JANUARY 18 2017.......SUNRISE   755 AM PST   SUNSET   458 PM PST
JANUARY 19 2017.......SUNRISE   754 AM PST   SUNSET   500 PM PST


-  INDICATES NEGATIVE NUMBERS.
R  INDICATES RECORD WAS SET OR TIED.
MM INDICATES DATA IS MISSING.
T  INDICATES TRACE AMOUNT.




$$
