000
CDUS46 KSEW 280828
CLIHQM


CLIMATE REPORT
NATIONAL WEATHER SERVICE SEATTLE WA
1227 AM PST WED JAN 28 2015


...................................

...THE HOQUIAM WA AIRPORT CLIMATE SUMMARY FOR JANUARY 27 2015...

CLIMATE NORMAL PERIOD 1981 TO 2010
CLIMATE RECORD PERIOD 1953 TO 2015


WEATHER ITEM   OBSERVED TIME   RECORD YEAR NORMAL DEPARTURE LAST
                VALUE   (LST)  VALUE       VALUE  FROM      YEAR
                                                  NORMAL
..................................................................
TEMPERATURE (F)
 YESTERDAY
  MAXIMUM         53    112 PM  56    1961  48      5       42
  MINIMUM         45   1159 PM  16    1957  38      7       34
  AVERAGE         49                        43      6       38

PRECIPITATION (IN)
  YESTERDAY        T             1.45 1992   0.29  -0.29     0.10
  MONTH TO DATE   11.00                      9.14   1.86     5.21
  SINCE OCT 1     42.42                     36.80   5.62    17.32
  SINCE JAN 1     11.00                      9.14   1.86     5.21

DEGREE DAYS
 HEATING
  YESTERDAY       16                        22     -6       27
  MONTH TO DATE  498                       605   -107      575
  SINCE DEC 1   1091                      1332   -241     1401

 COOLING
  YESTERDAY        0                         0      0        0
  MONTH TO DATE    0                         0      0        0
  SINCE DEC 1      0                         0      0        0
  SINCE JAN 1      0                         0      0        0
..................................................................


WIND (MPH)
  RESULTANT WIND SPEED   4   RESULTANT WIND DIRECTION   W (270)
  HIGHEST WIND SPEED    14   HIGHEST WIND DIRECTION     W (270)
  HIGHEST GUST SPEED    19   HIGHEST GUST DIRECTION     W (290)
  AVERAGE WIND SPEED     4.8


SKY COVER
  AVERAGE SKY COVER 1.0


WEATHER CONDITIONS
 THE FOLLOWING WEATHER WAS RECORDED YESTERDAY.
  LIGHT RAIN
  FOG


RELATIVE HUMIDITY (PERCENT)
 HIGHEST   100           500 AM
 LOWEST     74           600 PM
 AVERAGE    87

..........................................................


THE HOQUIAM WA AIRPORT CLIMATE NORMALS FOR TODAY
                         NORMAL    RECORD    YEAR
 MAXIMUM TEMPERATURE (F)   48        55      1998
                                             1962
 MINIMUM TEMPERATURE (F)   38        17      1980


SUNRISE AND SUNSET
JANUARY 28 2015.......SUNRISE   745 AM PST   SUNSET   512 PM PST
JANUARY 29 2015.......SUNRISE   744 AM PST   SUNSET   514 PM PST


-  INDICATES NEGATIVE NUMBERS.
R  INDICATES RECORD WAS SET OR TIED.
MM INDICATES DATA IS MISSING.
T  INDICATES TRACE AMOUNT.




$$
