000
CDUS46 KSEW 030828
CLIHQM


CLIMATE REPORT
NATIONAL WEATHER SERVICE SEATTLE WA
128 AM PDT FRI JUL 3 2015


...................................

...THE HOQUIAM WA AIRPORT CLIMATE SUMMARY FOR JULY 2 2015...

CLIMATE NORMAL PERIOD 1981 TO 2010
CLIMATE RECORD PERIOD 1953 TO 2015


WEATHER ITEM   OBSERVED TIME   RECORD YEAR NORMAL DEPARTURE LAST
                VALUE   (LST)  VALUE       VALUE  FROM      YEAR
                                                  NORMAL
..................................................................
TEMPERATURE (F)
 YESTERDAY
  MAXIMUM         73    339 PM  88    1972  65      8       68
  MINIMUM         56    351 AM  40    1971  52      4       60
                                      1955
  AVERAGE         65                        59      6       64

PRECIPITATION (IN)
  YESTERDAY        0.00          0.28 1989   0.05  -0.05     0.00
  MONTH TO DATE    0.00                      0.10  -0.10     0.00
  SINCE OCT 1     57.91                     62.92  -5.01    52.94
  SINCE JAN 1     26.49                     35.26  -8.77    40.83

DEGREE DAYS
 HEATING
  YESTERDAY        0                         6     -6        1
  MONTH TO DATE    0                        12    -12        1
  SINCE JUN 1    160                       258    -98      205

 COOLING
  YESTERDAY        0                         0      0        0
  MONTH TO DATE    1                         0      1        7
  SINCE JUN 1      4                         2      2        7
  SINCE JAN 1      4                         3      1       22
..................................................................


WIND (MPH)
  RESULTANT WIND SPEED   8   RESULTANT WIND DIRECTION  SW (220)
  HIGHEST WIND SPEED    21   HIGHEST WIND DIRECTION    SW (230)
  HIGHEST GUST SPEED    23   HIGHEST GUST DIRECTION    SW (240)
  AVERAGE WIND SPEED     8.8


SKY COVER
  AVERAGE SKY COVER 0.1


WEATHER CONDITIONS
 THE FOLLOWING WEATHER WAS RECORDED YESTERDAY.
  FOG


RELATIVE HUMIDITY (PERCENT)
 HIGHEST    93           100 AM
 LOWEST     61           300 PM
 AVERAGE    77

..........................................................


THE HOQUIAM WA AIRPORT CLIMATE NORMALS FOR TODAY
                         NORMAL    RECORD    YEAR
 MAXIMUM TEMPERATURE (F)   66        90      1972
 MINIMUM TEMPERATURE (F)   52        35      1971


SUNRISE AND SUNSET
JULY  3 2015..........SUNRISE   526 AM PDT   SUNSET   914 PM PDT
JULY  4 2015..........SUNRISE   527 AM PDT   SUNSET   913 PM PDT


-  INDICATES NEGATIVE NUMBERS.
R  INDICATES RECORD WAS SET OR TIED.
MM INDICATES DATA IS MISSING.
T  INDICATES TRACE AMOUNT.




$$
