000
CDUS46 KSEW 280832
CLIHQM


CLIMATE REPORT
NATIONAL WEATHER SERVICE SEATTLE WA
132 AM PDT SAT MAR 28 2015


...................................

...THE HOQUIAM WA AIRPORT CLIMATE SUMMARY FOR MARCH 27 2015...

CLIMATE NORMAL PERIOD 1981 TO 2010
CLIMATE RECORD PERIOD 1953 TO 2015


WEATHER ITEM   OBSERVED TIME   RECORD YEAR NORMAL DEPARTURE LAST
                VALUE   (LST)  VALUE       VALUE  FROM      YEAR
                                                  NORMAL
..................................................................
TEMPERATURE (F)
 YESTERDAY
  MAXIMUM         57    123 PM  77    1994  53      4       53
  MINIMUM         45    414 AM  30    1991  41      4       43
  AVERAGE         51                        47      4       48

PRECIPITATION (IN)
  YESTERDAY        0.34          1.67 1968   0.21   0.13     0.14
  MONTH TO DATE    6.21                      6.12   0.09    12.39
  SINCE OCT 1     53.50                     51.32   2.18    39.02
  SINCE JAN 1     22.08                     23.66  -1.58    26.91

DEGREE DAYS
 HEATING
  YESTERDAY       14                        18     -4       17
  MONTH TO DATE  410                       515   -105      472
  SINCE MAR 1    410                       515   -105      472

 COOLING
  YESTERDAY        0                         0      0        0
  MONTH TO DATE    0                         0      0        0
  SINCE MAR 1      0                         0      0        0
  SINCE JAN 1      0                         0      0        0
..................................................................


WIND (MPH)
  RESULTANT WIND SPEED   5   RESULTANT WIND DIRECTION   S (180)
  HIGHEST WIND SPEED    24   HIGHEST WIND DIRECTION    SW (230)
  HIGHEST GUST SPEED    29   HIGHEST GUST DIRECTION    SW (230)
  AVERAGE WIND SPEED    11.4


SKY COVER
  AVERAGE SKY COVER 0.8


WEATHER CONDITIONS
 THE FOLLOWING WEATHER WAS RECORDED YESTERDAY.
  RAIN
  LIGHT RAIN
  FOG
  FOG W/VISIBILITY <= 1/4 MILE


RELATIVE HUMIDITY (PERCENT)
 HIGHEST   100           100 AM
 LOWEST     86          1200 PM
 AVERAGE    93

..........................................................


THE HOQUIAM WA AIRPORT CLIMATE NORMALS FOR TODAY
                         NORMAL    RECORD    YEAR
 MAXIMUM TEMPERATURE (F)   53        69      1995
                                             1969
                                             1964
 MINIMUM TEMPERATURE (F)   41        29      1996
                                             1962


SUNRISE AND SUNSET
MARCH 28 2015.........SUNRISE   703 AM PDT   SUNSET   739 PM PDT
MARCH 29 2015.........SUNRISE   701 AM PDT   SUNSET   741 PM PDT


-  INDICATES NEGATIVE NUMBERS.
R  INDICATES RECORD WAS SET OR TIED.
MM INDICATES DATA IS MISSING.
T  INDICATES TRACE AMOUNT.




$$
