000
CDUS44 KBRO 180625
CLIHRL


CLIMATE REPORT
NATIONAL WEATHER SERVICE BROWNSVILLE TX
125 AM CDT FRI APR 18 2014


...................................

...THE HARLINGEN CLIMATE SUMMARY FOR APRIL 17 2014...

CLIMATE NORMAL PERIOD 1981 TO 2010
CLIMATE RECORD PERIOD 1912 TO 2014


WEATHER ITEM   OBSERVED TIME   RECORD YEAR NORMAL DEPARTURE LAST
                VALUE   (LST)  VALUE       VALUE  FROM      YEAR
                                                  NORMAL
..................................................................
TEMPERATURE (F)
 YESTERDAY
  MAXIMUM         76    244 PM 107    1920  86    -10       97
  MINIMUM         61   1258 AM  45    1999  65     -4       77
  AVERAGE         69                        76     -7       87

PRECIPITATION (IN)
  YESTERDAY        0.07          1.83 1979   0.06   0.01     0.00
  MONTH TO DATE    0.16                      0.97  -0.81     0.04
  SINCE MAR 1      1.94                      2.26  -0.32     0.10
  SINCE JAN 1      2.94                      4.73  -1.79     2.84

SNOWFALL (IN)
  YESTERDAY        0.0
  MONTH TO DATE    0.0
  SINCE MAR 1      0.0
  SINCE JUL 1      0.0

DEGREE DAYS
 HEATING
  YESTERDAY        0                         0      0        0
  MONTH TO DATE   12                         7      5        2
  SINCE MAR 1    119                        53     66       45
  SINCE JUL 1    930                       621    309      393

 COOLING
  YESTERDAY        4                        11     -7       22
  MONTH TO DATE  129                       162    -33      191
  SINCE MAR 1    241                       332    -91      352
  SINCE JAN 1    352                       457   -105      546
..................................................................


WIND (MPH)
  HIGHEST WIND SPEED    18   HIGHEST WIND DIRECTION     E (70)
  HIGHEST GUST SPEED    22   HIGHEST GUST DIRECTION     E (70)
  AVERAGE WIND SPEED     8.8



WEATHER CONDITIONS
 THE FOLLOWING WEATHER WAS RECORDED YESTERDAY.
  LIGHT RAIN
  FOG


RELATIVE HUMIDITY (PERCENT)
 HIGHEST    93
 LOWEST     74
 AVERAGE    84

..........................................................


THE HARLINGEN CLIMATE NORMALS FOR TODAY
                         NORMAL    RECORD    YEAR
 MAXIMUM TEMPERATURE (F)   86       101      1920
 MINIMUM TEMPERATURE (F)   66        44      1921


SUNRISE AND SUNSET
APRIL 18 2014.........SUNRISE   704 AM CDT   SUNSET   756 PM CDT
APRIL 19 2014.........SUNRISE   704 AM CDT   SUNSET   756 PM CDT


-  INDICATES NEGATIVE NUMBERS.
R  INDICATES RECORD WAS SET OR TIED.
MM INDICATES DATA IS MISSING.
T  INDICATES TRACE AMOUNT.




$$
