000
CDUS44 KBRO 280625
CLIHRL


CLIMATE REPORT
NATIONAL WEATHER SERVICE BROWNSVILLE TX
125 AM CDT FRI APR 28 2017


...................................

...THE HARLINGEN CLIMATE SUMMARY FOR APRIL 27 2017...

CLIMATE NORMAL PERIOD 1981 TO 2010
CLIMATE RECORD PERIOD 1912 TO 2017


WEATHER ITEM   OBSERVED TIME   RECORD YEAR NORMAL DEPARTURE LAST
                VALUE   (LST)  VALUE       VALUE  FROM      YEAR
                                                  NORMAL
..................................................................
TEMPERATURE (F)
 YESTERDAY
  MAXIMUM         90    219 PM 103    1984  88      2       97
  MINIMUM         70    525 AM  49    1913  68      2       74
  AVERAGE         80                        78      2       86

PRECIPITATION (IN)
  YESTERDAY        0.00          4.25 1941   0.06  -0.06     0.00
  MONTH TO DATE    0.87                      1.51  -0.64     0.48
  SINCE MAR 1      3.09                      2.80   0.29     2.26
  SINCE JAN 1      4.40                      5.27  -0.87     4.17

SNOWFALL (IN)
  YESTERDAY        0.0
  MONTH TO DATE    0.0
  SINCE MAR 1      0.0
  SINCE JUL 1      0.0

DEGREE DAYS
 HEATING
  YESTERDAY        0                         0      0        0
  MONTH TO DATE    0                         7     -7        2
  SINCE MAR 1      4                        53    -49       13
  SINCE JUL 1    234                       621   -387      389

 COOLING
  YESTERDAY       15                        13      2       21
  MONTH TO DATE  327                       280     47      326
  SINCE MAR 1    617                       450    167      611
  SINCE JAN 1    984                       575    409      751
..................................................................


WIND (MPH)
  HIGHEST WIND SPEED    21   HIGHEST WIND DIRECTION    SE (120)
  HIGHEST GUST SPEED    29   HIGHEST GUST DIRECTION    SE (130)
  AVERAGE WIND SPEED    12.2



WEATHER CONDITIONS
 THE FOLLOWING WEATHER WAS RECORDED YESTERDAY.
  FOG


RELATIVE HUMIDITY (PERCENT)
 HIGHEST   100
 LOWEST     59
 AVERAGE    80

..........................................................


THE HARLINGEN CLIMATE NORMALS FOR TODAY
                         NORMAL    RECORD    YEAR
 MAXIMUM TEMPERATURE (F)   88       103      1937
 MINIMUM TEMPERATURE (F)   68        46      1920


SUNRISE AND SUNSET
APRIL 28 2017.........SUNRISE   655 AM CDT   SUNSET   801 PM CDT
APRIL 29 2017.........SUNRISE   655 AM CDT   SUNSET   802 PM CDT


-  INDICATES NEGATIVE NUMBERS.
R  INDICATES RECORD WAS SET OR TIED.
MM INDICATES DATA IS MISSING.
T  INDICATES TRACE AMOUNT.




$$
