000
CDUS44 KBRO 180725
CLIHRL


CLIMATE REPORT
NATIONAL WEATHER SERVICE BROWNSVILLE TX
125 AM CST WED JAN 18 2017


...................................

...THE HARLINGEN CLIMATE SUMMARY FOR JANUARY 17 2017...

CLIMATE NORMAL PERIOD 1981 TO 2010
CLIMATE RECORD PERIOD 1912 TO 2017


WEATHER ITEM   OBSERVED TIME   RECORD YEAR NORMAL DEPARTURE LAST
                VALUE   (LST)  VALUE       VALUE  FROM      YEAR
                                                  NORMAL
..................................................................
TEMPERATURE (F)
 YESTERDAY
  MAXIMUM         82    324 PM  88    1932  71     11       66
  MINIMUM         64    213 AM  30    1916  50     14       40
  AVERAGE         73                        60     13       53

PRECIPITATION (IN)
  YESTERDAY        0.02          0.50 1934   0.02   0.00     0.00
  MONTH TO DATE    0.03                      0.44  -0.41     1.81
  SINCE DEC 1      1.36                      1.70  -0.34     2.11
  SINCE JAN 1      0.03                      0.44  -0.41     1.81

SNOWFALL (IN)
  YESTERDAY        0.0
  MONTH TO DATE    0.0
  SINCE DEC 1      0.0
  SINCE JUL 1      0.0

DEGREE DAYS
 HEATING
  YESTERDAY        0                         6     -6       12
  MONTH TO DATE   63                       118    -55      128
  SINCE DEC 1    165                       309   -144      203
  SINCE JUL 1    180                       366   -186      239

 COOLING
  YESTERDAY        8                         2      6        0
  MONTH TO DATE   93                        34     59        7
  SINCE DEC 1    250                        92    158      140
  SINCE JAN 1     93                        34     59        7
..................................................................


WIND (MPH)
  HIGHEST WIND SPEED    25   HIGHEST WIND DIRECTION    SE (140)
  HIGHEST GUST SPEED    30   HIGHEST GUST DIRECTION    SE (140)
  AVERAGE WIND SPEED    11.4



WEATHER CONDITIONS
 THE FOLLOWING WEATHER WAS RECORDED YESTERDAY.
  LIGHT RAIN
  FOG


RELATIVE HUMIDITY (PERCENT)
 HIGHEST   100
 LOWEST     74
 AVERAGE    87

..........................................................


THE HARLINGEN CLIMATE NORMALS FOR TODAY
                         NORMAL    RECORD    YEAR
 MAXIMUM TEMPERATURE (F)   71        90      1938
 MINIMUM TEMPERATURE (F)   50        23      1930


SUNRISE AND SUNSET
JANUARY 18 2017.......SUNRISE   719 AM CST   SUNSET   603 PM CST
JANUARY 19 2017.......SUNRISE   719 AM CST   SUNSET   604 PM CST


-  INDICATES NEGATIVE NUMBERS.
R  INDICATES RECORD WAS SET OR TIED.
MM INDICATES DATA IS MISSING.
T  INDICATES TRACE AMOUNT.




$$
