000
CDUS44 KBRO 090725
CLIHRL


CLIMATE REPORT
NATIONAL WEATHER SERVICE BROWNSVILLE TX
125 AM CST TUE FEB 9 2016


...................................

...THE HARLINGEN CLIMATE SUMMARY FOR FEBRUARY 8 2016...

CLIMATE NORMAL PERIOD 1981 TO 2010
CLIMATE RECORD PERIOD 1912 TO 2016


WEATHER ITEM   OBSERVED TIME   RECORD YEAR NORMAL DEPARTURE LAST
                VALUE   (LST)  VALUE       VALUE  FROM      YEAR
                                                  NORMAL
..................................................................
TEMPERATURE (F)
 YESTERDAY
  MAXIMUM         70    108 PM  93    1937  73     -3       81
  MINIMUM         49   1136 PM  28    1933  52     -3       52
                                      1989
  AVERAGE         60                        62     -2       67

PRECIPITATION (IN)
  YESTERDAY        0.00          0.90 2012   0.06  -0.06     0.00
  MONTH TO DATE    0.00                      0.46  -0.46     0.69
  SINCE DEC 1      2.21                      2.78  -0.57     4.93
  SINCE JAN 1      1.91                      1.52   0.39     2.62

SNOWFALL (IN)
  YESTERDAY        0.0
  MONTH TO DATE    0.0
  SINCE DEC 1      0.0
  SINCE JUL 1      0.0

DEGREE DAYS
 HEATING
  YESTERDAY        5                         5      0        0
  MONTH TO DATE   46                        40      6       46
  SINCE DEC 1    319                       431   -112      445
  SINCE JUL 1    355                       488   -133      580

 COOLING
  YESTERDAY        0                         2     -2        2
  MONTH TO DATE   12                        16     -4        8
  SINCE DEC 1    173                       123     50      113
  SINCE JAN 1     40                        65    -25       22
..................................................................


WIND (MPH)
  HIGHEST WIND SPEED    24   HIGHEST WIND DIRECTION     N (20)
  HIGHEST GUST SPEED    29   HIGHEST GUST DIRECTION     N (10)
  AVERAGE WIND SPEED     8.7



WEATHER CONDITIONS
 THE FOLLOWING WEATHER WAS RECORDED YESTERDAY.
  NO SIGNIFICANT WEATHER WAS OBSERVED.


RELATIVE HUMIDITY (PERCENT)
 HIGHEST    89
 LOWEST     26
 AVERAGE    58

..........................................................


THE HARLINGEN CLIMATE NORMALS FOR TODAY
                         NORMAL    RECORD    YEAR
 MAXIMUM TEMPERATURE (F)   73        90      1957
 MINIMUM TEMPERATURE (F)   52        28      1933


SUNRISE AND SUNSET
FEBRUARY  9 2016......SUNRISE   711 AM CST   SUNSET   619 PM CST
FEBRUARY 10 2016......SUNRISE   710 AM CST   SUNSET   620 PM CST


-  INDICATES NEGATIVE NUMBERS.
R  INDICATES RECORD WAS SET OR TIED.
MM INDICATES DATA IS MISSING.
T  INDICATES TRACE AMOUNT.




$$
