000
CDUS44 KLZK 282103
CLIHRO


CLIMATE REPORT
NATIONAL WEATHER SERVICE LITTLE ROCK AR
403 PM CDT THU AUG 28 2014


...................................

...THE HARRISON CLIMATE SUMMARY FOR AUGUST 28 2014...
VALID TODAY AS OF 0400 PM LOCAL TIME.

CLIMATE NORMAL PERIOD 1981 TO 2010
CLIMATE RECORD PERIOD 1891 TO 2014


WEATHER ITEM   OBSERVED TIME   RECORD YEAR NORMAL DEPARTURE LAST
                VALUE   (LST)  VALUE       VALUE  FROM      YEAR
                                                  NORMAL
..................................................................
TEMPERATURE (F)
 TODAY
  MAXIMUM         88    156 PM 104    1938  87      1       92
  MINIMUM         67    527 AM  42    1906  64      3       65
  AVERAGE         78                        76      2       79

PRECIPITATION (IN)
  TODAY            0.00          2.00 1979   0.12  -0.12     0.00
  MONTH TO DATE    1.01                      3.24  -2.23     7.45
  SINCE JUN 1     11.23                     10.62   0.61    14.70
  SINCE JAN 1     26.54                     28.62  -2.08    32.82

SNOWFALL (IN)
  TODAY            0.0          MM      MM   0.0    0.0      0.0
  MONTH TO DATE    0.0                       0.0    0.0      0.0
  SINCE JUN 1      0.0                       0.0    0.0      0.0
  SINCE JUL 1      0.0                       0.0    0.0      0.0
  SNOW DEPTH       0

DEGREE DAYS
 HEATING
  TODAY            0                         0      0        0
  MONTH TO DATE    0                         0      0        1
  SINCE JUN 1      1                         6     -5        6
  SINCE JUL 1      1                         0      1        1

 COOLING
  TODAY           13                        11      2       14
  MONTH TO DATE  359                       365     -6      283
  SINCE JUN 1    903                      1044   -141      947
  SINCE JAN 1   1090                      1183    -93     1093
..................................................................


WIND (MPH)
  HIGHEST WIND SPEED    16   HIGHEST WIND DIRECTION     S (160)
  HIGHEST GUST SPEED    23   HIGHEST GUST DIRECTION    SE (140)
  AVERAGE WIND SPEED     5.5


SKY COVER
  POSSIBLE SUNSHINE  MM
  AVERAGE SKY COVER 0.0


WEATHER CONDITIONS
 THE FOLLOWING WEATHER WAS RECORDED TODAY.
  FOG


RELATIVE HUMIDITY (PERCENT)
 HIGHEST   100           200 AM
 LOWEST     43           100 PM
 AVERAGE    72

..........................................................


THE HARRISON CLIMATE NORMALS FOR TOMORROW
                         NORMAL    RECORD    YEAR
 MAXIMUM TEMPERATURE (F)   87       105      1984
 MINIMUM TEMPERATURE (F)   64        47      1967


SUNRISE AND SUNSET
AUGUST 28 2014........SUNRISE   641 AM CDT   SUNSET   746 PM CDT
AUGUST 29 2014........SUNRISE   642 AM CDT   SUNSET   745 PM CDT


-  INDICATES NEGATIVE NUMBERS.
R  INDICATES RECORD WAS SET OR TIED.
MM INDICATES DATA IS MISSING.
T  INDICATES TRACE AMOUNT.




$$
