000
CDUS44 KLZK 210720
CLIHRO


CLIMATE REPORT
NATIONAL WEATHER SERVICE LITTLE ROCK AR
119 AM CST SUN JAN 21 2018


...................................

...THE HARRISON CLIMATE SUMMARY FOR JANUARY 20 2018...

CLIMATE NORMAL PERIOD 1981 TO 2010
CLIMATE RECORD PERIOD 1891 TO 2018


WEATHER ITEM   OBSERVED TIME   RECORD YEAR NORMAL DEPARTURE LAST
                VALUE   (LST)  VALUE       VALUE  FROM      YEAR
                                                  NORMAL
..................................................................
TEMPERATURE (F)
 YESTERDAY
  MAXIMUM         60    240 PM  73    1986  47     13       68
                                      1972
  MINIMUM         39    131 AM -13    1985  26     13       40
  AVERAGE         50                        36     14       54

PRECIPITATION (IN)
  YESTERDAY        0.00          1.12 1913   0.08  -0.08     0.00
  MONTH TO DATE    0.82                      1.68  -0.86     1.44
  SINCE DEC 1      2.70                      4.88  -2.18     2.76
  SINCE JAN 1      0.82                      1.68  -0.86     1.44

SNOWFALL (IN)
  YESTERDAY        0.0           3.5  1930   0.2   -0.2      0.0
  MONTH TO DATE    1.5                       2.2   -0.7      0.4
  SINCE DEC 1      1.8                       3.5   -1.7      0.9
  SINCE JUL 1      1.8                       4.0   -2.2      0.9
  SNOW DEPTH       0

DEGREE DAYS
 HEATING
  YESTERDAY       15                        29    -14       11
  MONTH TO DATE  730                       580    150      522
  SINCE DEC 1   1509                      1415     94     1331
  SINCE JUL 1   2105                      2179    -74     1781

 COOLING
  YESTERDAY        0                         0      0        0
  MONTH TO DATE    0                         0      0        0
  SINCE DEC 1      0                         0      0        0
  SINCE JAN 1      0                         0      0        0
..................................................................


WIND (MPH)
  HIGHEST WIND SPEED    21   HIGHEST WIND DIRECTION     S (170)
  HIGHEST GUST SPEED    30   HIGHEST GUST DIRECTION     S (180)
  AVERAGE WIND SPEED    11.6


SKY COVER
  POSSIBLE SUNSHINE  MM
  AVERAGE SKY COVER 0.3


WEATHER CONDITIONS
 THE FOLLOWING WEATHER WAS RECORDED YESTERDAY.
  NO SIGNIFICANT WEATHER WAS OBSERVED.


RELATIVE HUMIDITY (PERCENT)
 HIGHEST    89           800 AM
 LOWEST     57           200 PM
 AVERAGE    73

..........................................................


THE HARRISON CLIMATE NORMALS FOR TODAY
                         NORMAL    RECORD    YEAR
 MAXIMUM TEMPERATURE (F)   47        77      1909
 MINIMUM TEMPERATURE (F)   26        -3      1984


SUNRISE AND SUNSET
JANUARY 21 2018.......SUNRISE   721 AM CST   SUNSET   528 PM CST
JANUARY 22 2018.......SUNRISE   720 AM CST   SUNSET   529 PM CST


-  INDICATES NEGATIVE NUMBERS.
R  INDICATES RECORD WAS SET OR TIED.
MM INDICATES DATA IS MISSING.
T  INDICATES TRACE AMOUNT.




$$
