000
CDUS44 KLZK 240751
CLIHRO


CLIMATE REPORT
NATIONAL WEATHER SERVICE LITTLE ROCK AR
251 AM CDT TUE MAY 24 2016


...................................

...THE HARRISON CLIMATE SUMMARY FOR MAY 23 2016...

CLIMATE NORMAL PERIOD 1981 TO 2010
CLIMATE RECORD PERIOD 1891 TO 2016


WEATHER ITEM   OBSERVED TIME   RECORD YEAR NORMAL DEPARTURE LAST
                VALUE   (LST)  VALUE       VALUE  FROM      YEAR
                                                  NORMAL
..................................................................
TEMPERATURE (F)
 YESTERDAY
  MAXIMUM         78    219 PM  92    1926  78      0       73
  MINIMUM         53    532 AM  36    1963  57     -4       56
  AVERAGE         66                        68     -2       65

PRECIPITATION (IN)
  YESTERDAY        T             2.50 1957   0.14  -0.14     0.19
  MONTH TO DATE    1.64                      3.60  -1.96     7.52
  SINCE MAR 1      8.70                     11.71  -3.01    16.22
  SINCE JAN 1     10.98                     16.91  -5.93    19.76

SNOWFALL (IN)
  YESTERDAY        0.0          MM      MM   0.0    0.0      0.0
  MONTH TO DATE    0.0                       0.0    0.0      0.0
  SINCE MAR 1      0.0                       2.3   -2.3      4.3
  SINCE JUL 1      3.7                      11.5   -7.8     13.6
  SNOW DEPTH       0

DEGREE DAYS
 HEATING
  YESTERDAY        0                         2     -2        0
  MONTH TO DATE  104                        68     36       54
  SINCE MAR 1    620                       817   -197      757
  SINCE JUL 1   3233                      3989   -756     4152

 COOLING
  YESTERDAY        1                         4     -3        0
  MONTH TO DATE   25                        65    -40       57
  SINCE MAR 1     48                       102    -54       82
  SINCE JAN 1     48                       102    -54       82
..................................................................


WIND (MPH)
  HIGHEST WIND SPEED    18   HIGHEST WIND DIRECTION    SE (140)
  HIGHEST GUST SPEED    24   HIGHEST GUST DIRECTION    SE (140)
  AVERAGE WIND SPEED     7.3


SKY COVER
  POSSIBLE SUNSHINE  MM
  AVERAGE SKY COVER 0.2


WEATHER CONDITIONS
 THE FOLLOWING WEATHER WAS RECORDED YESTERDAY.
  LIGHT RAIN


RELATIVE HUMIDITY (PERCENT)
 HIGHEST    93           400 AM
 LOWEST     50          1100 AM
 AVERAGE    72

..........................................................


THE HARRISON CLIMATE NORMALS FOR TODAY
                         NORMAL    RECORD    YEAR
 MAXIMUM TEMPERATURE (F)   78        97      1926
 MINIMUM TEMPERATURE (F)   57        43      1951


SUNRISE AND SUNSET
MAY 24 2016...........SUNRISE   600 AM CDT   SUNSET   820 PM CDT
MAY 25 2016...........SUNRISE   559 AM CDT   SUNSET   820 PM CDT


-  INDICATES NEGATIVE NUMBERS.
R  INDICATES RECORD WAS SET OR TIED.
MM INDICATES DATA IS MISSING.
T  INDICATES TRACE AMOUNT.




$$
