000
CDUS44 KLZK 061010
CLIHRO


CLIMATE REPORT
NATIONAL WEATHER SERVICE LITTLE ROCK AR
407 AM CST FRI MAR 6 2015


...................................

...THE HARRISON CLIMATE SUMMARY FOR MARCH 5 2015...

CLIMATE NORMAL PERIOD 1981 TO 2010
CLIMATE RECORD PERIOD 1891 TO 2015


WEATHER ITEM   OBSERVED TIME   RECORD YEAR NORMAL DEPARTURE LAST
                VALUE   (LST)  VALUE       VALUE  FROM      YEAR
                                                  NORMAL
..................................................................
TEMPERATURE (F)
 YESTERDAY
  MAXIMUM         34    351 PM  84    1918  56    -22       45
  MINIMUM         17    717 AM   8    1960  35    -18       18
  AVERAGE         26                        45    -19       32

PRECIPITATION (IN)
  YESTERDAY        0.00          1.76 1951   0.12  -0.12     0.00
  MONTH TO DATE    1.14                      0.53   0.61     1.07
  SINCE MAR 1      1.14                      0.53   0.61     1.07
  SINCE JAN 1      4.68                      5.73  -1.05     3.02

SNOWFALL (IN)
  YESTERDAY        0.0           3.7  1989   0.1   -0.1      0.0
  MONTH TO DATE    4.0                       0.5    3.5      5.0
  SINCE MAR 1      4.0                       0.5    3.5      5.0
  SINCE JUL 1     13.3                       9.7    3.6     20.8
  SNOW DEPTH       4

DEGREE DAYS
 HEATING
  YESTERDAY       39                        20     19       33
  MONTH TO DATE  161                       102     59      181
  SINCE MAR 1    161                       102     59      181
  SINCE JUL 1   3556                      3274    282     3716

 COOLING
  YESTERDAY        0                         0      0        0
  MONTH TO DATE    0                         0      0        0
  SINCE MAR 1      0                         0      0        0
  SINCE JAN 1      0                         0      0        0
..................................................................


WIND (MPH)
  HIGHEST WIND SPEED    17   HIGHEST WIND DIRECTION     N (340)
  HIGHEST GUST SPEED    25   HIGHEST GUST DIRECTION    NW (330)
  AVERAGE WIND SPEED     7.1


SKY COVER
  POSSIBLE SUNSHINE  MM
  AVERAGE SKY COVER 0.1


WEATHER CONDITIONS
 THE FOLLOWING WEATHER WAS RECORDED YESTERDAY.
  NO SIGNIFICANT WEATHER WAS OBSERVED.


RELATIVE HUMIDITY (PERCENT)
 HIGHEST    74           700 AM
 LOWEST     36           500 PM
 AVERAGE    55

..........................................................


THE HARRISON CLIMATE NORMALS FOR TODAY
                         NORMAL    RECORD    YEAR
 MAXIMUM TEMPERATURE (F)   56        87      1974
 MINIMUM TEMPERATURE (F)   35         8      1899


SUNRISE AND SUNSET
MARCH  6 2015.........SUNRISE   636 AM CST   SUNSET   612 PM CST
MARCH  7 2015.........SUNRISE   635 AM CST   SUNSET   613 PM CST


-  INDICATES NEGATIVE NUMBERS.
R  INDICATES RECORD WAS SET OR TIED.
MM INDICATES DATA IS MISSING.
T  INDICATES TRACE AMOUNT.




$$
