000
CDUS44 KLZK 282059
CLIHRO


CLIMATE REPORT
NATIONAL WEATHER SERVICE LITTLE ROCK AR
359 PM CDT TUE MAR 28 2017


...................................

...THE HARRISON CLIMATE SUMMARY FOR MARCH 28 2017...
VALID TODAY AS OF 0300 PM LOCAL TIME.

CLIMATE NORMAL PERIOD 1981 TO 2010
CLIMATE RECORD PERIOD 1891 TO 2017


WEATHER ITEM   OBSERVED TIME   RECORD YEAR NORMAL DEPARTURE LAST
                VALUE   (LST)  VALUE       VALUE  FROM      YEAR
                                                  NORMAL
..................................................................
TEMPERATURE (F)
 TODAY
  MAXIMUM         69    254 PM  85    1963  64      5       65
                                      1928
  MINIMUM         51    642 AM  19    1947  41     10       37
  AVERAGE         60                        53      7       51

PRECIPITATION (IN)
  TODAY            0.00          1.62 1902   0.14  -0.14     0.00
  MONTH TO DATE    5.47                      3.37   2.10     3.18
  SINCE MAR 1      5.47                      3.37   2.10     3.18
  SINCE JAN 1      9.05                      8.57   0.48     5.46

SNOWFALL (IN)
  TODAY            0.0           T    2009   0.0    0.0      0.0
                                      1899
  MONTH TO DATE    2.5                       2.0    0.5      0.0
  SINCE MAR 1      2.5                       2.0    0.5      0.0
  SINCE JUL 1      3.4                      11.2   -7.8      3.7
  SNOW DEPTH       0

DEGREE DAYS
 HEATING
  TODAY            5                        13     -8       14
  MONTH TO DATE  347                       471   -124      344
  SINCE MAR 1    347                       471   -124      344
  SINCE JUL 1   2753                      3643   -890     2957

 COOLING
  TODAY            0                         0      0        0
  MONTH TO DATE    6                         0      6        5
  SINCE MAR 1      6                         0      6        5
  SINCE JAN 1     13                         0     13        5
..................................................................


WIND (MPH)
  HIGHEST WIND SPEED    14   HIGHEST WIND DIRECTION     E (110)
  HIGHEST GUST SPEED    19   HIGHEST GUST DIRECTION    SE (130)
  AVERAGE WIND SPEED     4.0


SKY COVER
  POSSIBLE SUNSHINE  MM
  AVERAGE SKY COVER 0.9


WEATHER CONDITIONS
 THE FOLLOWING WEATHER WAS RECORDED TODAY.
  NO SIGNIFICANT WEATHER WAS OBSERVED.


RELATIVE HUMIDITY (PERCENT)
 HIGHEST    96           300 AM
 LOWEST     63           200 PM
 AVERAGE    80

..........................................................


THE HARRISON CLIMATE NORMALS FOR TOMORROW
                         NORMAL    RECORD    YEAR
 MAXIMUM TEMPERATURE (F)   65        85      1963
 MINIMUM TEMPERATURE (F)   41        22      1937


SUNRISE AND SUNSET
MARCH 28 2017.........SUNRISE   704 AM CDT   SUNSET   732 PM CDT
MARCH 29 2017.........SUNRISE   703 AM CDT   SUNSET   732 PM CDT


-  INDICATES NEGATIVE NUMBERS.
R  INDICATES RECORD WAS SET OR TIED.
MM INDICATES DATA IS MISSING.
T  INDICATES TRACE AMOUNT.




$$
