000
CDUS44 KLZK 280936
CLIHRO


CLIMATE REPORT
NATIONAL WEATHER SERVICE LITTLE ROCK AR
436 AM CDT FRI AUG 28 2015


...................................

...THE HARRISON CLIMATE SUMMARY FOR AUGUST 27 2015...

CLIMATE NORMAL PERIOD 1981 TO 2010
CLIMATE RECORD PERIOD 1891 TO 2015


WEATHER ITEM   OBSERVED TIME   RECORD YEAR NORMAL DEPARTURE LAST
                VALUE   (LST)  VALUE       VALUE  FROM      YEAR
                                                  NORMAL
..................................................................
TEMPERATURE (F)
 YESTERDAY
  MAXIMUM         80    338 PM 105    1936  87     -7       94
  MINIMUM         59    629 AM  43    1910  65     -6       69
  AVERAGE         70                        76     -6       82

PRECIPITATION (IN)
  YESTERDAY        0.00          2.15 1987   0.11  -0.11     0.00
  MONTH TO DATE    2.54                      3.12  -0.58     1.01
  SINCE JUN 1     14.68                     10.50   4.18    11.23
  SINCE JAN 1     37.63                     28.50   9.13    26.54

SNOWFALL (IN)
  YESTERDAY        0.0          MM      MM   0.0    0.0      0.0
  MONTH TO DATE    0.0                       0.0    0.0      0.0
  SINCE JUN 1      0.0                       0.0    0.0      0.0
  SINCE JUL 1      0.0                       0.0    0.0      0.0
  SNOW DEPTH       0

DEGREE DAYS
 HEATING
  YESTERDAY        0                         0      0        0
  MONTH TO DATE    1                         0      1        0
  SINCE JUN 1      1                         6     -5        1
  SINCE JUL 1      1                         0      1        1

 COOLING
  YESTERDAY        5                        11     -6       17
  MONTH TO DATE  267                       354    -87      346
  SINCE JUN 1   1061                      1033     28      890
  SINCE JAN 1   1185                      1172     13     1077
..................................................................


WIND (MPH)
  HIGHEST WIND SPEED    13   HIGHEST WIND DIRECTION    SE (150)
  HIGHEST GUST SPEED    16   HIGHEST GUST DIRECTION    SE (140)
  AVERAGE WIND SPEED     6.1


SKY COVER
  POSSIBLE SUNSHINE  MM
  AVERAGE SKY COVER 0.1


WEATHER CONDITIONS
 THE FOLLOWING WEATHER WAS RECORDED YESTERDAY.
  FOG
  FOG W/VISIBILITY <= 1/4 MILE


RELATIVE HUMIDITY (PERCENT)
 HIGHEST   100          1200 AM
 LOWEST     93           100 AM
 AVERAGE    97

..........................................................


THE HARRISON CLIMATE NORMALS FOR TODAY
                         NORMAL    RECORD    YEAR
 MAXIMUM TEMPERATURE (F)   87       104      1938
 MINIMUM TEMPERATURE (F)   64        42      1906


SUNRISE AND SUNSET
AUGUST 28 2015........SUNRISE   641 AM CDT   SUNSET   746 PM CDT
AUGUST 29 2015........SUNRISE   642 AM CDT   SUNSET   745 PM CDT


-  INDICATES NEGATIVE NUMBERS.
R  INDICATES RECORD WAS SET OR TIED.
MM INDICATES DATA IS MISSING.
T  INDICATES TRACE AMOUNT.




$$
