867
CDUS44 KLZK 060639
CLIHRO


CLIMATE REPORT
NATIONAL WEATHER SERVICE LITTLE ROCK AR
138 AM CDT FRI MAY 6 2016


...................................

...THE HARRISON CLIMATE SUMMARY FOR MAY 5 2016...

CLIMATE NORMAL PERIOD 1981 TO 2010
CLIMATE RECORD PERIOD 1891 TO 2016


WEATHER ITEM   OBSERVED TIME   RECORD YEAR NORMAL DEPARTURE LAST
                VALUE   (LST)  VALUE       VALUE  FROM      YEAR
                                                  NORMAL
..................................................................
TEMPERATURE (F)
 YESTERDAY
  MAXIMUM         73    223 PM  91    2014  74     -1       80
                                      1952
  MINIMUM         47   1118 PM  30    1947  53     -6       55
  AVERAGE         60                        63     -3       68

PRECIPITATION (IN)
  YESTERDAY        0.00          2.10 1961   0.17  -0.17     0.00
  MONTH TO DATE    T                         0.85  -0.85      T
  SINCE MAR 1      7.06                      8.96  -1.90     8.70
  SINCE JAN 1      9.34                     14.16  -4.82    12.24

SNOWFALL (IN)
  YESTERDAY        0.0          MM      MM   0.0    0.0      0.0
  MONTH TO DATE    0.0                       0.0    0.0      0.0
  SINCE MAR 1      0.0                       2.3   -2.3      4.3
  SINCE JUL 1      3.7                      11.5   -7.8     13.6
  SNOW DEPTH       0

DEGREE DAYS
 HEATING
  YESTERDAY        5                         4      1        0
  MONTH TO DATE   30                        20     10       10
  SINCE MAR 1    546                       769   -223      713
  SINCE JUL 1   3159                      3941   -782     4108

 COOLING
  YESTERDAY        0                         2     -2        3
  MONTH TO DATE    0                        10    -10        9
  SINCE MAR 1     23                        47    -24       34
  SINCE JAN 1     23                        47    -24       34
..................................................................


WIND (MPH)
  HIGHEST WIND SPEED    17   HIGHEST WIND DIRECTION    NW (330)
  HIGHEST GUST SPEED    26   HIGHEST GUST DIRECTION     N (10)
  AVERAGE WIND SPEED     6.9


SKY COVER
  POSSIBLE SUNSHINE  MM
  AVERAGE SKY COVER 0.0


WEATHER CONDITIONS
 THE FOLLOWING WEATHER WAS RECORDED YESTERDAY.
  NO SIGNIFICANT WEATHER WAS OBSERVED.


RELATIVE HUMIDITY (PERCENT)
 HIGHEST    71           300 AM
 LOWEST     29           100 PM
 AVERAGE    50

..........................................................


THE HARRISON CLIMATE NORMALS FOR TODAY
                         NORMAL    RECORD    YEAR
 MAXIMUM TEMPERATURE (F)   74        92      1940
 MINIMUM TEMPERATURE (F)   53        33      1911


SUNRISE AND SUNSET
MAY  6 2016...........SUNRISE   614 AM CDT   SUNSET   805 PM CDT
MAY  7 2016...........SUNRISE   613 AM CDT   SUNSET   806 PM CDT


-  INDICATES NEGATIVE NUMBERS.
R  INDICATES RECORD WAS SET OR TIED.
MM INDICATES DATA IS MISSING.
T  INDICATES TRACE AMOUNT.




$$
