000
CDUS44 KLZK 220902
CLIHRO


CLIMATE REPORT
NATIONAL WEATHER SERVICE LITTLE ROCK AR
401 AM CDT WED OCT 22 2014


...................................

...THE HARRISON CLIMATE SUMMARY FOR OCTOBER 21 2014...

CLIMATE NORMAL PERIOD 1981 TO 2010
CLIMATE RECORD PERIOD 1891 TO 2014


WEATHER ITEM   OBSERVED TIME   RECORD YEAR NORMAL DEPARTURE LAST
                VALUE   (LST)  VALUE       VALUE  FROM      YEAR
                                                  NORMAL
..................................................................
TEMPERATURE (F)
 YESTERDAY
  MAXIMUM         76    223 PM  88    1927  69      7       58
  MINIMUM         51    530 AM  20    1952  46      5       41
  AVERAGE         64                        58      6       50

PRECIPITATION (IN)
  YESTERDAY        0.00          1.76 1900   0.12  -0.12     0.15
  MONTH TO DATE    4.91                      2.34   2.57     3.76
  SINCE SEP 1     10.06                      6.54   3.52     5.11
  SINCE JAN 1     36.74                     35.50   1.24    37.93

SNOWFALL (IN)
  YESTERDAY        0.0          MM      MM   0.0    0.0      0.0
  MONTH TO DATE    0.0                       0.0    0.0      0.0
  SINCE SEP 1      0.0                       0.0    0.0      0.0
  SINCE JUL 1      0.0                       0.0    0.0      0.0
  SNOW DEPTH       0

DEGREE DAYS
 HEATING
  YESTERDAY        1                         8     -7       15
  MONTH TO DATE   93                       125    -32      121
  SINCE SEP 1    126                       167    -41      128
  SINCE JUL 1    127                       168    -41      129

 COOLING
  YESTERDAY        0                         1     -1        0
  MONTH TO DATE   39                        27     12       47
  SINCE SEP 1    205                       195     10      270
  SINCE JAN 1   1335                      1406    -71     1414
..................................................................


WIND (MPH)
  HIGHEST WIND SPEED     8   HIGHEST WIND DIRECTION    NW (320)
  HIGHEST GUST SPEED    12   HIGHEST GUST DIRECTION    NW (330)
  AVERAGE WIND SPEED     2.9


SKY COVER
  POSSIBLE SUNSHINE  MM
  AVERAGE SKY COVER 0.0


WEATHER CONDITIONS
 THE FOLLOWING WEATHER WAS RECORDED YESTERDAY.
  FOG
  FOG W/VISIBILITY <= 1/4 MILE
  HAZE


RELATIVE HUMIDITY (PERCENT)
 HIGHEST   100          1200 AM
 LOWEST     38           400 PM
 AVERAGE    69

..........................................................


THE HARRISON CLIMATE NORMALS FOR TODAY
                         NORMAL    RECORD    YEAR
 MAXIMUM TEMPERATURE (F)   68        93      1927
 MINIMUM TEMPERATURE (F)   46        23      1952


SUNRISE AND SUNSET
OCTOBER 22 2014.......SUNRISE   726 AM CDT   SUNSET   628 PM CDT
OCTOBER 23 2014.......SUNRISE   727 AM CDT   SUNSET   626 PM CDT


-  INDICATES NEGATIVE NUMBERS.
R  INDICATES RECORD WAS SET OR TIED.
MM INDICATES DATA IS MISSING.
T  INDICATES TRACE AMOUNT.




$$
