000
CDUS42 KMHX 290527
CLIHSE


CLIMATE REPORT
NATIONAL WEATHER SERVICE NEWPORT/MOREHEAD CITY NC
126 AM EDT WED MAR 29 2017


...................................

...THE CAPE HATTERAS NC CLIMATE SUMMARY FOR MARCH 28 2017...

CLIMATE NORMAL PERIOD 1981 TO 2010
CLIMATE RECORD PERIOD 1874 TO 2017


WEATHER ITEM   OBSERVED TIME   RECORD YEAR NORMAL DEPARTURE LAST
                VALUE   (LST)  VALUE       VALUE  FROM      YEAR
                                                  NORMAL
..................................................................
TEMPERATURE (F)
 YESTERDAY
  MAXIMUM         75   1107 AM  77    1994  62     13       75
  MINIMUM         63   1159 PM  29    1966  48     15       62
  AVERAGE         69                        55     14       69

PRECIPITATION (IN)
  YESTERDAY        0.17          2.28 1941   0.17   0.00     0.90
  MONTH TO DATE    4.24                      4.30  -0.06     5.91
  SINCE MAR 1      4.24                      4.30  -0.06     5.91
  SINCE JAN 1     10.55                     13.56  -3.01    19.02

SNOWFALL (IN)
  YESTERDAY        0.0
  MONTH TO DATE    0.0
  SINCE NOV 1      T
  SINCE JUL 1      T
  SNOW DEPTH       0

DEGREE DAYS
 HEATING
  YESTERDAY        0                        11    -11        0
  MONTH TO DATE  344                       388    -44      183
  SINCE MAR 1    344                       388    -44      183
  SINCE JUL 1   1666                      2312   -646     1496

 COOLING
  YESTERDAY        4                         0      4        4
  MONTH TO DATE   22                         0     22       21
  SINCE MAR 1     22                         0     22       21
  SINCE JAN 1     30                         0     30       22
..................................................................


WIND (MPH)
  HIGHEST WIND SPEED    16   HIGHEST WIND DIRECTION     W (250)
  HIGHEST GUST SPEED    25   HIGHEST GUST DIRECTION    SW (240)
  AVERAGE WIND SPEED     8.0


SKY COVER
  POSSIBLE SUNSHINE  MM
  AVERAGE SKY COVER 0.4


WEATHER CONDITIONS
 THE FOLLOWING WEATHER WAS RECORDED YESTERDAY.
  RAIN
  LIGHT RAIN
  FOG
  HAZE


RELATIVE HUMIDITY (PERCENT)
 HIGHEST    87           400 PM
 LOWEST     66           100 AM
 AVERAGE    77

..........................................................


THE CAPE HATTERAS NC CLIMATE NORMALS FOR TODAY
                         NORMAL    RECORD    YEAR
 MAXIMUM TEMPERATURE (F)   62        81      1907
 MINIMUM TEMPERATURE (F)   48        30      1966


SUNRISE AND SUNSET
MARCH 29 2017.........SUNRISE   653 AM EDT   SUNSET   722 PM EDT
MARCH 30 2017.........SUNRISE   652 AM EDT   SUNSET   723 PM EDT


-  INDICATES NEGATIVE NUMBERS.
R  INDICATES RECORD WAS SET OR TIED.
MM INDICATES DATA IS MISSING.
T  INDICATES TRACE AMOUNT.




$$
