000
CDUS42 KMHX 170526
CLIHSE


CLIMATE REPORT
NATIONAL WEATHER SERVICE NEWPORT/MOREHEAD CITY NC
126 AM EDT THU APR 17 2014


...................................

...THE CAPE HATTERAS NC CLIMATE SUMMARY FOR APRIL 16 2014...

CLIMATE NORMAL PERIOD 1981 TO 2010
CLIMATE RECORD PERIOD 1874 TO 2014


WEATHER ITEM   OBSERVED TIME   RECORD YEAR NORMAL DEPARTURE LAST
                VALUE   (LST)  VALUE       VALUE  FROM      YEAR
                                                  NORMAL
..................................................................
TEMPERATURE (F)
 YESTERDAY
  MAXIMUM         50   1205 AM  78    1930  67    -17       73
  MINIMUM         43    626 PM  35    1963  53    -10       58
  AVERAGE         47                        60    -13       66

PRECIPITATION (IN)
  YESTERDAY        0.03          1.18 1958   0.12  -0.09      T
  MONTH TO DATE    2.27                      2.05   0.22     1.75
  SINCE MAR 1      7.75                      6.82   0.93     3.97
  SINCE JAN 1     17.84                     16.08   1.76    13.70

SNOWFALL (IN)
  YESTERDAY        0.0
  MONTH TO DATE    0.0
  SINCE NOV 1      5.7
  SINCE JUL 1      5.7
  SNOW DEPTH       0

DEGREE DAYS
 HEATING
  YESTERDAY       18                         6     12        0
  MONTH TO DATE   84                       125    -41      105
  SINCE MAR 1    587                       544     43      592
  SINCE JUL 1   2420                      2468    -48     2324

 COOLING
  YESTERDAY        0                         1     -1        1
  MONTH TO DATE   11                         7      4        2
  SINCE MAR 1     11                        10      1        2
  SINCE JAN 1     11                        10      1        2
..................................................................


WIND (MPH)
  HIGHEST WIND SPEED    25   HIGHEST WIND DIRECTION     N (10)
  HIGHEST GUST SPEED    47   HIGHEST GUST DIRECTION     N (10)
  AVERAGE WIND SPEED    16.0


SKY COVER
  POSSIBLE SUNSHINE  MM
  AVERAGE SKY COVER 0.7


WEATHER CONDITIONS
 THE FOLLOWING WEATHER WAS RECORDED YESTERDAY.
  LIGHT RAIN
  FOG


RELATIVE HUMIDITY (PERCENT)
 HIGHEST    93          1200 AM
 LOWEST     58          1200 PM
 AVERAGE    76

..........................................................


THE CAPE HATTERAS NC CLIMATE NORMALS FOR TODAY
                         NORMAL    RECORD    YEAR
 MAXIMUM TEMPERATURE (F)   67        83      2012
 MINIMUM TEMPERATURE (F)   53        33      1962


SUNRISE AND SUNSET
APRIL 17 2014.........SUNRISE   628 AM EDT   SUNSET   737 PM EDT
APRIL 18 2014.........SUNRISE   626 AM EDT   SUNSET   738 PM EDT


-  INDICATES NEGATIVE NUMBERS.
R  INDICATES RECORD WAS SET OR TIED.
MM INDICATES DATA IS MISSING.
T  INDICATES TRACE AMOUNT.




$$
