558
CDUS42 KMHX 250626
CLIHSE


CLIMATE REPORT
NATIONAL WEATHER SERVICE NEWPORT/MOREHEAD CITY NC
125 AM EST SAT FEB 25 2017


...................................

...THE CAPE HATTERAS NC CLIMATE SUMMARY FOR FEBRUARY 24 2017...

CLIMATE NORMAL PERIOD 1981 TO 2010
CLIMATE RECORD PERIOD 1874 TO 2017


WEATHER ITEM   OBSERVED TIME   RECORD YEAR NORMAL DEPARTURE LAST
                VALUE   (LST)  VALUE       VALUE  FROM      YEAR
                                                  NORMAL
..................................................................
TEMPERATURE (F)
 YESTERDAY
  MAXIMUM         76R   120 PM  75    1975  55     21       71
  MINIMUM         61    706 AM  21    1964  41     20       59
  AVERAGE         69                        48     21       65

PRECIPITATION (IN)
  YESTERDAY        0.01          1.41 1954   0.14  -0.13     1.05
  MONTH TO DATE    1.33                      3.45  -2.12     8.24
  SINCE DEC 1     11.32                     12.96  -1.64    18.08
  SINCE JAN 1      6.31                      8.69  -2.38    13.11

SNOWFALL (IN)
  YESTERDAY        0.0
  MONTH TO DATE    0.0
  SINCE NOV 1      T
  SINCE JUL 1      T
  SNOW DEPTH       0

DEGREE DAYS
 HEATING
  YESTERDAY        0                        17    -17        0
  MONTH TO DATE  239                       443   -204      380
  SINCE DEC 1   1025                      1538   -513     1069
  SINCE JUL 1   1297                      1856   -559     1241

 COOLING
  YESTERDAY        4                         0      4        0
  MONTH TO DATE    5                         0      5        1
  SINCE DEC 1      8                         3      5       65
  SINCE JAN 1      5                         0      5        1
..................................................................


WIND (MPH)
  HIGHEST WIND SPEED    16   HIGHEST WIND DIRECTION    SE (140)
  HIGHEST GUST SPEED    21   HIGHEST GUST DIRECTION    SE (140)
  AVERAGE WIND SPEED     7.7


SKY COVER
  POSSIBLE SUNSHINE  MM
  AVERAGE SKY COVER 0.3


WEATHER CONDITIONS
 THE FOLLOWING WEATHER WAS RECORDED YESTERDAY.
  LIGHT RAIN
  FOG
  HAZE


RELATIVE HUMIDITY (PERCENT)
 HIGHEST    93           500 AM
 LOWEST     60          1200 PM
 AVERAGE    77

..........................................................


THE CAPE HATTERAS NC CLIMATE NORMALS FOR TODAY
                         NORMAL    RECORD    YEAR
 MAXIMUM TEMPERATURE (F)   55        73      1930
 MINIMUM TEMPERATURE (F)   41        19      1967


SUNRISE AND SUNSET
FEBRUARY 25 2017......SUNRISE   637 AM EST   SUNSET   555 PM EST
FEBRUARY 26 2017......SUNRISE   636 AM EST   SUNSET   556 PM EST


-  INDICATES NEGATIVE NUMBERS.
R  INDICATES RECORD WAS SET OR TIED.
MM INDICATES DATA IS MISSING.
T  INDICATES TRACE AMOUNT.




$$
