000
CDUS42 KMHX 020529
CLIHSE


CLIMATE REPORT
NATIONAL WEATHER SERVICE NEWPORT/MOREHEAD CITY NC
129 AM EDT TUE SEP 2 2014


...................................

...THE CAPE HATTERAS NC CLIMATE SUMMARY FOR SEPTEMBER 1 2014...

CLIMATE NORMAL PERIOD 1981 TO 2010
CLIMATE RECORD PERIOD 1874 TO 2014


WEATHER ITEM   OBSERVED TIME   RECORD YEAR NORMAL DEPARTURE LAST
                VALUE   (LST)  VALUE       VALUE  FROM      YEAR
                                                  NORMAL
..................................................................
TEMPERATURE (F)
 YESTERDAY
  MAXIMUM         86    102 PM  92    1932  83      3       88
  MINIMUM         79    719 AM  55    1976  72      7       78
  AVERAGE         83                        77      6       83

PRECIPITATION (IN)
  YESTERDAY        0.00          2.75 2006   0.24  -0.24      T
  MONTH TO DATE    0.00                      0.24  -0.24      T
  SINCE SEP 1      0.00                      0.24  -0.24      T
  SINCE JAN 1     41.05                     37.43   3.62    31.20

SNOWFALL (IN)
  YESTERDAY        0.0
  MONTH TO DATE    0.0
  SINCE NOV 1      5.7
  SINCE JUL 1      0.0
  SNOW DEPTH       0

DEGREE DAYS
 HEATING
  YESTERDAY        0                         0      0        0
  MONTH TO DATE    0                         0      0        0
  SINCE SEP 1      0                         0      0        0
  SINCE JUL 1      0                         0      0        0

 COOLING
  YESTERDAY       18                        12      6       18
  MONTH TO DATE   18                        12      6       18
  SINCE SEP 1     18                        12      6       18
  SINCE JAN 1   1378                      1318     60     1562
..................................................................


WIND (MPH)
  HIGHEST WIND SPEED    16   HIGHEST WIND DIRECTION    SW (240)
  HIGHEST GUST SPEED    24   HIGHEST GUST DIRECTION    SW (230)
  AVERAGE WIND SPEED    11.5


SKY COVER
  POSSIBLE SUNSHINE  MM
  AVERAGE SKY COVER 0.1


WEATHER CONDITIONS
 THE FOLLOWING WEATHER WAS RECORDED YESTERDAY.
  NO SIGNIFICANT WEATHER WAS OBSERVED.


RELATIVE HUMIDITY (PERCENT)
 HIGHEST    94           700 PM
 LOWEST     74           300 PM
 AVERAGE    84

..........................................................


THE CAPE HATTERAS NC CLIMATE NORMALS FOR TODAY
                         NORMAL    RECORD    YEAR
 MAXIMUM TEMPERATURE (F)   83        91      1989
 MINIMUM TEMPERATURE (F)   72        62      1984


SUNRISE AND SUNSET
SEPTEMBER  2 2014.....SUNRISE   636 AM EDT   SUNSET   728 PM EDT
SEPTEMBER  3 2014.....SUNRISE   636 AM EDT   SUNSET   727 PM EDT


-  INDICATES NEGATIVE NUMBERS.
R  INDICATES RECORD WAS SET OR TIED.
MM INDICATES DATA IS MISSING.
T  INDICATES TRACE AMOUNT.




$$
