000
CDUS42 KMHX 240529
CLIHSE


CLIMATE REPORT
NATIONAL WEATHER SERVICE NEWPORT/MOREHEAD CITY NC
128 AM EDT TUE OCT 24 2017


...................................

...THE CAPE HATTERAS NC CLIMATE SUMMARY FOR OCTOBER 23 2017...

CLIMATE NORMAL PERIOD 1981 TO 2010
CLIMATE RECORD PERIOD 1874 TO 2017


WEATHER ITEM   OBSERVED TIME   RECORD YEAR NORMAL DEPARTURE LAST
                VALUE   (LST)  VALUE       VALUE  FROM      YEAR
                                                  NORMAL
..................................................................
TEMPERATURE (F)
 YESTERDAY
  MAXIMUM         82    117 PM  83    2007  70     12       65
  MINIMUM         70   1236 AM  38    1976  57     13       54
                                      1974
  AVERAGE         76                        64     12       60

PRECIPITATION (IN)
  YESTERDAY        0.04          2.05 1990   0.18  -0.14     0.00
  MONTH TO DATE    0.72                      4.03  -3.31     5.02
  SINCE SEP 1      7.82                     10.28  -2.46    13.88
  SINCE JAN 1     50.18                     47.47   2.71    66.14

SNOWFALL (IN)
  YESTERDAY        0.0
  MONTH TO DATE    0.0
  SINCE NOV 1      T
  SINCE JUL 1      0.0
  SNOW DEPTH       0

DEGREE DAYS
 HEATING
  YESTERDAY        0                         3     -3        5
  MONTH TO DATE    1                        40    -39       13
  SINCE SEP 1      1                        43    -42       13
  SINCE JUL 1      1                        43    -42       13

 COOLING
  YESTERDAY       11                         2      9        0
  MONTH TO DATE  199                        85    114      150
  SINCE SEP 1    546                       371    175      560
  SINCE JAN 1   2307                      1677    630     2195
..................................................................


WIND (MPH)
  HIGHEST WIND SPEED    33   HIGHEST WIND DIRECTION     S (190)
  HIGHEST GUST SPEED    45   HIGHEST GUST DIRECTION     S (180)
  AVERAGE WIND SPEED    16.1


SKY COVER
  POSSIBLE SUNSHINE  MM
  AVERAGE SKY COVER 0.4


WEATHER CONDITIONS
 THE FOLLOWING WEATHER WAS RECORDED YESTERDAY.
  FOG


RELATIVE HUMIDITY (PERCENT)
 HIGHEST    90          1200 AM
 LOWEST     58           100 PM
 AVERAGE    74

..........................................................


THE CAPE HATTERAS NC CLIMATE NORMALS FOR TODAY
                         NORMAL    RECORD    YEAR
 MAXIMUM TEMPERATURE (F)   70        82      2007
 MINIMUM TEMPERATURE (F)   57        36      1964


SUNRISE AND SUNSET
OCTOBER 24 2017.......SUNRISE   717 AM EDT   SUNSET   616 PM EDT
OCTOBER 25 2017.......SUNRISE   718 AM EDT   SUNSET   615 PM EDT


-  INDICATES NEGATIVE NUMBERS.
R  INDICATES RECORD WAS SET OR TIED.
MM INDICATES DATA IS MISSING.
T  INDICATES TRACE AMOUNT.




$$
