945
CDUS42 KMHX 220525
CLIHSE


CLIMATE REPORT
NATIONAL WEATHER SERVICE NEWPORT/MOREHEAD CITY NC
125 AM EDT THU JUN 22 2017


...................................

...THE CAPE HATTERAS NC CLIMATE SUMMARY FOR JUNE 21 2017...

CLIMATE NORMAL PERIOD 1981 TO 2010
CLIMATE RECORD PERIOD 1874 TO 2017


WEATHER ITEM   OBSERVED TIME   RECORD YEAR NORMAL DEPARTURE LAST
                VALUE   (LST)  VALUE       VALUE  FROM      YEAR
                                                  NORMAL
..................................................................
TEMPERATURE (F)
 YESTERDAY
  MAXIMUM         82    117 PM  90    1994  82      0       82
                                      1924
  MINIMUM         73    619 AM  62    1967  71      2       74
                                      1966
                                      1927
  AVERAGE         78                        77      1       78

PRECIPITATION (IN)
  YESTERDAY        0.60          3.15 1960   0.14   0.46     0.00
  MONTH TO DATE    2.20                      2.73  -0.53    10.03
  SINCE JUN 1      2.20                      2.73  -0.53    10.03
  SINCE JAN 1     28.93                     23.97   4.96    44.09

SNOWFALL (IN)
  YESTERDAY        0.0
  MONTH TO DATE    0.0
  SINCE NOV 1      T
  SINCE JUL 1      T
  SNOW DEPTH       0

DEGREE DAYS
 HEATING
  YESTERDAY        0                         0      0        0
  MONTH TO DATE    0                         0      0        0
  SINCE JUN 1      0                         0      0        0
  SINCE JUL 1   1728                      2584   -856     1700

 COOLING
  YESTERDAY       13                        12      1       13
  MONTH TO DATE  262                       196     66      234
  SINCE JUN 1    262                       196     66      234
  SINCE JAN 1    689                       339    350      443
..................................................................


WIND (MPH)
  HIGHEST WIND SPEED    21   HIGHEST WIND DIRECTION    SW (210)
  HIGHEST GUST SPEED    29   HIGHEST GUST DIRECTION    SW (230)
  AVERAGE WIND SPEED    10.1


SKY COVER
  POSSIBLE SUNSHINE  MM
  AVERAGE SKY COVER 0.4


WEATHER CONDITIONS
 THE FOLLOWING WEATHER WAS RECORDED YESTERDAY.
  HEAVY RAIN
  RAIN
  LIGHT RAIN
  FOG


RELATIVE HUMIDITY (PERCENT)
 HIGHEST    93           600 AM
 LOWEST     69           100 PM
 AVERAGE    81

..........................................................


THE CAPE HATTERAS NC CLIMATE NORMALS FOR TODAY
                         NORMAL    RECORD    YEAR
 MAXIMUM TEMPERATURE (F)   82        92      1994
 MINIMUM TEMPERATURE (F)   71        53      1992


SUNRISE AND SUNSET
JUNE 22 2017..........SUNRISE   549 AM EDT   SUNSET   821 PM EDT
JUNE 23 2017..........SUNRISE   549 AM EDT   SUNSET   821 PM EDT


-  INDICATES NEGATIVE NUMBERS.
R  INDICATES RECORD WAS SET OR TIED.
MM INDICATES DATA IS MISSING.
T  INDICATES TRACE AMOUNT.




$$
