000
CDUS42 KMHX 012231
CLIHSE


CLIMATE REPORT
NATIONAL WEATHER SERVICE NEWPORT/MOREHEAD CITY NC
530 PM EST SUN MAR 1 2015


...................................

...THE CAPE HATTERAS NC CLIMATE SUMMARY FOR MARCH 1 2015...
VALID TODAY AS OF 0500 PM LOCAL TIME.

CLIMATE NORMAL PERIOD 1981 TO 2010
CLIMATE RECORD PERIOD 1874 TO 2015


WEATHER ITEM   OBSERVED TIME   RECORD YEAR NORMAL DEPARTURE LAST
                VALUE   (LST)  VALUE       VALUE  FROM      YEAR
                                                  NORMAL
..................................................................
TEMPERATURE (F)
 TODAY
  MAXIMUM         55   1132 AM  74    1976  55      0       51
  MINIMUM         36    138 AM  26    1941  42     -6       38
  AVERAGE         46                        48     -2       45

PRECIPITATION (IN)
  TODAY            T             1.57 1969   0.15  -0.15     0.00
  MONTH TO DATE    T                         0.15  -0.15     0.00
  SINCE MAR 1      T                         0.15  -0.15     0.00
  SINCE JAN 1     11.95                      9.41   2.54    10.09

SNOWFALL (IN)
  TODAY            0.0
  MONTH TO DATE    0.0
  SINCE NOV 1      2.0
  SINCE JUL 1      2.0
  SNOW DEPTH       0

DEGREE DAYS
 HEATING
  TODAY           19                        17      2       20
  MONTH TO DATE   19                        17      2       20
  SINCE MAR 1     19                        17      2       20
  SINCE JUL 1   2192                      1941    251     1853

 COOLING
  TODAY            0                         0      0        0
  MONTH TO DATE    0                         0      0        0
  SINCE MAR 1      0                         0      0        0
  SINCE JAN 1      2                         0      2        0
..................................................................


WIND (MPH)
  HIGHEST WIND SPEED    14   HIGHEST WIND DIRECTION     S (170)
  HIGHEST GUST SPEED    20   HIGHEST GUST DIRECTION    NE (40)
  AVERAGE WIND SPEED     9.1


SKY COVER
  POSSIBLE SUNSHINE  MM
  AVERAGE SKY COVER 0.7


WEATHER CONDITIONS
 THE FOLLOWING WEATHER WAS RECORDED TODAY.
  LIGHT RAIN
  FOG


RELATIVE HUMIDITY (PERCENT)
 HIGHEST   100           500 AM
 LOWEST     71          1200 PM
 AVERAGE    86

..........................................................


THE CAPE HATTERAS NC CLIMATE NORMALS FOR TOMORROW
                         NORMAL    RECORD    YEAR
 MAXIMUM TEMPERATURE (F)   56        73      1972
 MINIMUM TEMPERATURE (F)   42        19      1967


SUNRISE AND SUNSET
MARCH  1 2015.........SUNRISE   632 AM EST   SUNSET   558 PM EST
MARCH  2 2015.........SUNRISE   631 AM EST   SUNSET   559 PM EST


-  INDICATES NEGATIVE NUMBERS.
R  INDICATES RECORD WAS SET OR TIED.
MM INDICATES DATA IS MISSING.
T  INDICATES TRACE AMOUNT.




$$
