000
CDUS42 KMHX 200530
CLIHSE


CLIMATE REPORT
NATIONAL WEATHER SERVICE NEWPORT/MOREHEAD CITY NC
129 AM EDT SUN AUG 20 2017


...................................

...THE CAPE HATTERAS NC CLIMATE SUMMARY FOR AUGUST 19 2017...

CLIMATE NORMAL PERIOD 1981 TO 2010
CLIMATE RECORD PERIOD 1874 TO 2017


WEATHER ITEM   OBSERVED TIME   RECORD YEAR NORMAL DEPARTURE LAST
                VALUE   (LST)  VALUE       VALUE  FROM      YEAR
                                                  NORMAL
..................................................................
TEMPERATURE (F)
 YESTERDAY
  MAXIMUM         89    111 PM  91    1987  84      5       90
  MINIMUM         76    631 PM  65    1972  73      3       75
                                      1960
  AVERAGE         83                        78      5       83

PRECIPITATION (IN)
  YESTERDAY        0.04          3.51 1981   0.22  -0.18     0.13
  MONTH TO DATE    4.45                      4.01   0.44     2.69
  SINCE JUN 1     11.10                     13.03  -1.93    15.25
  SINCE JAN 1     37.83                     34.27   3.56    49.31

SNOWFALL (IN)
  YESTERDAY        0.0
  MONTH TO DATE    0.0
  SINCE NOV 1      T
  SINCE JUL 1      0.0
  SNOW DEPTH       0

DEGREE DAYS
 HEATING
  YESTERDAY        0                         0      0        0
  MONTH TO DATE    0                         0      0        0
  SINCE JUN 1      0                         3     -3        0
  SINCE JUL 1      0                         0      0        0

 COOLING
  YESTERDAY       18                        13      5       18
  MONTH TO DATE  280                       264     16      351
  SINCE JUN 1   1158                      1009    149     1235
  SINCE JAN 1   1585                      1152    433     1444
..................................................................


WIND (MPH)
  HIGHEST WIND SPEED    18   HIGHEST WIND DIRECTION    SW (210)
  HIGHEST GUST SPEED    30   HIGHEST GUST DIRECTION     W (250)
  AVERAGE WIND SPEED     9.2


SKY COVER
  POSSIBLE SUNSHINE  MM
  AVERAGE SKY COVER 0.5


WEATHER CONDITIONS
 THE FOLLOWING WEATHER WAS RECORDED YESTERDAY.
  LIGHT RAIN


RELATIVE HUMIDITY (PERCENT)
 HIGHEST   100          1100 PM
 LOWEST     74           200 PM
 AVERAGE    87

..........................................................


THE CAPE HATTERAS NC CLIMATE NORMALS FOR TODAY
                         NORMAL    RECORD    YEAR
 MAXIMUM TEMPERATURE (F)   84        91      2005
                                             1983
                                             1978
 MINIMUM TEMPERATURE (F)   73        63      1993
                                             1960


SUNRISE AND SUNSET
AUGUST 20 2017........SUNRISE   626 AM EDT   SUNSET   745 PM EDT
AUGUST 21 2017........SUNRISE   627 AM EDT   SUNSET   744 PM EDT


-  INDICATES NEGATIVE NUMBERS.
R  INDICATES RECORD WAS SET OR TIED.
MM INDICATES DATA IS MISSING.
T  INDICATES TRACE AMOUNT.




$$
