142
CDUS43 KGID 282223
CLIHSI


CLIMATE REPORT
NATIONAL WEATHER SERVICE HASTINGS NE
523 PM CDT SUN AUG 28 2016


...................................

...THE HASTINGS NE CLIMATE SUMMARY FOR AUGUST 28 2016...
VALID TODAY AS OF 0500 PM LOCAL TIME.

CLIMATE NORMAL PERIOD 1981 TO 2010
CLIMATE RECORD PERIOD 1894 TO 2016


WEATHER ITEM   OBSERVED TIME   RECORD YEAR NORMAL DEPARTURE LAST
                VALUE   (LST)  VALUE       VALUE  FROM      YEAR
                                                  NORMAL
..................................................................
TEMPERATURE (F)
 TODAY
  MAXIMUM         90    336 PM 103    1984  83      7       80
  MINIMUM         67    644 AM  44    1911  61      6       60
  AVERAGE         79                        72      7       70

PRECIPITATION (IN)
  TODAY            0.00          1.73 1935   0.15  -0.15      T
  MONTH TO DATE    1.24                      2.89  -1.65     2.15
  SINCE JUN 1      4.21                     10.43  -6.22    14.33
  SINCE JAN 1     16.04                     20.25  -4.21    23.05

SNOWFALL (IN)
  TODAY            0.0                       0.0    0.0      0.0
  MONTH TO DATE    0.0                       0.0    0.0      0.0
  SINCE JUN 1      0.0                       0.0    0.0      0.0
  SINCE JUL 1      0.0                       0.0    0.0      0.0
  SNOW DEPTH       0

DEGREE DAYS
 HEATING
  TODAY            0                         0      0        0
  MONTH TO DATE    1                         0      1       11
  SINCE JUN 1      4                        22    -18       18
  SINCE JUL 1      4                         1      3       15

 COOLING
  TODAY           14                         7      7        5
  MONTH TO DATE  269                       272     -3      226
  SINCE JUN 1    997                       873    124      790
  SINCE JAN 1   1026                       932     94      821
..................................................................


WIND (MPH)
  HIGHEST WIND SPEED    15   HIGHEST WIND DIRECTION     S (180)
  HIGHEST GUST SPEED    19   HIGHEST GUST DIRECTION     S (180)
  AVERAGE WIND SPEED     8.7


SKY COVER
  AVERAGE SKY COVER 0.0


WEATHER CONDITIONS
 THE FOLLOWING WEATHER WAS RECORDED TODAY.
  FOG


RELATIVE HUMIDITY (PERCENT)
 HIGHEST   100           600 AM
 LOWEST     40          1200 PM
 AVERAGE    70

..........................................................


THE HASTINGS NE CLIMATE NORMALS FOR TOMORROW
                         NORMAL    RECORD    YEAR
 MAXIMUM TEMPERATURE (F)   83       102      1947
                                             1937
 MINIMUM TEMPERATURE (F)   60        45      1946


SUNRISE AND SUNSET
AUGUST 28 2016........SUNRISE   657 AM CDT   SUNSET   811 PM CDT
AUGUST 29 2016........SUNRISE   658 AM CDT   SUNSET   810 PM CDT


-  INDICATES NEGATIVE NUMBERS.
R  INDICATES RECORD WAS SET OR TIED.
MM INDICATES DATA IS MISSING.
T  INDICATES TRACE AMOUNT.




$$
