119
CDUS43 KGID 260625
CLIHSI


CLIMATE REPORT
NATIONAL WEATHER SERVICE HASTINGS NE
125 AM CDT MON JUN 26 2017


...................................

...THE HASTINGS NE CLIMATE SUMMARY FOR JUNE 25 2017...

CLIMATE NORMAL PERIOD 1981 TO 2010
CLIMATE RECORD PERIOD 1894 TO 2017


WEATHER ITEM   OBSERVED TIME   RECORD YEAR NORMAL DEPARTURE LAST
                VALUE   (LST)  VALUE       VALUE  FROM      YEAR
                                                  NORMAL
..................................................................
TEMPERATURE (F)
 YESTERDAY
  MAXIMUM         76    425 PM 105    1936  86    -10       88
  MINIMUM         50    319 AM  43    1958  63    -13       70
  AVERAGE         63                        75    -12       79

PRECIPITATION (IN)
  YESTERDAY        T             3.74 1989   0.12  -0.12     0.23
  MONTH TO DATE    1.70                      3.27  -1.57     0.41
  SINCE JUN 1      1.70                      3.27  -1.57     0.41
  SINCE JAN 1     13.54                     13.09   0.45    12.24

SNOWFALL (IN)
  YESTERDAY        0.0                       0.0    0.0      0.0
  MONTH TO DATE    0.0                       0.0    0.0      0.0
  SINCE JUN 1      0.0                       0.0    0.0      0.0
  SINCE JUL 1     11.1                      28.8  -17.7     32.4
  SNOW DEPTH       0

DEGREE DAYS
 HEATING
  YESTERDAY        2                         0      2        0
  MONTH TO DATE    3                        19    -16        0
  SINCE JUN 1      3                        19    -16        0
  SINCE JUL 1   5146                      6027   -881     5016

 COOLING
  YESTERDAY        0                        10    -10       14
  MONTH TO DATE  251                       173     78      296
  SINCE JUN 1    251                       173     78      296
  SINCE JAN 1    312                       232     80      325
..................................................................


WIND (MPH)
  HIGHEST WIND SPEED    12   HIGHEST WIND DIRECTION    SW (210)
  HIGHEST GUST SPEED    16   HIGHEST GUST DIRECTION    SW (210)
  AVERAGE WIND SPEED     5.1


SKY COVER
  AVERAGE SKY COVER 0.2


WEATHER CONDITIONS
 THE FOLLOWING WEATHER WAS RECORDED YESTERDAY.
  LIGHT RAIN


RELATIVE HUMIDITY (PERCENT)
 HIGHEST    71           100 AM
 LOWEST     27           200 PM
 AVERAGE    49

..........................................................


THE HASTINGS NE CLIMATE NORMALS FOR TODAY
                         NORMAL    RECORD    YEAR
 MAXIMUM TEMPERATURE (F)   86       110      1936
 MINIMUM TEMPERATURE (F)   64        43      1958


SUNRISE AND SUNSET
JUNE 26 2017..........SUNRISE   605 AM CDT   SUNSET   909 PM CDT
JUNE 27 2017..........SUNRISE   605 AM CDT   SUNSET   909 PM CDT


-  INDICATES NEGATIVE NUMBERS.
R  INDICATES RECORD WAS SET OR TIED.
MM INDICATES DATA IS MISSING.
T  INDICATES TRACE AMOUNT.




$$
