000
CDUS43 KGID 220627
CLIHSI


CLIMATE REPORT
NATIONAL WEATHER SERVICE HASTINGS NE
126 AM CDT MON MAY 22 2017


...................................

...THE HASTINGS NE CLIMATE SUMMARY FOR MAY 21 2017...

CLIMATE NORMAL PERIOD 1981 TO 2010
CLIMATE RECORD PERIOD 1894 TO 2017


WEATHER ITEM   OBSERVED TIME   RECORD YEAR NORMAL DEPARTURE LAST
                VALUE   (LST)  VALUE       VALUE  FROM      YEAR
                                                  NORMAL
..................................................................
TEMPERATURE (F)
 YESTERDAY
  MAXIMUM         71    417 PM  97    2005  74     -3       66
                                      1934
  MINIMUM         39    602 AM  34    1931  53    -14       53
  AVERAGE         55                        63     -8       60

PRECIPITATION (IN)
  YESTERDAY        0.00          1.90 1961   0.15  -0.15     0.00
  MONTH TO DATE    5.92                      3.28   2.64     1.02
  SINCE MAR 1     10.24                      7.63   2.61     7.25
  SINCE JAN 1     11.34                      8.53   2.81     9.17

SNOWFALL (IN)
  YESTERDAY        0.0          MM      MM   0.0    0.0      0.0
  MONTH TO DATE    0.6                       0.0    0.6      0.0
  SINCE MAR 1      2.0                       6.4   -4.4      2.1
  SINCE JUL 1     11.1                      28.8  -17.7     32.4
  SNOW DEPTH       0

DEGREE DAYS
 HEATING
  YESTERDAY       10                         4      6        5
  MONTH TO DATE  140                       140      0      173
  SINCE MAR 1   1190                      1349   -159     1103
  SINCE JUL 1   5120                      5979   -859     5013

 COOLING
  YESTERDAY        0                         2     -2        0
  MONTH TO DATE   46                        26     20        4
  SINCE MAR 1     54                        31     23        4
  SINCE JAN 1     54                        31     23        4
..................................................................


WIND (MPH)
  HIGHEST WIND SPEED    21   HIGHEST WIND DIRECTION     W (280)
  HIGHEST GUST SPEED    34   HIGHEST GUST DIRECTION     W (280)
  AVERAGE WIND SPEED     9.5


SKY COVER
  AVERAGE SKY COVER 0.0


WEATHER CONDITIONS
 THE FOLLOWING WEATHER WAS RECORDED YESTERDAY.
  NO SIGNIFICANT WEATHER WAS OBSERVED.


RELATIVE HUMIDITY (PERCENT)
 HIGHEST    89           700 AM
 LOWEST     33           400 PM
 AVERAGE    61

..........................................................


THE HASTINGS NE CLIMATE NORMALS FOR TODAY
                         NORMAL    RECORD    YEAR
 MAXIMUM TEMPERATURE (F)   74        95      1926
 MINIMUM TEMPERATURE (F)   53        34      1963
                                             1931


SUNRISE AND SUNSET
MAY 22 2017...........SUNRISE   611 AM CDT   SUNSET   851 PM CDT
MAY 23 2017...........SUNRISE   610 AM CDT   SUNSET   851 PM CDT


-  INDICATES NEGATIVE NUMBERS.
R  INDICATES RECORD WAS SET OR TIED.
MM INDICATES DATA IS MISSING.
T  INDICATES TRACE AMOUNT.




$$
