000
CDUS43 KGID 160655
CLIHSI


CLIMATE REPORT
NATIONAL WEATHER SERVICE HASTINGS NE
154 AM CDT WED APR 16 2014


...................................

...THE HASTINGS NE CLIMATE SUMMARY FOR APRIL 15 2014...

CLIMATE NORMAL PERIOD 1981 TO 2010
CLIMATE RECORD PERIOD 1894 TO 2014


WEATHER ITEM   OBSERVED TIME   RECORD YEAR NORMAL DEPARTURE LAST
                VALUE   (LST)  VALUE       VALUE  FROM      YEAR
                                                  NORMAL
..................................................................
TEMPERATURE (F)
 YESTERDAY
  MAXIMUM         63    416 PM  94    2002  63      0       45
  MINIMUM         23R   604 AM  24    1986  38    -15       31
                                      1928
  AVERAGE         43                        51     -8       38

PRECIPITATION (IN)
  YESTERDAY        0.00          1.30 1918   0.08  -0.08      T
  MONTH TO DATE    1.36                      1.02   0.34     1.17
  SINCE MAR 1      1.51                      2.81  -1.30     3.42
  SINCE JAN 1      2.22                      3.71  -1.49     4.64

SNOWFALL (IN)
  YESTERDAY        0.0           1.5  1949   0.0    0.0       T
  MONTH TO DATE    2.2                       0.9    1.3      1.2
  SINCE MAR 1      3.4                       6.1   -2.7      9.1
  SINCE JUL 1     21.7                      28.5   -6.8     32.9
  SNOW DEPTH       0

DEGREE DAYS
 HEATING
  YESTERDAY       22                        15      7       27
  MONTH TO DATE  258                       253      5      321
  SINCE MAR 1   1117                      1030     87     1203
  SINCE JUL 1   5997                      5660    337     5830

 COOLING
  YESTERDAY        0                         0      0        0
  MONTH TO DATE    3                         0      3        0
  SINCE MAR 1      3                         0      3        0
  SINCE JAN 1      3                         0      3        0
..................................................................


WIND (MPH)
  HIGHEST WIND SPEED    23   HIGHEST WIND DIRECTION     S (200)
  HIGHEST GUST SPEED    31   HIGHEST GUST DIRECTION     S (200)
  AVERAGE WIND SPEED    10.8


SKY COVER
  AVERAGE SKY COVER 0.0


WEATHER CONDITIONS
 THE FOLLOWING WEATHER WAS RECORDED YESTERDAY.
  NO SIGNIFICANT WEATHER WAS OBSERVED.


RELATIVE HUMIDITY (PERCENT)
 HIGHEST    88           400 AM
 LOWEST     19           400 PM
 AVERAGE    54

..........................................................


THE HASTINGS NE CLIMATE NORMALS FOR TODAY
                         NORMAL    RECORD    YEAR
 MAXIMUM TEMPERATURE (F)   63        91      1964
 MINIMUM TEMPERATURE (F)   39        20      1951


SUNRISE AND SUNSET
APRIL 16 2014.........SUNRISE   654 AM CDT   SUNSET   814 PM CDT
APRIL 17 2014.........SUNRISE   652 AM CDT   SUNSET   815 PM CDT


-  INDICATES NEGATIVE NUMBERS.
R  INDICATES RECORD WAS SET OR TIED.
MM INDICATES DATA IS MISSING.
T  INDICATES TRACE AMOUNT.




$$
