000
CDUS43 KGID 280633
CLIHSI


CLIMATE REPORT
NATIONAL WEATHER SERVICE HASTINGS NE
1232 AM CST WED JAN 28 2015


...................................

...THE HASTINGS NE CLIMATE SUMMARY FOR JANUARY 27 2015...

CLIMATE NORMAL PERIOD 1981 TO 2010
CLIMATE RECORD PERIOD 1894 TO 2015


WEATHER ITEM   OBSERVED TIME   RECORD YEAR NORMAL DEPARTURE LAST
                VALUE   (LST)  VALUE       VALUE  FROM      YEAR
                                                  NORMAL
..................................................................
TEMPERATURE (F)
 YESTERDAY
  MAXIMUM         66    426 PM  67    1934  37     29       16
  MINIMUM         28    546 AM -16    1963  16     12        4
                                      1950
  AVERAGE         47                        27     20       10

PRECIPITATION (IN)
  YESTERDAY        0.00          0.77 1944   0.02  -0.02     0.00
  MONTH TO DATE    0.07                      0.33  -0.26     0.17
  SINCE DEC 1      0.61                      0.94  -0.33     0.31
  SINCE JAN 1      0.07                      0.33  -0.26     0.17

SNOWFALL (IN)
  YESTERDAY        0.0           4.0  1994   0.3   -0.3      0.0
                                      1918
  MONTH TO DATE    1.2                       5.1   -3.9      2.1
  SINCE DEC 1      4.6                      11.2   -6.6      7.1
  SINCE JUL 1      6.3                      15.0   -8.7      7.5
  SNOW DEPTH       0

DEGREE DAYS
 HEATING
  YESTERDAY       18                        38    -20       55
  MONTH TO DATE  994                      1055    -61     1035
  SINCE DEC 1   2068                      2214   -146     2288
  SINCE JUL 1   3406                      3495    -89     3553

 COOLING
  YESTERDAY        0                         0      0        0
  MONTH TO DATE    0                         0      0        0
  SINCE DEC 1      0                         0      0        0
  SINCE JAN 1      0                         0      0        0
..................................................................


WIND (MPH)
  HIGHEST WIND SPEED    15   HIGHEST WIND DIRECTION    SE (140)
  HIGHEST GUST SPEED    20   HIGHEST GUST DIRECTION     S (170)
  AVERAGE WIND SPEED     7.3


SKY COVER
  AVERAGE SKY COVER 0.0


WEATHER CONDITIONS
 THE FOLLOWING WEATHER WAS RECORDED YESTERDAY.
  NO SIGNIFICANT WEATHER WAS OBSERVED.


RELATIVE HUMIDITY (PERCENT)
 HIGHEST    78           300 AM
 LOWEST     28           300 PM
 AVERAGE    53

..........................................................


THE HASTINGS NE CLIMATE NORMALS FOR TODAY
                         NORMAL    RECORD    YEAR
 MAXIMUM TEMPERATURE (F)   37        69      1931
 MINIMUM TEMPERATURE (F)   17       -19      1918


SUNRISE AND SUNSET
JANUARY 28 2015.......SUNRISE   747 AM CST   SUNSET   547 PM CST
JANUARY 29 2015.......SUNRISE   746 AM CST   SUNSET   548 PM CST


-  INDICATES NEGATIVE NUMBERS.
R  INDICATES RECORD WAS SET OR TIED.
MM INDICATES DATA IS MISSING.
T  INDICATES TRACE AMOUNT.




$$

BRYANT
