000
CDUS43 KGID 122330
CLIHSI


CLIMATE REPORT
NATIONAL WEATHER SERVICE HASTINGS NE
529 PM CST TUE DEC 12 2017


...................................

...THE HASTINGS NE CLIMATE SUMMARY FOR DECEMBER 12 2017...
VALID TODAY AS OF 0500 PM LOCAL TIME.

CLIMATE NORMAL PERIOD 1981 TO 2010
CLIMATE RECORD PERIOD 1894 TO 2017


WEATHER ITEM   OBSERVED TIME   RECORD YEAR NORMAL DEPARTURE LAST
                VALUE   (LST)  VALUE       VALUE  FROM      YEAR
                                                  NORMAL
..................................................................
TEMPERATURE (F)
 TODAY
  MAXIMUM         51    420 PM  68    1921  37     14       47
  MINIMUM         21    231 AM -17    1932  19      2        9
  AVERAGE         36                        28      8       28

PRECIPITATION (IN)
  TODAY            0.00          0.93 1991   0.02  -0.02     0.00
  MONTH TO DATE    T                         0.38  -0.38     0.08
  SINCE DEC 1      T                         0.38  -0.38     0.08
  SINCE JAN 1     30.39                     26.88   3.51    20.13

SNOWFALL (IN)
  TODAY            0.0           4.5  1972   0.2   -0.2      0.0
  MONTH TO DATE    0.2                       2.2   -2.0      0.7
  SINCE DEC 1      0.2                       2.2   -2.0      0.7
  SINCE JUL 1      0.4                       6.0   -5.6      0.8
  SNOW DEPTH       0

DEGREE DAYS
 HEATING
  TODAY           29                        37     -8       37
  MONTH TO DATE  345                       424    -79      462
  SINCE DEC 1    345                       424    -79      462
  SINCE JUL 1   1488                      1705   -217     1329

 COOLING
  TODAY            0                         0      0        0
  MONTH TO DATE    0                         0      0        0
  SINCE DEC 1      0                         0      0        0
  SINCE JAN 1   1129                      1077     52     1195
..................................................................


WIND (MPH)
  HIGHEST WIND SPEED    15   HIGHEST WIND DIRECTION     W (260)
  HIGHEST GUST SPEED    20   HIGHEST GUST DIRECTION     W (270)
  AVERAGE WIND SPEED     8.1


SKY COVER
  AVERAGE SKY COVER 0.2


WEATHER CONDITIONS
 THE FOLLOWING WEATHER WAS RECORDED TODAY.
  NO SIGNIFICANT WEATHER WAS OBSERVED.


RELATIVE HUMIDITY (PERCENT)
 HIGHEST    88           300 AM
 LOWEST     24           400 PM
 AVERAGE    56

..........................................................


THE HASTINGS NE CLIMATE NORMALS FOR TOMORROW
                         NORMAL    RECORD    YEAR
 MAXIMUM TEMPERATURE (F)   37        70      1921
 MINIMUM TEMPERATURE (F)   18       -14      1917


SUNRISE AND SUNSET
DECEMBER 12 2017......SUNRISE   748 AM CST   SUNSET   507 PM CST
DECEMBER 13 2017......SUNRISE   749 AM CST   SUNSET   507 PM CST


-  INDICATES NEGATIVE NUMBERS.
R  INDICATES RECORD WAS SET OR TIED.
MM INDICATES DATA IS MISSING.
T  INDICATES TRACE AMOUNT.




$$
