000
CDUS43 KGID 302223
CLIHSI


CLIMATE REPORT
NATIONAL WEATHER SERVICE HASTINGS NE
522 PM CDT SAT JUL 30 2016


...................................

...THE HASTINGS NE CLIMATE SUMMARY FOR JULY 30 2016...
VALID TODAY AS OF 0500 PM LOCAL TIME.

CLIMATE NORMAL PERIOD 1981 TO 2010
CLIMATE RECORD PERIOD 1894 TO 2016


WEATHER ITEM   OBSERVED TIME   RECORD YEAR NORMAL DEPARTURE LAST
                VALUE   (LST)  VALUE       VALUE  FROM      YEAR
                                                  NORMAL
..................................................................
TEMPERATURE (F)
 TODAY
  MAXIMUM         86    356 PM 106    1917  87     -1       88
  MINIMUM         62    846 AM  48    1971  67     -5       58
  AVERAGE         74                        77     -3       73

PRECIPITATION (IN)
  TODAY            0.20          0.75 1915   0.10   0.10     0.00
  MONTH TO DATE    2.22                      3.62  -1.40     4.01
  SINCE JUN 1      2.97                      7.42  -4.45    12.06
  SINCE JAN 1     14.80                     17.24  -2.44    20.78

SNOWFALL (IN)
  TODAY            0.0                       0.0    0.0      0.0
  MONTH TO DATE    0.0                       0.0    0.0      0.0
  SINCE JUN 1      0.0                       0.0    0.0      0.0
  SINCE JUL 1      0.0                       0.0    0.0      0.0
  SNOW DEPTH       0

DEGREE DAYS
 HEATING
  TODAY            0                         0      0        0
  MONTH TO DATE    3                         0      3        4
  SINCE JUN 1      3                        21    -18        7
  SINCE JUL 1      3                         0      3        4

 COOLING
  TODAY            9                        12     -3        8
  MONTH TO DATE  363                       363      0      329
  SINCE JUN 1    714                       588    126      549
  SINCE JAN 1    743                       647     96      580
..................................................................


WIND (MPH)
  HIGHEST WIND SPEED    20   HIGHEST WIND DIRECTION     N (10)
  HIGHEST GUST SPEED    25   HIGHEST GUST DIRECTION     N (360)
  AVERAGE WIND SPEED     8.6


SKY COVER
  AVERAGE SKY COVER 0.4


WEATHER CONDITIONS
 THE FOLLOWING WEATHER WAS RECORDED TODAY.
  THUNDERSTORM
  HEAVY RAIN
  RAIN
  LIGHT RAIN
  FOG


RELATIVE HUMIDITY (PERCENT)
 HIGHEST   100           900 AM
 LOWEST     55           300 PM
 AVERAGE    78

..........................................................


THE HASTINGS NE CLIMATE NORMALS FOR TOMORROW
                         NORMAL    RECORD    YEAR
 MAXIMUM TEMPERATURE (F)   87       105      1935
                                             1934
 MINIMUM TEMPERATURE (F)   66        53      2009
                                             1992
                                             1971


SUNRISE AND SUNSET
JULY 30 2016..........SUNRISE   629 AM CDT   SUNSET   850 PM CDT
JULY 31 2016..........SUNRISE   630 AM CDT   SUNSET   849 PM CDT


-  INDICATES NEGATIVE NUMBERS.
R  INDICATES RECORD WAS SET OR TIED.
MM INDICATES DATA IS MISSING.
T  INDICATES TRACE AMOUNT.




$$
